{"id":22,"date":"2014-09-18T12:19:57","date_gmt":"2014-09-18T12:19:57","guid":{"rendered":"http:\/\/agora.xtec.cat\/ceipalbirka\/?page_id=22"},"modified":"2015-05-26T20:45:46","modified_gmt":"2015-05-26T19:45:46","slug":"lescola","status":"publish","type":"page","link":"https:\/\/agora.xtec.cat\/ceipalbirka\/lescola\/","title":{"rendered":"L&#8217;Escola"},"content":{"rendered":"<p class=\"paragraph_style_3\"><span class=\"style\">Benvolguts i benvolgudes<\/span><span class=\"style_1\">,<br \/>\n<\/span><\/p>\n<p class=\"paragraph_style_4\">Us donem la benvinguda a la nostra escola. Volem acostar-vos a \u00a0les nostres\u00a0aules, a l&#8217;alumnat; la nostra realitat del dia a dia: les activitats, festes, sortides, projectes &#8230;<\/p>\n<p class=\"paragraph_style_5\">Ens defineim\u00a0com una escola p\u00fablica, catalana, integradora, activa\u00a0i oberta a l&#8217;entorn i que vetlla pel desenvolupament integral de l&#8217;alumnat.<\/p>\n<p class=\"paragraph_style_5\">El nostre funcionament es basa en la participaci\u00f3 activa de tots els elements que formen la nostra comunitat educativa:\u00a0l&#8217;alumnat, el professorat, les fam\u00edlies i altres professionals.<\/p>\n<p class=\"paragraph_style_6\">Per tot aix\u00f2 declarem que som:<\/p>\n<ul>\n<li class=\"paragraph_style_5\"><em><strong><span class=\"style_2\">Escola p\u00fablica<\/span><\/strong><\/em>, on tots els nens i nenes hi poden trobar un espai de suport per al seu creixement personal.<\/li>\n<li class=\"paragraph_style_6\"><em><strong><span class=\"style_2\">Escola catalana<\/span><\/strong><\/em>\u00a0i com a tal fem els aprenentatges en catal\u00e0 i la llengua vehicular de l&#8217;escola \u00e9s el catal\u00e0.<\/li>\n<li class=\"paragraph_style_6\"><em><strong><span class=\"style_2\">Escola integradora<\/span><\/strong><\/em>, on \u00e9s acceptat cada nen sense discriminacions de cap tipus, potenciant les seves qualitats i intervenint positivament per evitar possibles actituds de marginaci\u00f3.<\/li>\n<li class=\"paragraph_style_5\"><em><strong><span class=\"style_2\">Escola participativa<\/span><\/strong><\/em>\u00a0que suma i reconeix els esfor\u00e7os de totsi totes perqu\u00e8 creiem imprescindible l&#8217;aportaci\u00f3 de tothom per fer la feina ben feta.<\/li>\n<li class=\"paragraph_style_5\"><strong><em><span class=\"style_2\">Escola que apr\u00e8n<\/span><\/em><\/strong>, que reflexiona sobre la pr\u00e0ctica di\u00e0ria i que es q\u00fcestiona el m\u00f3n on vivim i aposta dia a dia, per la seva millora.<\/li>\n<\/ul>\n","protected":false},"excerpt":{"rendered":"<p>Benvolguts i benvolgudes,<\/p>\n<p>Us donem la benvinguda a la nostra escola. Volem acostar-vos a \u00a0les nostres\u00a0aules, a l&#8217;alumnat; la nostra realitat del dia a dia: les activitats, festes, sortides, projectes &#8230;<br \/>\nEns defineim\u00a0com una escola p\u00fablica, catalana, integradora, activa\u00a0i oberta a l&#8217;entorn i que vetlla pel desenvolupament&hellip;  <a href=\"https:\/\/agora.xtec.cat\/ceipalbirka\/lescola\/\" title=\"Read L&#8217;Escola\">Llegeix m\u00e9s\u00bb<\/a><\/p>\n","protected":false},"author":2,"featured_media":0,"parent":0,"menu_order":0,"comment_status":"closed","ping_status":"closed","template":"page-templates\/side-menu.php","meta":{"_bbp_topic_count":0,"_bbp_reply_count":0,"_bbp_total_topic_count":0,"_bbp_total_reply_count":0,"_bbp_voice_count":0,"_bbp_anonymous_reply_count":0,"_bbp_topic_count_hidden":0,"_bbp_reply_count_hidden":0,"_bbp_forum_subforum_count":0,"footnotes":""},"class_list":["post-22","page","type-page","status-publish","hentry"],"post_mailing_queue_ids":[],"_links":{"self":[{"href":"https:\/\/agora.xtec.cat\/ceipalbirka\/wp-json\/wp\/v2\/pages\/22","targetHints":{"allow":["GET"]}}],"collection":[{"href":"https:\/\/agora.xtec.cat\/ceipalbirka\/wp-json\/wp\/v2\/pages"}],"about":[{"href":"https:\/\/agora.xtec.cat\/ceipalbirka\/wp-json\/wp\/v2\/types\/page"}],"author":[{"embeddable":true,"href":"https:\/\/agora.xtec.cat\/ceipalbirka\/wp-json\/wp\/v2\/users\/2"}],"replies":[{"embeddable":true,"href":"https:\/\/agora.xtec.cat\/ceipalbirka\/wp-json\/wp\/v2\/comments?post=22"}],"version-history":[{"count":3,"href":"https:\/\/agora.xtec.cat\/ceipalbirka\/wp-json\/wp\/v2\/pages\/22\/revisions"}],"predecessor-version":[{"id":202,"href":"https:\/\/agora.xtec.cat\/ceipalbirka\/wp-json\/wp\/v2\/pages\/22\/revisions\/202"}],"wp:attachment":[{"href":"https:\/\/agora.xtec.cat\/ceipalbirka\/wp-json\/wp\/v2\/media?parent=22"}],"curies":[{"name":"wp","href":"https:\/\/api.w.org\/{rel}","templated":true}]}}

<p class="paragraph_style_3"><span class="style">Benvolguts i benvolgudes</span><span class="style_1">,<br />
</span></p>
<p class="paragraph_style_4">Us donem la benvinguda a la nostra escola. Volem acostar-vos a  les nostres aules, a l&#8217;alumnat; la nostra realitat del dia a dia: les activitats, festes, sortides, projectes &#8230;</p>
<p class="paragraph_style_5">Ens defineim com una escola pública, catalana, integradora, activa i oberta a l&#8217;entorn i que vetlla pel desenvolupament integral de l&#8217;alumnat.</p>
<p class="paragraph_style_5">El nostre funcionament es basa en la participació activa de tots els elements que formen la nostra comunitat educativa: l&#8217;alumnat, el professorat, les famílies i altres professionals.</p>
<p class="paragraph_style_6">Per tot això declarem que som:</p>
<ul>
<li class="paragraph_style_5"><em><strong><span class="style_2">Escola pública</span></strong></em>, on tots els nens i nenes hi poden trobar un espai de suport per al seu creixement personal.</li>
<li class="paragraph_style_6"><em><strong><span class="style_2">Escola catalana</span></strong></em> i com a tal fem els aprenentatges en català i la llengua vehicular de l&#8217;escola és el català.</li>
<li class="paragraph_style_6"><em><strong><span class="style_2">Escola integradora</span></strong></em>, on és acceptat cada nen sense discriminacions de cap tipus, potenciant les seves qualitats i intervenint positivament per evitar possibles actituds de marginació.</li>
<li class="paragraph_style_5"><em><strong><span class="style_2">Escola participativa</span></strong></em> que suma i reconeix els esforços de totsi totes perquè creiem imprescindible l&#8217;aportació de tothom per fer la feina ben feta.</li>
<li class="paragraph_style_5"><strong><em><span class="style_2">Escola que aprèn</span></em></strong>, que reflexiona sobre la pràctica diària i que es qüestiona el món on vivim i aposta dia a dia, per la seva millora.</li>
</ul>

<p>Benvolguts i benvolgudes,</p>
<p>Us donem la benvinguda a la nostra escola. Volem acostar-vos a  les nostres aules, a l&#8217;alumnat; la nostra realitat del dia a dia: les activitats, festes, sortides, projectes &#8230;<br />
Ens defineim com una escola pública, catalana, integradora, activa i oberta a l&#8217;entorn i que vetlla pel desenvolupament&hellip;  <a href="https://agora.xtec.cat/ceipalbirka/lescola/" title="Read L&#8217;Escola">Llegeix més»</a></p>
