{"id":2829,"date":"2015-12-29T17:36:49","date_gmt":"2015-12-29T16:36:49","guid":{"rendered":"http:\/\/agora.xtec.cat\/ceipalba\/?page_id=2829"},"modified":"2016-01-07T09:52:27","modified_gmt":"2016-01-07T08:52:27","slug":"escamot-per-lescola-publica","status":"publish","type":"page","link":"https:\/\/agora.xtec.cat\/ceipalba\/serveis\/fem-comunitat\/escamot-per-lescola-publica\/","title":{"rendered":"Escamot per l&#8217;escola p\u00fablica"},"content":{"rendered":"<p><img loading=\"lazy\" decoding=\"async\" class=\"alignleft size-full wp-image-2903\" src=\"http:\/\/agora.xtec.cat\/ceipalba\/wp-content\/uploads\/usu598\/2015\/12\/escamot.jpg\" alt=\"escamot\" width=\"192\" height=\"192\" srcset=\"https:\/\/agora.xtec.cat\/ceipalba\/wp-content\/uploads\/usu598\/2015\/12\/escamot.jpg 192w, https:\/\/agora.xtec.cat\/ceipalba\/wp-content\/uploads\/usu598\/2015\/12\/escamot-150x150.jpg 150w\" sizes=\"auto, (max-width: 192px) 100vw, 192px\" \/>Des del convenciment que l&#8217;escola \u00e9s molt m\u00e9s que un lloc on els nostres fills i filles van a aprendre a ser lliures i de la necessitat d&#8217;un espai de trobada i de reflexi\u00f3, amb la defensa de l&#8217;escola catalana, p\u00fablica, gratu\u00efta i de qualitat com a eix principal sorgeix l&#8217;escamot.<\/p>\n<p>Som un grup de mares, pares i mestres que des de fa dos cursos organitzem diferents actes on poder reflexionar i parlar de l&#8217;escola i de l&#8217;educaci\u00f3 que ens agradaria, a la vegada que busquem espais de trobada. Aix\u00ed aquests anys hem organitzat xerrades amb en Ramon Usall, en Josep Maria Busqueta, en Daniel Gabarr\u00f3 o l&#8217;acampada a l&#8217;escola: una jornada de conviv\u00e8ncia de petits i grans en la que es fa un sopar comunitari, observaci\u00f3 d&#8217;estels, jocs de nit i, sobretot, es fa comunitat educativa.<\/p>\n<p><img loading=\"lazy\" decoding=\"async\" class=\" size-full wp-image-2904 alignright\" src=\"http:\/\/agora.xtec.cat\/ceipalba\/wp-content\/uploads\/usu598\/2015\/12\/pancarta.jpg\" alt=\"pancarta\" width=\"259\" height=\"194\" srcset=\"https:\/\/agora.xtec.cat\/ceipalba\/wp-content\/uploads\/usu598\/2015\/12\/pancarta.jpg 259w, https:\/\/agora.xtec.cat\/ceipalba\/wp-content\/uploads\/usu598\/2015\/12\/pancarta-200x150.jpg 200w\" sizes=\"auto, (max-width: 259px) 100vw, 259px\" \/>Aix\u00ed mateix, l&#8217;escamot mant\u00e9 contacte i participa en les mobilitzacions de diferents col\u00b7lectius i plataformes de Lleida que lluiten per aconseguir una societat socialment m\u00e9s justa i lliure.<\/p>\n<p>Us animem a participar i a treballar per la defensa d&#8217;un model d&#8217;escola catalana que ha demostrat que \u00e9s un model d&#8217;\u00e8xit.<\/p>\n<p>&nbsp;<\/p>\n<p><span style=\"color: #ff6600;\"><strong>Fem comunitat<\/strong><\/span><\/p>\n<ul>\n<li><a href=\"http:\/\/agora.xtec.cat\/ceipalba\/serveis\/fem-comunitat\/xerrades-i-conferencies\/\">Xerrades i confer\u00e8ncies<\/a><\/li>\n<li><a href=\"http:\/\/agora.xtec.cat\/ceipalba\/serveis\/fem-comunitat\/bicicletada\/\">Bicicletada<\/a><\/li>\n<li><a href=\"http:\/\/agora.xtec.cat\/ceipalba\/serveis\/fem-comunitat\/acampada\/\">Acampada a l&#8217;escola<\/a><\/li>\n<li><a href=\"http:\/\/agora.xtec.cat\/ceipalba\/serveis\/fem-comunitat\/fira-de-lalba\/\">Fira de l&#8217;Alba<\/a><\/li>\n<li><a href=\"http:\/\/agora.xtec.cat\/ceipalba\/serveis\/fem-comunitat\/escamot-per-lescola-publica\/\">Escamot per l&#8217;escola p\u00fablica<\/a><\/li>\n<li><a href=\"http:\/\/agora.xtec.cat\/ceipalba\/serveis\/fem-comunitat\/compra-de-xandall-i-bata\/\">Compra de xandall i bata<\/a><\/li>\n<li><a href=\"http:\/\/agora.xtec.cat\/ceipalba\/serveis\/fem-comunitat\/socialitzacio-de-llibres-i-material\/\">Socialitzaci\u00f3 de llibres i material<\/a><\/li>\n<\/ul>\n","protected":false},"excerpt":{"rendered":"<p>Des del convenciment que l&#8217;escola \u00e9s molt m\u00e9s que un lloc on els nostres fills i filles van a aprendre a ser lliures i de la necessitat d&#8217;un espai de trobada i de reflexi\u00f3, amb la defensa de l&#8217;escola catalana, p\u00fablica, gratu\u00efta i de qualitat&hellip;  <a href=\"https:\/\/agora.xtec.cat\/ceipalba\/serveis\/fem-comunitat\/escamot-per-lescola-publica\/\" title=\"Read Escamot per l&#8217;escola p\u00fablica\">Llegeix m\u00e9s\u00bb<\/a><\/p>\n","protected":false},"author":3,"featured_media":0,"parent":2818,"menu_order":4,"comment_status":"closed","ping_status":"closed","template":"page-templates\/side-menu.php","meta":{"_bbp_topic_count":0,"_bbp_reply_count":0,"_bbp_total_topic_count":0,"_bbp_total_reply_count":0,"_bbp_voice_count":0,"_bbp_anonymous_reply_count":0,"_bbp_topic_count_hidden":0,"_bbp_reply_count_hidden":0,"_bbp_forum_subforum_count":0,"footnotes":""},"class_list":["post-2829","page","type-page","status-publish","hentry"],"post_mailing_queue_ids":[],"_links":{"self":[{"href":"https:\/\/agora.xtec.cat\/ceipalba\/wp-json\/wp\/v2\/pages\/2829","targetHints":{"allow":["GET"]}}],"collection":[{"href":"https:\/\/agora.xtec.cat\/ceipalba\/wp-json\/wp\/v2\/pages"}],"about":[{"href":"https:\/\/agora.xtec.cat\/ceipalba\/wp-json\/wp\/v2\/types\/page"}],"author":[{"embeddable":true,"href":"https:\/\/agora.xtec.cat\/ceipalba\/wp-json\/wp\/v2\/users\/3"}],"replies":[{"embeddable":true,"href":"https:\/\/agora.xtec.cat\/ceipalba\/wp-json\/wp\/v2\/comments?post=2829"}],"version-history":[{"count":3,"href":"https:\/\/agora.xtec.cat\/ceipalba\/wp-json\/wp\/v2\/pages\/2829\/revisions"}],"predecessor-version":[{"id":2974,"href":"https:\/\/agora.xtec.cat\/ceipalba\/wp-json\/wp\/v2\/pages\/2829\/revisions\/2974"}],"up":[{"embeddable":true,"href":"https:\/\/agora.xtec.cat\/ceipalba\/wp-json\/wp\/v2\/pages\/2818"}],"wp:attachment":[{"href":"https:\/\/agora.xtec.cat\/ceipalba\/wp-json\/wp\/v2\/media?parent=2829"}],"curies":[{"name":"wp","href":"https:\/\/api.w.org\/{rel}","templated":true}]}}