{"id":2408,"date":"2015-11-11T15:53:46","date_gmt":"2015-11-11T14:53:46","guid":{"rendered":"http:\/\/agora.xtec.cat\/ceipalba\/?page_id=2408"},"modified":"2016-02-16T09:54:40","modified_gmt":"2016-02-16T08:54:40","slug":"projecte-oliva","status":"publish","type":"page","link":"https:\/\/agora.xtec.cat\/ceipalba\/projectes\/projecte-oliva\/","title":{"rendered":"Projecte EI3-6\u00e8"},"content":{"rendered":"<h1><span style=\"color: #008000;\">Curs 2015-16 &#8220;Projecte \u00d2liba&#8221;<\/span><\/h1>\n<p style=\"text-align: justify; aquesta setmana vam fer una activitat sorpresa amb els nostres fillols de ei3: va manar a jugar amb diferents materials de reciclatge que ens van fer portar de casa: cartr\u00f3, paer de wc, diaris, tubs de cartr\u00f3, oueres\u2026. Ens ho vam passar molt b\u00e9 compartint aquesta estona de joc. Hi havia nens que jugaven amb  amb tot tipus de formes, alguns s\u2019embolicaven amb els rotlles de paper, altres feien cabanes o emplenaven de paper els tubs. Despr\u00e9s ho vam recollir separant el paper del cartr\u00f3 i deixant les sales ben ordenades. Ja era l\u2019hora d\u2019esmorzar, vam agafar les motxilles i bon profit! Finalment vam sortir al pati . Ens ho vam passar molt b\u00e9. Va der un dia genial!.  N\u00faria Capell i Albert Ju\u00e1rez 6\u00e8.;\"><a href=\"http:\/\/agora.xtec.cat\/ceipalba\/wp-content\/uploads\/usu598\/2014\/03\/p-oliveta.jpg\"><img loading=\"lazy\" decoding=\"async\" class=\" size-full wp-image-2351 aligncenter\" src=\"http:\/\/agora.xtec.cat\/ceipalba\/wp-content\/uploads\/usu598\/2014\/03\/p-oliveta.jpg\" alt=\"p-oliveta\" width=\"290\" height=\"191\" \/><\/a><\/p>\n<h2><span style=\"color: #ff0000;\">INICI DEL PROJECTE<br \/>\n<\/span><\/h2>\n<p style=\"text-align: justify; aquesta setmana vam fer una activitat sorpresa amb els nostres fillols de ei3: va manar a jugar amb diferents materials de reciclatge que ens van fer portar de casa: cartr\u00f3, paer de wc, diaris, tubs de cartr\u00f3, oueres\u2026. Ens ho vam passar molt b\u00e9 compartint aquesta estona de joc. Hi havia nens que jugaven amb  amb tot tipus de formes, alguns s\u2019embolicaven amb els rotlles de paper, altres feien cabanes o emplenaven de paper els tubs. Despr\u00e9s ho vam recollir separant el paper del cartr\u00f3 i deixant les sales ben ordenades. Ja era l\u2019hora d\u2019esmorzar, vam agafar les motxilles i bon profit! Finalment vam sortir al pati . Ens ho vam passar molt b\u00e9. Va der un dia genial!.  N\u00faria Capell i Albert Ju\u00e1rez 6\u00e8.;\">Ja fa dos anys que a l&#8217;escola els nens de 6\u00e8 compartim un projecte amb els alumnes de EI3, els cavalls i les vaques.<\/p>\n<p style=\"text-align: justify;\">El passat 23 d&#8217;octubre, vam iniciar aquest projecte amb l&#8217;apadrinament, que consisteix en que cada nen o nena de 6\u00e8 apadrina un nen\/a de EI3.\u00a0 Durant la setmana cadasc\u00fa de nosaltres va preparar un dibuix per al nostre fillol\/a. Divendres a la tarda ens vam trobar i cada vaca o cavall va agafar un dibuix a l&#8217;atzar i l&#8217;autor seria el seu padr\u00ed o padrina.<\/p>\n<p style=\"text-align: justify;\">Despr\u00e9s de con\u00e8ixer els nostres fillols, i per tal de poder-nos con\u00e8ixer una mica millor, vam anar a jugar al pati dels petits. Alguns nens ploraven perqu\u00e8 tenien por i no ens coneixien, d&#8217;altres corrien molt i tota l&#8217;estona els hav\u00edem d&#8217;anar al darrera&#8230; per\u00f2 malgrat tot, ens ho vam passar molt b\u00e9.<\/p>\n<p style=\"text-align: justify;\">Per nosaltres \u00e9s un projecte molt interessant i ens sembla que ens ho passarem molt b\u00e9, gaudint de les activitats perqu\u00e8 sempre \u00e9s divertit compartir amb els m\u00e9s petits de l&#8217;escola i aix\u00ed poder aprendre junts.<\/p>\n<p style=\"text-align: justify;\">Jana Font i Mar Badia, alumnes de 6\u00e8<\/p>\n<h2><span style=\"color: #ff0000;\">FEM PAPER RECICLAT<\/span><\/h2>\n<p>Un cubell o recipient gran<\/p>\n<p>Una reixeta fina<\/p>\n<p>Un fil llarg<\/p>\n<p>Una batedora<\/p>\n<p>PASSOS :<\/p>\n<p>1.- Tallem els diferents tipus de paper a trossos petits.<\/p>\n<p><span id=\"result_box\" class=\"\" lang=\"ca\" tabindex=\"-1\"><span title=\"2. Ponemos el papel en el recipiente grande y echamos el doble de agua caliente respecto a la cantidad que haya de papel.&lt;\/p&gt; &lt;p&gt;\">2.- Posem el paper en el recipient gran i tirem el doble d&#8217;aigua calenta respecte a la quantitat que hi hagi de paper.<\/span><\/span><\/p>\n<p><span title=\"3. El siguiente paso para conseguir papel reciclado artesanal es pasar la batidora hasta conseguir una pasta espesa, que dejaremos reposar unas horas.&lt;\/p&gt; &lt;p&gt;\">3.- El seg\u00fcent pas \u00e9s passar la batedora fins aconseguir una pasta espessa, que deixarem reposar unes hores.<br \/>\n<\/span><\/p>\n<p><span id=\"result_box\" class=\"\" lang=\"ca\" tabindex=\"-1\"><span title=\"6. A continuaci\u00f3n, ponemos una tela por encima de la pasta de papel y le damos la vuelta a la rejilla.\">4.- A continuaci\u00f3, <\/span><span title=\"Cuando tenemos el papel sobre la tela, y cubrimos toda la pasta de papel con tela y dejamos secar.&lt;\/p&gt; &lt;p&gt;\">submergim el marc de\u00a0 fusta amb la tela de mosquitera, en el recipient de manera que es filtri l&#8217;aigua.<\/span><\/span><\/p>\n<p><span id=\"result_box\" class=\"\" lang=\"ca\" tabindex=\"-1\"><span title=\"7. Podemos poner, despu\u00e9s del paso anterior, si queremos, unos p\u00e9talos entre dos finas capas de papel, para tener un papel reciclado casero decorado.&lt;\/p&gt; &lt;p&gt;\">5.- Despr\u00e9s,\u00a0 per tindre un millor acabat, eliminem l&#8217;exc\u00e9s d&#8217;aigua amb una premsa.<\/span><\/span><\/p>\n<p><span title=\"8. Dejamos secar durante horas y, cuanto est\u00e9 totalmente seco, lo retiramos de la tela con cuidado y lo dejamos sobre una superficie plana.\">6.- Ho deixem assecar durant unes hores, quan estigui totalment sec, el retirem del fil amb compte i el deixem en una superf\u00edcie plana. <\/span><span title=\"Es conveniente ponerle algo de peso encima para evitar ondulaciones en el papel reciclado.&lt;\/p&gt; &lt;p&gt;\">\u00c9s convenient posar-li una mica de pes a sobre per a evitar ondulacions en el paper reciclat.<\/span><span id=\"result_box\" class=\"\" lang=\"ca\" tabindex=\"-1\"><\/span><span id=\"result_box\" class=\"\" lang=\"ca\" tabindex=\"-1\"><\/span><span id=\"result_box\" class=\"\" lang=\"ca\" tabindex=\"-1\"><\/span><\/p>\n<p><span id=\"result_box\" class=\"\" lang=\"ca\" tabindex=\"-1\"><span title=\"Hacer manualidades en casa es reconfortante y ayuda a relajarnos.\">El paper reciclat va quedar molt b\u00e9 i vam aprofitar les l\u00e0mines per fer una felicitaci\u00f3 de Nadal amb els nostres fillols.<\/span><\/span><\/p>\n<p>Un cubell o recipient gran<\/p>\n<p>Una reixeta fina<\/p>\n<p>Un fil llarg<\/p>\n<p>Una batedora<\/p>\n<p>PASSES :<\/p>\n<p>1.- Tallem els diferents tipus de paper a trossos petits.<\/p>\n<p>2.- Posem el paper en el recipient gran i tirem el doble d&#8217;aigua calenta respecte a la quantitat que hi hagi de paper.<\/p>\n<p>3.- El seg\u00fcent pas \u00e9s passar la batedora fins aconseguir una pasta espessa, que deixarem reposar unes hores.<\/p>\n<p>4.- A continuaci\u00f3, submergim el marc de fusta amb la tela de mosquitera, en el recipient de manera que es filtri l&#8217;aigua.<\/p>\n<p>5.- Despr\u00e9s, per tindre un millor acabat, eliminem l&#8217;exc\u00e9s d&#8217;aigua amb una premsa.<\/p>\n<p>6.- Ho deixem assecar durant unes hores, quan estigui totalment sec, el retirem del fil amb compte i el deixem en una superf\u00edcie plana. \u00c9s convenient posar-li una mica de pes a sobre per a evitar ondulacions en el paper reciclat.<\/p>\n<p>El paper reciclat va quedar molt b\u00e9 i vam aprofitar les l\u00e0mines per fer una felicitaci\u00f3 de Nadal amb els nostres fillols.<\/p>\n<p>&nbsp;<\/p>\n<p>Maria Masi\u00e0 i Blau Mir\u00f3<\/p>\n<p>&nbsp;<\/p>\n<h1><span style=\"color: #008000;\">Curs 2013-14 &#8220;Projecte \u00d2liba&#8221;<\/span><\/h1>\n<h6>Durant aquests dies, els i les alumnes de 6\u00e8 i els m\u00e9s petits de l&#8217;escola, els nens i nenes de P3, estem portant a terme un projecte compartit que consisteix en la cria, alimentaci\u00f3 i posterior alliberament d&#8217;\u00f2libes (TYto Alba) a l&#8217;espai natural.<\/h6>\n<p>Aquesta t\u00e8cnica d&#8217;alliberament assistit d&#8217;animals s&#8217;anomena hacking i t\u00e9 per objectiu que, les \u00f2libes un cop siguin prou grans per emprendre el vol, abandonin el niu, i amb una mica de sort, s&#8217;estableixin a l&#8217;entorn de l&#8217;escola Abans que res, calia documentar-se i els alumnes d&#8217;EI3 ens van facilitar molt la feina. Cada nen i amb l&#8217;ajut dels seus pares, va portar informaci\u00f3 diversa d&#8217;aquests animals: revistes, contes, fotografies, informaci\u00f3 de diferents webs&#8230;.fins i tot com pod\u00edem construir un niu!! <!-- Place this tag in your head or just before your close body tag. --><script src=\"https:\/\/apis.google.com\/js\/plusone.js\" type=\"text\/javascript\"><\/script><!-- Place this tag where you want the widget to render. --><\/p>\n<div class=\"g-post\" data-href=\"https:\/\/plus.google.com\/113419442364341189327\/posts\/eHTpYbn9NfN\"><\/div>\n<p>Un cop recollides les preguntes, vam seleccionar la informaci\u00f3 i vam elaborar presentacions multim\u00e8dia per tal d&#8217;explicar als nens i nens d&#8217;EI3 on viuen, qu\u00e8 mengen, com s\u00f3n i com es fa un niu. Aquest n&#8217;\u00e9s algun exemple. <iframe loading=\"lazy\" src=\"http:\/\/prezi.com\/embed\/8rvxj3fb8wwp\/?bgcolor=ffffff&amp;lock_to_path=0&amp;autoplay=0&amp;autohide_ctrls=0&amp;features=undefined&amp;disabled_features=undefined\" width=\"550\" height=\"400\" frameborder=\"0\" allowfullscreen=\"allowfullscreen\"><\/iframe><\/p>\n<p>Tamb\u00e9 calia construir un niu, i com que els nostres pares estan sempre disposats a ajudar, el pare del Mart\u00ed Cayuela ens va facilitar molt aquesta tasca. Dit i fet, el Mart\u00ed va portar totes les fustes tallades a mida. Nosaltres nom\u00e9s vam haver de fer el muntatge amb l&#8217;ajuda de l&#8217;Oriol. Una altra idea, que va sorgir va ser posar una Webcam dins el niu, per tal de poder-ne fer un seguiment directe. Gr\u00e0cies a la col\u00b7laboraci\u00f3 d&#8217;un grup d&#8217;alumnes, entre ells l&#8217;Isaac Torres que ha deixat en pr\u00e9stec aquest aparell al centre, hem pogut configurar una xarxa interna del centre per tal de poder veure les \u00f2libes des de qualsevol ordinador. Despr\u00e9s d&#8217;aprendre moltes coses, cadasc\u00fa de nosaltres va apadrinar un nen o nena de la classe de les tortugues i cargols. Aprofitant el moment, vam anar a jugar plegats al pati d&#8217;educaci\u00f3 infantil&#8230;quins records. Finalment, el passat dilluns 24 de mar\u00e7, van arribar \u00f2libes. Un cop al dia les alimentem amb 12 pollets. <!-- Place this tag in your head or just before your close body tag. --><script src=\"https:\/\/apis.google.com\/js\/plusone.js\" type=\"text\/javascript\"><\/script><\/p>\n<p><!-- Place this tag where you want the widget to render. --><\/p>\n","protected":false},"excerpt":{"rendered":"<p>Curs 2015-16 &#8220;Projecte \u00d2liba&#8221;<br \/>\n<a href=\"http:\/\/agora.xtec.cat\/ceipalba\/wp-content\/uploads\/usu598\/2014\/03\/p-oliveta.jpg\"><\/a><br \/>\nINICI DEL PROJECTE<\/p>\n<p>Ja fa dos anys que a l&#8217;escola els nens de 6\u00e8 compartim un projecte amb els alumnes de EI3, els cavalls i les vaques.<br \/>\nEl passat 23 d&#8217;octubre, vam iniciar aquest projecte amb l&#8217;apadrinament, que consisteix en que cada nen&hellip;  <a href=\"https:\/\/agora.xtec.cat\/ceipalba\/projectes\/projecte-oliva\/\" title=\"Read Projecte EI3-6\u00e8\">Llegeix m\u00e9s\u00bb<\/a><\/p>\n","protected":false},"author":3,"featured_media":0,"parent":270,"menu_order":0,"comment_status":"closed","ping_status":"closed","template":"page-templates\/side-menu.php","meta":{"_bbp_topic_count":0,"_bbp_reply_count":0,"_bbp_total_topic_count":0,"_bbp_total_reply_count":0,"_bbp_voice_count":0,"_bbp_anonymous_reply_count":0,"_bbp_topic_count_hidden":0,"_bbp_reply_count_hidden":0,"_bbp_forum_subforum_count":0,"footnotes":""},"class_list":["post-2408","page","type-page","status-publish","hentry"],"post_mailing_queue_ids":[],"_links":{"self":[{"href":"https:\/\/agora.xtec.cat\/ceipalba\/wp-json\/wp\/v2\/pages\/2408","targetHints":{"allow":["GET"]}}],"collection":[{"href":"https:\/\/agora.xtec.cat\/ceipalba\/wp-json\/wp\/v2\/pages"}],"about":[{"href":"https:\/\/agora.xtec.cat\/ceipalba\/wp-json\/wp\/v2\/types\/page"}],"author":[{"embeddable":true,"href":"https:\/\/agora.xtec.cat\/ceipalba\/wp-json\/wp\/v2\/users\/3"}],"replies":[{"embeddable":true,"href":"https:\/\/agora.xtec.cat\/ceipalba\/wp-json\/wp\/v2\/comments?post=2408"}],"version-history":[{"count":3,"href":"https:\/\/agora.xtec.cat\/ceipalba\/wp-json\/wp\/v2\/pages\/2408\/revisions"}],"predecessor-version":[{"id":3353,"href":"https:\/\/agora.xtec.cat\/ceipalba\/wp-json\/wp\/v2\/pages\/2408\/revisions\/3353"}],"up":[{"embeddable":true,"href":"https:\/\/agora.xtec.cat\/ceipalba\/wp-json\/wp\/v2\/pages\/270"}],"wp:attachment":[{"href":"https:\/\/agora.xtec.cat\/ceipalba\/wp-json\/wp\/v2\/media?parent=2408"}],"curies":[{"name":"wp","href":"https:\/\/api.w.org\/{rel}","templated":true}]}}