{"id":8043,"date":"2026-03-05T11:58:32","date_gmt":"2026-03-05T10:58:32","guid":{"rendered":"https:\/\/agora.xtec.cat\/ceipacastells\/?page_id=8043"},"modified":"2026-03-05T11:58:32","modified_gmt":"2026-03-05T10:58:32","slug":"preguntes-frequents-sobre-el-proces-de-preinscripcio-i-matricula","status":"publish","type":"page","link":"https:\/\/agora.xtec.cat\/ceipacastells\/preguntes-frequents-sobre-el-proces-de-preinscripcio-i-matricula\/","title":{"rendered":"PREGUNTES FREQ\u00dcENTS (sobre el proc\u00e9s de preinscripci\u00f3 i matr\u00edcula):"},"content":{"rendered":"<div>\n<p><strong>1.- Quan \u00e9s el per\u00edode de preinscripci\u00f3 del curs 26-27?<\/strong><\/p>\n<p>. INFANTIL I PRIM\u00c0RIA: del 4 al 18 de mar\u00e7.<\/p>\n<p>. SECUND\u00c0RIA: del 6 al 18 de mar\u00e7.<\/p>\n<p><strong>2.- Com es podr\u00e0 fer la preinscripci\u00f3?\u00a0<\/strong><\/p>\n<p>La preinscripci\u00f3 es far\u00e0 de forma telem\u00e0tica.<\/p>\n<p>.\u00a0<a href=\"https:\/\/preinscripcio.gencat.cat\/ca\/estudis\/infantil-3-6\/inici\/\" target=\"_blank\" rel=\"noopener\" data-saferedirecturl=\"https:\/\/www.google.com\/url?q=https:\/\/preinscripcio.gencat.cat\/ca\/estudis\/infantil-3-6\/inici\/&amp;source=gmail&amp;ust=1772792741658000&amp;usg=AOvVaw2NrCsvxCzvmfWYjpGiEa17\">Enlla\u00e7 preinscripci\u00f3 Educaci\u00f3 Infantil (3-6 anys).<\/a><\/p>\n<p>.\u00a0<a href=\"https:\/\/preinscripcio.gencat.cat\/ca\/estudis\/primaria\/inici\/\" target=\"_blank\" rel=\"noopener\" data-saferedirecturl=\"https:\/\/www.google.com\/url?q=https:\/\/preinscripcio.gencat.cat\/ca\/estudis\/primaria\/inici\/&amp;source=gmail&amp;ust=1772792741658000&amp;usg=AOvVaw1BXbxQadMFQJZh-UNGFDlx\">Enlla\u00e7 preinscripci\u00f3 Educaci\u00f3 Prim\u00e0ria (6-12 anys).<\/a><\/p>\n<p><strong>3.- Quina documentaci\u00f3 cal aportar?\u00a0<\/strong><\/p>\n<p>La documentaci\u00f3 que caldr\u00e0 aportar ser\u00e0 la seg\u00fcent:<\/p>\n<p>.\u00a0<a href=\"https:\/\/preinscripcio.gencat.cat\/ca\/estudis\/infantil-3-6\/informat\/prepara-documentacio\/\" target=\"_blank\" rel=\"noopener\" data-saferedirecturl=\"https:\/\/www.google.com\/url?q=https:\/\/preinscripcio.gencat.cat\/ca\/estudis\/infantil-3-6\/informat\/prepara-documentacio\/&amp;source=gmail&amp;ust=1772792741658000&amp;usg=AOvVaw2VJTHutShAF8ZvjImfmrol\">Educaci\u00f3 Infantil (3-6 anys).<\/a><\/p>\n<p><a href=\"https:\/\/preinscripcio.gencat.cat\/ca\/estudis\/primaria\/informat\/prepara-documentacio\/\" target=\"_blank\" rel=\"noopener\" data-saferedirecturl=\"https:\/\/www.google.com\/url?q=https:\/\/preinscripcio.gencat.cat\/ca\/estudis\/primaria\/informat\/prepara-documentacio\/&amp;source=gmail&amp;ust=1772792741658000&amp;usg=AOvVaw1YJCLBp2iryA8VhbVdDcY6\">. Educaci\u00f3 Prim\u00e0ria (6-12 anys).<\/a><\/p>\n<p><strong>4.- Com faig la sol\u00b7licitud?\u00a0<\/strong><\/p>\n<p>Cal accedir al FORMULARI DE SOL\u00b7LICITUD ON LINE. La documentaci\u00f3 s\u2019haur\u00e0 de digitalitzar per tal d\u2019incloure-la a la sol\u00b7licitud.<\/p>\n<p><a href=\"https:\/\/preinscripcio.gencat.cat\/ca\/estudis\/infantil-3-6\/preinscriute\/sollicitud\/\" target=\"_blank\" rel=\"noopener\" data-saferedirecturl=\"https:\/\/www.google.com\/url?q=https:\/\/preinscripcio.gencat.cat\/ca\/estudis\/infantil-3-6\/preinscriute\/sollicitud\/&amp;source=gmail&amp;ust=1772792741658000&amp;usg=AOvVaw3GiL1Nl3JdJkXXACxWRptB\">. Sol\u00b7licitud de preinscripci\u00f3 d\u2019Infantil (3-6 anys).<\/a><\/p>\n<p><a href=\"https:\/\/preinscripcio.gencat.cat\/ca\/estudis\/primaria\/preinscriute\/sollicitud\/\" target=\"_blank\" rel=\"noopener\" data-saferedirecturl=\"https:\/\/www.google.com\/url?q=https:\/\/preinscripcio.gencat.cat\/ca\/estudis\/primaria\/preinscriute\/sollicitud\/&amp;source=gmail&amp;ust=1772792741658000&amp;usg=AOvVaw0BFxAE-tRNs10AqLlQFoKu\">. Sol\u00b7licitud de preinscripci\u00f3 de Prim\u00e0ria (6-12 anys).<\/a><\/p>\n<p><strong>5.- Com podr\u00e9 fer seguiment de la preinscripci\u00f3 del meu fill\/a? <\/strong><\/p>\n<p>Puntuaci\u00f3, reclamacions,\u2026\u00a0Et pots informar en aquesta p\u00e0gina web:<\/p>\n<p>.\u00a0<a href=\"https:\/\/preinscripcio.gencat.cat\/ca\/estudis\/infantil-3-6\/preinscriute\/seguiment-sollicitud\/\" target=\"_blank\" rel=\"noopener\" data-saferedirecturl=\"https:\/\/www.google.com\/url?q=https:\/\/preinscripcio.gencat.cat\/ca\/estudis\/infantil-3-6\/preinscriute\/seguiment-sollicitud\/&amp;source=gmail&amp;ust=1772792741659000&amp;usg=AOvVaw0wquheIAJ_wEugvm8W4u4u\">Educaci\u00f3 Infantil.<\/a><\/p>\n<p><a href=\"https:\/\/preinscripcio.gencat.cat\/ca\/estudis\/primaria\/preinscriute\/seguiment-sollicitud\/\" target=\"_blank\" rel=\"noopener\" data-saferedirecturl=\"https:\/\/www.google.com\/url?q=https:\/\/preinscripcio.gencat.cat\/ca\/estudis\/primaria\/preinscriute\/seguiment-sollicitud\/&amp;source=gmail&amp;ust=1772792741659000&amp;usg=AOvVaw1NfSIkeGgdC_ZRZpJJWMIp\">. Educaci\u00f3 Prim\u00e0ria.<\/a><\/p>\n<p><strong>6.- Una vegada tinc escola assignada, quan faig la matr\u00edcula?<\/strong><\/p>\n<p>El per\u00edode previst, si no hi ha canvis, ser\u00e0 del 22 al 30 de juny.<\/p>\n<p><strong>7.- Quina documentaci\u00f3 haur\u00e9 de portar a l&#8217;escola per fer la matr\u00edcula?<\/strong><\/p>\n<p>Des del centre contactaremamb totes les fam\u00edlies que heu de fer la matr\u00edcula al nostre centre i de la documentaci\u00f3 que heu de portar.<\/p>\n<\/div>\n<div><\/div>\n","protected":false},"excerpt":{"rendered":"<p>1.- Quan \u00e9s el per\u00edode de preinscripci\u00f3 del curs 26-27? . INFANTIL I PRIM\u00c0RIA: del 4 al 18 de mar\u00e7. . SECUND\u00c0RIA: del 6 al 18 de mar\u00e7. 2.- Com es podr\u00e0 fer la preinscripci\u00f3?\u00a0 La preinscripci\u00f3 es far\u00e0 de forma telem\u00e0tica. .\u00a0Enlla\u00e7 preinscripci\u00f3 Educaci\u00f3 Infantil (3-6 anys). .\u00a0Enlla\u00e7 preinscripci\u00f3 Educaci\u00f3 Prim\u00e0ria (6-12 anys). 3.- [&hellip;]<\/p>\n","protected":false},"author":1,"featured_media":0,"parent":0,"menu_order":0,"comment_status":"closed","ping_status":"closed","template":"","meta":{"_bbp_topic_count":0,"_bbp_reply_count":0,"_bbp_total_topic_count":0,"_bbp_total_reply_count":0,"_bbp_voice_count":0,"_bbp_anonymous_reply_count":0,"_bbp_topic_count_hidden":0,"_bbp_reply_count_hidden":0,"_bbp_forum_subforum_count":0,"site-sidebar-layout":"default","site-content-layout":"","ast-site-content-layout":"default","site-content-style":"default","site-sidebar-style":"default","ast-global-header-display":"","ast-banner-title-visibility":"","ast-main-header-display":"","ast-hfb-above-header-display":"","ast-hfb-below-header-display":"","ast-hfb-mobile-header-display":"","site-post-title":"","ast-breadcrumbs-content":"","ast-featured-img":"","footer-sml-layout":"","theme-transparent-header-meta":"default","adv-header-id-meta":"","stick-header-meta":"","header-above-stick-meta":"","header-main-stick-meta":"","header-below-stick-meta":"","astra-migrate-meta-layouts":"set","ast-page-background-enabled":"default","ast-page-background-meta":{"desktop":{"background-color":"var(--ast-global-color-4)","background-image":"","background-repeat":"repeat","background-position":"center center","background-size":"auto","background-attachment":"scroll","background-type":"","background-media":"","overlay-type":"","overlay-color":"","overlay-opacity":"","overlay-gradient":""},"tablet":{"background-color":"","background-image":"","background-repeat":"repeat","background-position":"center center","background-size":"auto","background-attachment":"scroll","background-type":"","background-media":"","overlay-type":"","overlay-color":"","overlay-opacity":"","overlay-gradient":""},"mobile":{"background-color":"","background-image":"","background-repeat":"repeat","background-position":"center center","background-size":"auto","background-attachment":"scroll","background-type":"","background-media":"","overlay-type":"","overlay-color":"","overlay-opacity":"","overlay-gradient":""}},"ast-content-background-meta":{"desktop":{"background-color":"var(--ast-global-color-5)","background-image":"","background-repeat":"repeat","background-position":"center center","background-size":"auto","background-attachment":"scroll","background-type":"","background-media":"","overlay-type":"","overlay-color":"","overlay-opacity":"","overlay-gradient":""},"tablet":{"background-color":"var(--ast-global-color-5)","background-image":"","background-repeat":"repeat","background-position":"center center","background-size":"auto","background-attachment":"scroll","background-type":"","background-media":"","overlay-type":"","overlay-color":"","overlay-opacity":"","overlay-gradient":""},"mobile":{"background-color":"var(--ast-global-color-5)","background-image":"","background-repeat":"repeat","background-position":"center center","background-size":"auto","background-attachment":"scroll","background-type":"","background-media":"","overlay-type":"","overlay-color":"","overlay-opacity":"","overlay-gradient":""}},"footnotes":""},"class_list":["post-8043","page","type-page","status-publish","hentry"],"post_mailing_queue_ids":[],"_links":{"self":[{"href":"https:\/\/agora.xtec.cat\/ceipacastells\/wp-json\/wp\/v2\/pages\/8043","targetHints":{"allow":["GET"]}}],"collection":[{"href":"https:\/\/agora.xtec.cat\/ceipacastells\/wp-json\/wp\/v2\/pages"}],"about":[{"href":"https:\/\/agora.xtec.cat\/ceipacastells\/wp-json\/wp\/v2\/types\/page"}],"author":[{"embeddable":true,"href":"https:\/\/agora.xtec.cat\/ceipacastells\/wp-json\/wp\/v2\/users\/1"}],"replies":[{"embeddable":true,"href":"https:\/\/agora.xtec.cat\/ceipacastells\/wp-json\/wp\/v2\/comments?post=8043"}],"version-history":[{"count":1,"href":"https:\/\/agora.xtec.cat\/ceipacastells\/wp-json\/wp\/v2\/pages\/8043\/revisions"}],"predecessor-version":[{"id":8044,"href":"https:\/\/agora.xtec.cat\/ceipacastells\/wp-json\/wp\/v2\/pages\/8043\/revisions\/8044"}],"wp:attachment":[{"href":"https:\/\/agora.xtec.cat\/ceipacastells\/wp-json\/wp\/v2\/media?parent=8043"}],"curies":[{"name":"wp","href":"https:\/\/api.w.org\/{rel}","templated":true}]}}