{"id":772,"date":"2019-07-11T21:33:25","date_gmt":"2019-07-11T19:33:25","guid":{"rendered":"http:\/\/agora.xtec.cat\/ceipacastells\/?page_id=772"},"modified":"2023-09-14T11:57:43","modified_gmt":"2023-09-14T09:57:43","slug":"festes-escola","status":"publish","type":"page","link":"https:\/\/agora.xtec.cat\/ceipacastells\/lescola\/festes-escola\/","title":{"rendered":"Celebracions a l&#8217;escola"},"content":{"rendered":"<p>Celebrar festes i dies especials a l&#8217;escola ajuda a la comunitat a manifestar i expressar alegria, satisfacci\u00f3 i compartir diferents moments amb els altres. Des de l&#8217;escola es considera que les festes han de tenir contingut educatiu.<\/p>\n<p>Hi ha celebracions que es proposen per estar compartides amb tota la comunitat escolar, i n&#8217;hi ha d&#8217;altres que tenen un caire m\u00e9s intern, entre infants i mestres.<\/p>\n<p>A l&#8217;escola celebrem:<\/p>\n<ul>\n<li>Castanyada (interna)<\/li>\n<li>Festa de la m\u00fasica (oberta a la comunitat)<\/li>\n<li>Comiat 1r trimestre (oberta a la comunitat)<\/li>\n<li>Ti\u00f3 (interna)<\/li>\n<li>Carnestoltes (oberta a la comunitat)<\/li>\n<li>Festa del llibre i la rosa (interna + fam\u00edlies de 5\u00e8)<\/li>\n<li>Comiat del curs (oberta a la comunitat)<\/li>\n<li>Graduaci\u00f3 de 6\u00e8 i comiat (interna + fam\u00edlies de 6\u00e8)<\/li>\n<\/ul>\n<table style=\"width: 62.216%; height: 498px;\">\n<tbody>\n<tr style=\"height: 401px;\">\n<td style=\"width: 422px; height: 401px;\">&nbsp;<\/p>\n<p>&nbsp;<\/td>\n<td style=\"width: 422px; height: 401px;\">&nbsp;<\/p>\n<p>&nbsp;<\/td>\n<\/tr>\n<tr style=\"height: 97px;\">\n<td style=\"width: 422px; height: 97px;\">&nbsp;<\/p>\n<p>&nbsp;<\/td>\n<td style=\"width: 422px; height: 97px;\"><\/td>\n<\/tr>\n<\/tbody>\n<\/table>\n<p>&nbsp;<\/p>\n","protected":false},"excerpt":{"rendered":"<p>Celebrar festes i dies especials a l&#8217;escola ajuda a la comunitat a manifestar i expressar alegria, satisfacci\u00f3 i compartir diferents moments amb els altres. Des de l&#8217;escola es considera que les festes han de tenir contingut educatiu. Hi ha celebracions que es proposen per estar compartides amb tota la comunitat escolar, i n&#8217;hi ha d&#8217;altres [&hellip;]<\/p>\n","protected":false},"author":1,"featured_media":0,"parent":22,"menu_order":0,"comment_status":"closed","ping_status":"closed","template":"","meta":{"_bbp_topic_count":0,"_bbp_reply_count":0,"_bbp_total_topic_count":0,"_bbp_total_reply_count":0,"_bbp_voice_count":0,"_bbp_anonymous_reply_count":0,"_bbp_topic_count_hidden":0,"_bbp_reply_count_hidden":0,"_bbp_forum_subforum_count":0,"site-sidebar-layout":"default","site-content-layout":"","ast-site-content-layout":"","site-content-style":"default","site-sidebar-style":"default","ast-global-header-display":"","ast-banner-title-visibility":"","ast-main-header-display":"","ast-hfb-above-header-display":"","ast-hfb-below-header-display":"","ast-hfb-mobile-header-display":"","site-post-title":"","ast-breadcrumbs-content":"","ast-featured-img":"","footer-sml-layout":"","theme-transparent-header-meta":"","adv-header-id-meta":"","stick-header-meta":"","header-above-stick-meta":"","header-main-stick-meta":"","header-below-stick-meta":"","astra-migrate-meta-layouts":"default","ast-page-background-enabled":"default","ast-page-background-meta":{"desktop":{"background-color":"var(--ast-global-color-4)","background-image":"","background-repeat":"repeat","background-position":"center center","background-size":"auto","background-attachment":"scroll","background-type":"","background-media":"","overlay-type":"","overlay-color":"","overlay-opacity":"","overlay-gradient":""},"tablet":{"background-color":"","background-image":"","background-repeat":"repeat","background-position":"center center","background-size":"auto","background-attachment":"scroll","background-type":"","background-media":"","overlay-type":"","overlay-color":"","overlay-opacity":"","overlay-gradient":""},"mobile":{"background-color":"","background-image":"","background-repeat":"repeat","background-position":"center center","background-size":"auto","background-attachment":"scroll","background-type":"","background-media":"","overlay-type":"","overlay-color":"","overlay-opacity":"","overlay-gradient":""}},"ast-content-background-meta":{"desktop":{"background-color":"var(--ast-global-color-5)","background-image":"","background-repeat":"repeat","background-position":"center center","background-size":"auto","background-attachment":"scroll","background-type":"","background-media":"","overlay-type":"","overlay-color":"","overlay-opacity":"","overlay-gradient":""},"tablet":{"background-color":"var(--ast-global-color-5)","background-image":"","background-repeat":"repeat","background-position":"center center","background-size":"auto","background-attachment":"scroll","background-type":"","background-media":"","overlay-type":"","overlay-color":"","overlay-opacity":"","overlay-gradient":""},"mobile":{"background-color":"var(--ast-global-color-5)","background-image":"","background-repeat":"repeat","background-position":"center center","background-size":"auto","background-attachment":"scroll","background-type":"","background-media":"","overlay-type":"","overlay-color":"","overlay-opacity":"","overlay-gradient":""}},"footnotes":""},"class_list":["post-772","page","type-page","status-publish","hentry"],"post_mailing_queue_ids":[],"_links":{"self":[{"href":"https:\/\/agora.xtec.cat\/ceipacastells\/wp-json\/wp\/v2\/pages\/772","targetHints":{"allow":["GET"]}}],"collection":[{"href":"https:\/\/agora.xtec.cat\/ceipacastells\/wp-json\/wp\/v2\/pages"}],"about":[{"href":"https:\/\/agora.xtec.cat\/ceipacastells\/wp-json\/wp\/v2\/types\/page"}],"author":[{"embeddable":true,"href":"https:\/\/agora.xtec.cat\/ceipacastells\/wp-json\/wp\/v2\/users\/1"}],"replies":[{"embeddable":true,"href":"https:\/\/agora.xtec.cat\/ceipacastells\/wp-json\/wp\/v2\/comments?post=772"}],"version-history":[{"count":3,"href":"https:\/\/agora.xtec.cat\/ceipacastells\/wp-json\/wp\/v2\/pages\/772\/revisions"}],"predecessor-version":[{"id":6472,"href":"https:\/\/agora.xtec.cat\/ceipacastells\/wp-json\/wp\/v2\/pages\/772\/revisions\/6472"}],"up":[{"embeddable":true,"href":"https:\/\/agora.xtec.cat\/ceipacastells\/wp-json\/wp\/v2\/pages\/22"}],"wp:attachment":[{"href":"https:\/\/agora.xtec.cat\/ceipacastells\/wp-json\/wp\/v2\/media?parent=772"}],"curies":[{"name":"wp","href":"https:\/\/api.w.org\/{rel}","templated":true}]}}