{"id":73,"date":"2014-09-18T14:01:51","date_gmt":"2014-09-18T13:01:51","guid":{"rendered":"http:\/\/agora.xtec.cat\/ceipacastells\/?page_id=73"},"modified":"2026-04-16T10:37:25","modified_gmt":"2026-04-16T08:37:25","slug":"menjador-escolar","status":"publish","type":"page","link":"https:\/\/agora.xtec.cat\/ceipacastells\/serveis\/menjador-escolar\/","title":{"rendered":"Menjador escolar"},"content":{"rendered":"<div class=\"itemBody nodate\">\n<p><a href=\"https:\/\/agora.xtec.cat\/ceipacastells\/wp-content\/uploads\/usu1708\/2019\/09\/portada.png\"><img loading=\"lazy\" decoding=\"async\" class=\"aligncenter wp-image-901 size-full\" src=\"https:\/\/agora.xtec.cat\/ceipacastells\/wp-content\/uploads\/usu1708\/2019\/09\/portada.png\" alt=\"\" width=\"1150\" height=\"158\" srcset=\"https:\/\/agora.xtec.cat\/ceipacastells\/wp-content\/uploads\/usu1708\/2019\/09\/portada.png 1150w, https:\/\/agora.xtec.cat\/ceipacastells\/wp-content\/uploads\/usu1708\/2019\/09\/portada-300x41.png 300w, https:\/\/agora.xtec.cat\/ceipacastells\/wp-content\/uploads\/usu1708\/2019\/09\/portada-768x106.png 768w, https:\/\/agora.xtec.cat\/ceipacastells\/wp-content\/uploads\/usu1708\/2019\/09\/portada-1024x141.png 1024w\" sizes=\"auto, (max-width: 1150px) 100vw, 1150px\" \/><\/a><\/p>\n<\/div>\n<p>&nbsp;<\/p>\n<p>&nbsp;<\/p>\n<h1 style=\"text-align: center;\"><span style=\"text-decoration: underline;\"><strong>COMUNICAT SOBRE EL SERVEI DE MENJADOR\u00a0<\/strong><\/span><\/h1>\n<p>&nbsp;<\/p>\n<div class=\"itemBody nodate\">\n<p>L&#8217;empresa <strong>La Vostra Cuina<\/strong> porta 30 anys al sector serveis i t\u00e9 com a objectiu principal oferir i garantir la m\u00e0xima qualitat als seus usuaris. A tal efecte, disposem d&#8217;una cuina central ubicada a Sant Quirze del Vall\u00e8s, un departament de control de qualitat de les mat\u00e8ries primeres i de la supervisi\u00f3 dels nostres men\u00fas per part d&#8217;una dietista per tal d&#8217;oferir una dieta sana i equilibrada. Entenem, aix\u00ed, el servei de menjador com una part m\u00e9s de l\u2019educaci\u00f3 integral dels infants dins de l&#8217;escola\u00a0i en aquest sentit hem elaborat uns objectius generals a assolir en el camp dels h\u00e0bits i de les actituds socials, conjuntament amb els membres de la Comissi\u00f3 de Menjador delegada del Consell Escolar i seguint els seus criteris.<\/p>\n<p>&nbsp;<\/p>\n<\/div>\n<h2 style=\"text-align: center;\"><span style=\"text-decoration: underline;\"><span style=\"font-size: 1.6875em; font-weight: bold;\">MEN\u00daS DEL CURS<\/span><\/span><\/h2>\n<p style=\"text-align: left;\">Feu clic al mes per veure el <strong>men\u00fa<\/strong> que oferim (aqu\u00ed est\u00e0 penjat el men\u00fa est\u00e0ndard, si en voleu un altre, poseu-vos en contacte amb la responsable de menjador):<\/p>\n<p>&nbsp;<\/p>\n<p style=\"text-align: center;\"><a href=\"https:\/\/agora.xtec.cat\/ceipacastells\/wp-content\/uploads\/usu1708\/2019\/09\/nen-menjador.jpg\"><img loading=\"lazy\" decoding=\"async\" class=\"size-full wp-image-832 alignleft\" src=\"https:\/\/agora.xtec.cat\/ceipacastells\/wp-content\/uploads\/usu1708\/2019\/09\/nen-menjador.jpg\" alt=\"\" width=\"225\" height=\"225\" srcset=\"https:\/\/agora.xtec.cat\/ceipacastells\/wp-content\/uploads\/usu1708\/2019\/09\/nen-menjador.jpg 225w, https:\/\/agora.xtec.cat\/ceipacastells\/wp-content\/uploads\/usu1708\/2019\/09\/nen-menjador-150x150.jpg 150w\" sizes=\"auto, (max-width: 225px) 100vw, 225px\" \/><\/a><\/p>\n<table style=\"width: 687px;\">\n<tbody>\n<tr>\n<td style=\"text-align: center; width: 165.556px;\">\n<h3 style=\"text-align: center;\"><strong><span style=\"color: #000000;\">MEN\u00da<\/span><\/strong><\/h3>\n<h3 style=\"text-align: center;\"><a href=\"https:\/\/drive.google.com\/file\/d\/1EYizFtTtyOgn_gnm8kxlNtWG8r_Ay8GP\/view?usp=sharing\"><span style=\"color: #3366ff;\">SETEMBRE<\/span><\/a><\/h3>\n<p>&nbsp;<\/td>\n<td style=\"text-align: center; width: 172.222px;\">\n<h3 style=\"text-align: center;\"><strong><span style=\"color: #000000;\">MEN\u00da<\/span><\/strong><\/h3>\n<h3 style=\"text-align: center;\"><a href=\"https:\/\/drive.google.com\/file\/d\/12XRHJxPMIe5ulMeJ_gVkPXxQ8F8x7MY9\/view?usp=drive_link\"><span style=\"color: #3366ff;\">OCTUBRE<\/span><\/a><\/h3>\n<p>&nbsp;<\/td>\n<td style=\"text-align: center; width: 173.333px;\">\n<h3 style=\"text-align: center;\"><strong><span style=\"color: #000000;\">MEN\u00da<\/span><\/strong><\/h3>\n<h3 style=\"text-align: center;\"><a href=\"https:\/\/drive.google.com\/file\/d\/18s-wVQg-wSs4BriNiuf9U9kzHHcW3NaC\/view?usp=sharing\"><span style=\"color: #3366ff;\">NOVEMBRE<\/span><\/a><\/h3>\n<p>&nbsp;<\/td>\n<td style=\"text-align: center; width: 167.778px;\">\n<h3 style=\"text-align: center;\"><span style=\"color: #000000;\"><strong>MEN\u00da<\/strong> <\/span><\/h3>\n<h3 style=\"text-align: center;\"><a href=\"https:\/\/drive.google.com\/file\/d\/1nGGRxI7_mIeWS-xbb8UvPg_uC__bouxd\/view?usp=sharing\"><span style=\"color: #3366ff;\">DESEMBRE<\/span><\/a><\/h3>\n<p>&nbsp;<\/td>\n<\/tr>\n<tr>\n<td style=\"text-align: center; width: 165.556px;\">\n<h3 style=\"text-align: center;\"><strong><span style=\"color: #000000;\">MEN\u00da<\/span><\/strong><\/h3>\n<h3 style=\"text-align: center;\"><a href=\"https:\/\/drive.google.com\/file\/d\/1s9zxxDQ3GjwGX476pB7BgZFjtzZ4vQGx\/view?usp=sharing\"><span style=\"color: #3366ff;\">GENER<\/span><\/a><\/h3>\n<p>&nbsp;<\/td>\n<td style=\"text-align: center; width: 172.222px;\">\n<h3 style=\"text-align: center;\"><strong><span style=\"color: #000000;\">MEN\u00da<\/span><\/strong><\/h3>\n<h3 style=\"text-align: center;\"><a href=\"https:\/\/drive.google.com\/file\/d\/1hbRIH45fPLCPt4533ESCPoKNU1XpmQbE\/view?usp=sharing\"><span style=\"color: #3366ff;\">FEBRER<\/span><\/a><\/h3>\n<p>&nbsp;<\/td>\n<td style=\"text-align: center; width: 173.333px;\">\n<h3 style=\"text-align: center;\"><strong><span style=\"color: #000000;\">MEN\u00da<\/span><\/strong><\/h3>\n<h3 style=\"text-align: center;\"><a href=\"https:\/\/drive.google.com\/file\/d\/14BWOK3P5UaI8mEjBdvGzRnMcQv_K_78k\/view?usp=sharing\"><span style=\"color: #3366ff;\">MAR\u00c7<\/span><\/a><\/h3>\n<p>&nbsp;<\/td>\n<td style=\"text-align: center; width: 167.778px;\"><\/td>\n<\/tr>\n<tr>\n<td style=\"text-align: center; width: 165.556px;\">\n<h3 style=\"text-align: center;\"><strong><span style=\"color: #000000;\">MEN\u00da<\/span><\/strong><\/h3>\n<h3 style=\"text-align: center;\"><a href=\"https:\/\/drive.google.com\/file\/d\/1B3-PiYsrqR4o1EnZRRYcJzdRDXFVU0Fy\/view?usp=sharing\"><span style=\"color: #3366ff;\">ABRIL<\/span><\/a><\/h3>\n<p>&nbsp;<\/td>\n<td style=\"text-align: center; width: 172.222px;\">\n<h3 style=\"text-align: center;\"><strong><span style=\"color: #000000;\">MEN\u00da<\/span><\/strong><\/h3>\n<h3 style=\"text-align: center;\"><a href=\"https:\/\/drive.google.com\/file\/d\/1GM4ugPcvetokaqBndXu6latDTcUSUJbZ\/view?usp=sharing\"><span style=\"color: #3366ff;\">MAIG<\/span><\/a><\/h3>\n<p>&nbsp;<\/td>\n<td style=\"text-align: center; width: 173.333px;\">\n<h3 style=\"text-align: center;\"><strong><span style=\"color: #000000;\">MEN\u00da<\/span><\/strong><\/h3>\n<h3 style=\"text-align: center;\"><span style=\"color: #3366ff;\">JUNY<\/span><\/h3>\n<p>&nbsp;<\/td>\n<td style=\"text-align: center; width: 167.778px;\"><\/td>\n<\/tr>\n<\/tbody>\n<\/table>\n<h3><\/h3>\n<p>&nbsp;<\/p>\n<div class=\"itemBody nodate\">\n<p>* La confecci\u00f3 i el control dels men\u00fas els realitzar\u00e0 l\u2019empresa concession\u00e0ria d&#8217;acord amb els criteris nutricionals del Departament d&#8217;Educaci\u00f3 de la Generalitat, les recomanacions dels organismes oficials de Salut P\u00fablica Municipal i el vist i plau de la Comissi\u00f3 de Menjador de l&#8217;Escola.<\/p>\n<p>* Els men\u00fas constaran d&#8217;un primer plat, segon plat, postres i pa.<\/p>\n<p>* Els men\u00fas estaran exposats a la cartellera del centre. Tamb\u00e9 els podreu consultar per internet a la web de l\u2019escola.<\/p>\n<p><em>* Dietes: en cas d&#8217;intoler\u00e0ncia o al\u00b7l\u00e8rgia a determinats aliments, aix\u00ed com a dietes de llarga durada, caldr\u00e0 justificar-ho mitjan\u00e7ant certificaci\u00f3 m\u00e8dica.<\/em><\/p>\n<p>Aquest any, introdu\u00efm alguns canvis en els men\u00fas, ja que 2 vegades a la setmana, es menjar\u00e0 pasta ecol\u00f2gica, 1 vegada a la setmana es menjar\u00e0 fruita ecol\u00f2gica (\u00e9s a dir, no tractada amb pesticides), els dimecres es menjar\u00e0 pa integral (que ha estat rebut amb molt \u00e8xit pels usuaris del servei de menjador), i el peix que es consumeix \u00e9s un peix de proximitat (pescat a Catalunya, per tal d&#8217;incentivar l&#8217;economia de Catalunya, i a m\u00e9s, sempre ser\u00e0 molt m\u00e9s fresc).<\/p>\n<h3>ORGANITZACI\u00d3 HOR\u00c0RIA<\/h3>\n<p>&nbsp;<\/p>\n<h3>CARACTER\u00cdSTIQUES DEL SERVEI<\/h3>\n<p><strong>Persones usu\u00e0ries<\/strong><\/p>\n<p>El servei es podr\u00e0 sol\u00b7licitar de forma fixa o espor\u00e0dica. Ser\u00e0 considerat usuari\/a fix\/a, aquella persona que assisteixi al menjador tots els dies del curs i tamb\u00e9 aquella que assisteixi com a m\u00ednim un dia amb la condici\u00f3 que sempre sigui el mateix dia de la setmana.<\/p>\n<p><strong>Monitoratge<\/strong> (nombre d&#8217;alumnes per monitor\/a)<\/p>\n<p>El\/la coordinador\/a ser\u00e0 la persona interlocutora habitual entre l&#8217;empresa, la Comissi\u00f3 de Menjador, les fam\u00edlies i el monitoratge.<\/p>\n<p>El servei es podr\u00e0 sol\u00b7licitar de forma fixa o espor\u00e0dica. Ser\u00e0 considerat\u00a0usuari\/a fix, aquella persona que assisteixi al menjador tots els dies del curs i tamb\u00e9 aquella que assisteixi com a m\u00ednim un dia amb la condici\u00f3 que sempre sigui el mateix dia de la setmana.<\/p>\n<p><strong>Preus curs 2025\/2026<\/strong><\/p>\n<p>Usuari fix: 7,54\u20ac per dia<br \/>\nUsuari espor\u00e0dic: 8,29\u20ac per dia<\/p>\n<p><strong>Abs\u00e8ncies<\/strong><\/p>\n<p>Per indisposicions espor\u00e0diques caldr\u00e0 notificar-ho a la coordinadora al mat\u00ed en horari de 8:30h a 9:30h. El descompte per abs\u00e8ncies ser\u00e0 l\u2019import \u00edntegre, es a dir, 7,54\u20ac ,sempre que s\u2019avisi en l\u2019horari indicat.<br \/>\nPer abs\u00e8ncia seguida i continuada, i sempre que s\u2019hagi avisat de 8:30 a 9:30h, el descompte ser\u00e0 per l\u2019 import total del servei, es a dir, de 7,54\u20ac.<br \/>\nUnes altres vies de contacte amb la responsable ser\u00e0 telef\u00f2nicament o via e-mail (m\u00e9s endavant es confirmaran aquestes dades).<\/p>\n<p><strong>Pagaments<\/strong><\/p>\n<p>&nbsp;<\/p>\n<h3>PROTOCOL D&#8217;ACCIDENTS I D&#8217;INCIDENTS<\/h3>\n<p>\u25ca En cas de petits accidents el monitoratge resoldr\u00e0 la situaci\u00f3 utilitzant els protocols acordats per l\u2019escola. L\u2019empresa disposar\u00e0 d\u2019una farmaciola per atendre l\u2019alumnat que ho necessiti.<\/p>\n<p>\u25ca Si es produeix un accident m\u00e9s greu es donar\u00e0 av\u00eds a la fam\u00edlia i es prendr\u00e0 la decisi\u00f3 conjunta. En cas de no localitzar a la fam\u00edlia, el protocol a seguir \u00e9s avisar una ambul\u00e0ncia i si el facultatiu ho considera oport\u00fa,\u00a0 s&#8217;acompanyar\u00e0 a l&#8217;alumne\/a al centre m\u00e8dic m\u00e9s adient. En tot moment es mantindr\u00e0 informada a l&#8217;escola.<\/p>\n<p>\u25ca Els incidents, v\u00f2mits, manca de gana, faltes de comportament es comunicaran a les fam\u00edlies mitjan\u00e7ant el full de comunicaci\u00f3 d&#8217;incidents.<\/p>\n<p><strong>INFORMACI\u00d3 A LES FAM\u00cdLIES D&#8217;I3<\/strong><\/p>\n<p>Hi haur\u00e0 un full, al costat de les classes d\u2019infantil I3-I4-I5, amb la informaci\u00f3 di\u00e0ria de com han menjat , dormit&#8230;.<br \/>\nA la resta d\u2019usuaris es lliuraran informes trimestrals.<br \/>\n\u25cf Autoritzacions a medicaments, s\u2019actuar\u00e0 segons la normativa del centre.<br \/>\n\u25cf Per dormir I3 es necessari el llen\u00e7ol.<br \/>\nTot ha de venir marcat amb una bossa exclusivament pel servei de menjador.(pitet, llen\u00e7ol i manta per l\u00b4hivern). La manta la demanarem en el seu moment.<\/p>\n<h3>OBJECTIUS DINS DEL MENJADOR<\/h3>\n<p style=\"font-family: 'Helvetica Neue', Helvetica, Helvetica, Arial, sans-serif; font-size: 16px;\">Entenem l&#8217;espai de migdia a l&#8217;escola, com un espai de suport a les fam\u00edlies de prestaci\u00f3 complement\u00e0ria, per tal d&#8217;ajudar a l&#8217;escolaritzaci\u00f3.<\/p>\n<p style=\"font-family: 'Helvetica Neue', Helvetica, Helvetica, Arial, sans-serif; font-size: 16px;\">Els objectius principals que ens fixem s\u00f3n els de cobrir les necessitats nutritives dels alumnes i l&#8217;adquisici\u00f3 d\u2019h\u00e0bits socials, higi\u00e8nics i alimentaris en un marc de conviv\u00e8ncia dins del centre educatiu.<\/p>\n<p style=\"font-family: 'Helvetica Neue', Helvetica, Helvetica, Arial, sans-serif; font-size: 16px;\">El programa d&#8217;activitats \u00e9s elaborat per els\/les monitors\/es del menjador, que s\u00f3n les persones que estan en contacte directe amb els nens\/es.<\/p>\n<p>Les principals activitats que es desenvolupen a l&#8217;estona de migdia es centren en proporcionar al nen\/a una estona agradable, mes aviat relaxada, perqu\u00e8 torni a l&#8217;aula amb bona predisposici\u00f3 per continuar els seus aprenentatges. Sobre els h\u00e0bits:<\/p>\n<ul>\n<li>Treballar els h\u00e0bits higi\u00e8nics (rentar-se les mans amb sab\u00f3 abans i despr\u00e9s de dinar,\u2026).<\/li>\n<li>Treballar ordenada i sistem\u00e0ticament tot el que fa refer\u00e8ncia a l&#8217;organitzaci\u00f3 de l&#8217;espai de menjador (parar i desparar taula, aixecar-se de taula un cop s\u2019ha acabat, parlar amb un to fluix mentre s&#8217;est\u00e0 dinant).<\/li>\n<li>Utilitzar correctament els coberts.<\/li>\n<li>Menjar a poc a poc i mastegar suficientment els aliments (amb la boca tancada,\u2026).<\/li>\n<li>Evitar parlar amb la boca plena.<\/li>\n<li>Comprendre que el menjar no s&#8217;ha de llen\u00e7ar.<\/li>\n<li>Saber que ens calen aliments variats i que cal esfor\u00e7ar-se per menjar una mica de tot.<\/li>\n<\/ul>\n<p>Sobre les actituds socials :<\/p>\n<ul>\n<li>Ser respectuosos vers els altres companys i companyes i vers els\/les monitors\/es.<\/li>\n<li>Col\u00b7laborar amb els\/les monitors\/es, personal de cuina i companys\/es, en tots aquells serveis necessaris per a una millor conviv\u00e8ncia.<\/li>\n<\/ul>\n<h3>OBJECTIUS A L\u2019ESTONA DE LLEURE<\/h3>\n<p>L&#8217;hora d&#8217;esbarjo del menjador \u00e9s una de les estones que els infants no tenen programada i pensem que aix\u00f2 \u00e9s positiu. Se&#8217;ls oferir\u00e0 diferents jocs i recursos per tal que ells i elles tri\u00efn all\u00f2 que els agradi m\u00e9s. A m\u00e9s, socialment&#8230;<\/p>\n<ul>\n<li>Aprenem a compartir.<\/li>\n<li>Aprenem a expressar-se davant dels\/ de les companys\/es sense por al rid\u00edcul.<\/li>\n<li>Fem que es mantingui una actitud solid\u00e0ria i de companyonia envers tothom.<\/li>\n<li>Potenciem les actituds participatives en les activitats que s&#8217;estiguin duent a terme.<\/li>\n<li>Assumim i respectem les normes establertes mitjan\u00e7ant la comprensi\u00f3 i el di\u00e0leg.<\/li>\n<\/ul>\n<\/div>\n<p><a href=\"https:\/\/agora.xtec.cat\/ceipacastells\/wp-content\/uploads\/usu1708\/2019\/09\/final-pagina.jpg\"><img loading=\"lazy\" decoding=\"async\" class=\"aligncenter wp-image-913 size-full\" src=\"https:\/\/agora.xtec.cat\/ceipacastells\/wp-content\/uploads\/usu1708\/2019\/09\/final-pagina.jpg\" alt=\"\" width=\"1014\" height=\"783\" srcset=\"https:\/\/agora.xtec.cat\/ceipacastells\/wp-content\/uploads\/usu1708\/2019\/09\/final-pagina.jpg 1014w, https:\/\/agora.xtec.cat\/ceipacastells\/wp-content\/uploads\/usu1708\/2019\/09\/final-pagina-300x232.jpg 300w, https:\/\/agora.xtec.cat\/ceipacastells\/wp-content\/uploads\/usu1708\/2019\/09\/final-pagina-768x593.jpg 768w\" sizes=\"auto, (max-width: 1014px) 100vw, 1014px\" \/><\/a><\/p>\n","protected":false},"excerpt":{"rendered":"<p>&nbsp; &nbsp; COMUNICAT SOBRE EL SERVEI DE MENJADOR\u00a0 &nbsp; L&#8217;empresa La Vostra Cuina porta 30 anys al sector serveis i t\u00e9 com a objectiu principal oferir i garantir la m\u00e0xima qualitat als seus usuaris. A tal efecte, disposem d&#8217;una cuina central ubicada a Sant Quirze del Vall\u00e8s, un departament de control de qualitat de les [&hellip;]<\/p>\n","protected":false},"author":1,"featured_media":0,"parent":66,"menu_order":30,"comment_status":"closed","ping_status":"closed","template":"","meta":{"_bbp_topic_count":0,"_bbp_reply_count":0,"_bbp_total_topic_count":0,"_bbp_total_reply_count":0,"_bbp_voice_count":0,"_bbp_anonymous_reply_count":0,"_bbp_topic_count_hidden":0,"_bbp_reply_count_hidden":0,"_bbp_forum_subforum_count":0,"site-sidebar-layout":"default","site-content-layout":"","ast-site-content-layout":"default","site-content-style":"default","site-sidebar-style":"default","ast-global-header-display":"","ast-banner-title-visibility":"","ast-main-header-display":"","ast-hfb-above-header-display":"","ast-hfb-below-header-display":"","ast-hfb-mobile-header-display":"","site-post-title":"","ast-breadcrumbs-content":"","ast-featured-img":"","footer-sml-layout":"","theme-transparent-header-meta":"default","adv-header-id-meta":"","stick-header-meta":"","header-above-stick-meta":"","header-main-stick-meta":"","header-below-stick-meta":"","astra-migrate-meta-layouts":"set","ast-page-background-enabled":"default","ast-page-background-meta":{"desktop":{"background-color":"var(--ast-global-color-4)","background-image":"","background-repeat":"repeat","background-position":"center center","background-size":"auto","background-attachment":"scroll","background-type":"","background-media":"","overlay-type":"","overlay-color":"","overlay-opacity":"","overlay-gradient":""},"tablet":{"background-color":"","background-image":"","background-repeat":"repeat","background-position":"center center","background-size":"auto","background-attachment":"scroll","background-type":"","background-media":"","overlay-type":"","overlay-color":"","overlay-opacity":"","overlay-gradient":""},"mobile":{"background-color":"","background-image":"","background-repeat":"repeat","background-position":"center center","background-size":"auto","background-attachment":"scroll","background-type":"","background-media":"","overlay-type":"","overlay-color":"","overlay-opacity":"","overlay-gradient":""}},"ast-content-background-meta":{"desktop":{"background-color":"var(--ast-global-color-5)","background-image":"","background-repeat":"repeat","background-position":"center center","background-size":"auto","background-attachment":"scroll","background-type":"","background-media":"","overlay-type":"","overlay-color":"","overlay-opacity":"","overlay-gradient":""},"tablet":{"background-color":"var(--ast-global-color-5)","background-image":"","background-repeat":"repeat","background-position":"center center","background-size":"auto","background-attachment":"scroll","background-type":"","background-media":"","overlay-type":"","overlay-color":"","overlay-opacity":"","overlay-gradient":""},"mobile":{"background-color":"var(--ast-global-color-5)","background-image":"","background-repeat":"repeat","background-position":"center center","background-size":"auto","background-attachment":"scroll","background-type":"","background-media":"","overlay-type":"","overlay-color":"","overlay-opacity":"","overlay-gradient":""}},"footnotes":""},"class_list":["post-73","page","type-page","status-publish","hentry"],"post_mailing_queue_ids":[],"_links":{"self":[{"href":"https:\/\/agora.xtec.cat\/ceipacastells\/wp-json\/wp\/v2\/pages\/73","targetHints":{"allow":["GET"]}}],"collection":[{"href":"https:\/\/agora.xtec.cat\/ceipacastells\/wp-json\/wp\/v2\/pages"}],"about":[{"href":"https:\/\/agora.xtec.cat\/ceipacastells\/wp-json\/wp\/v2\/types\/page"}],"author":[{"embeddable":true,"href":"https:\/\/agora.xtec.cat\/ceipacastells\/wp-json\/wp\/v2\/users\/1"}],"replies":[{"embeddable":true,"href":"https:\/\/agora.xtec.cat\/ceipacastells\/wp-json\/wp\/v2\/comments?post=73"}],"version-history":[{"count":7,"href":"https:\/\/agora.xtec.cat\/ceipacastells\/wp-json\/wp\/v2\/pages\/73\/revisions"}],"predecessor-version":[{"id":8082,"href":"https:\/\/agora.xtec.cat\/ceipacastells\/wp-json\/wp\/v2\/pages\/73\/revisions\/8082"}],"up":[{"embeddable":true,"href":"https:\/\/agora.xtec.cat\/ceipacastells\/wp-json\/wp\/v2\/pages\/66"}],"wp:attachment":[{"href":"https:\/\/agora.xtec.cat\/ceipacastells\/wp-json\/wp\/v2\/media?parent=73"}],"curies":[{"name":"wp","href":"https:\/\/api.w.org\/{rel}","templated":true}]}}