{"id":28,"date":"2014-09-18T12:29:35","date_gmt":"2014-09-18T11:29:35","guid":{"rendered":"http:\/\/agora.xtec.cat\/ceipacastells\/?page_id=28"},"modified":"2026-03-11T09:35:24","modified_gmt":"2026-03-11T08:35:24","slug":"consell-escolar","status":"publish","type":"page","link":"https:\/\/agora.xtec.cat\/ceipacastells\/lescola\/consell-escolar\/","title":{"rendered":"Consell escolar"},"content":{"rendered":"<p>El consell escolar \u00e9s l&#8217;<strong>\u00f2rgan col\u00b7legiat de participaci\u00f3<\/strong>\u00a0de la comunitat escolar en el govern del centre. En el consell escolar hi ha representats tots els col\u00b7lectius que intervenen en la comunitat educativa: equip directiu, mestres ,pares i mares dels alumnes, personal d&#8217;administraci\u00f3 i serveis, ajuntament, \u00a0etc.<\/p>\n<p>La funci\u00f3 principal del consell escolar \u00e9s participar en la presa de decisions en relaci\u00f3 amb aquells temes importants per al funcionament i l&#8217;organitzaci\u00f3 del centre: el projecte educatiu, la programaci\u00f3 general, la gesti\u00f3 econ\u00f2mica, etc.<\/p>\n<p>Els membres del consell escolar s\u00f3n elegits per un per\u00edode de quatre anys i es renoven per meitats cada dos anys.<\/p>\n<p>El <strong>consell escolar<\/strong> del nostre centre el representen:<\/p>\n<table style=\"height: 200px; width: 813px;\">\n<tbody>\n<tr>\n<td style=\"text-align: center; width: 394px;\" colspan=\"2\">\n<p style=\"font-family: 'Helvetica Neue', Helvetica, Helvetica, Arial, sans-serif; font-size: 14px; background-color: #ffffff;\"><strong>Com a representants de les fam\u00edlies<\/strong><\/p>\n<p style=\"font-family: 'Helvetica Neue', Helvetica, Helvetica, Arial, sans-serif; font-size: 14px; background-color: #ffffff;\">\u00a0Ana Alonso, Silvia, Cristina<br \/>\nGemma, <span style=\"font-family: inherit; font-size: 1em;\">Montse Plana,\u00a0<\/span><span style=\"font-family: inherit; font-size: 1em;\">Sara Sastre.<\/span><\/p>\n<\/td>\n<td style=\"width: 411px; text-align: center;\">\n<p style=\"font-family: 'Helvetica Neue', Helvetica, Helvetica, Arial, sans-serif; font-size: 14px; background-color: #ffffff;\"><strong>Com a representants de mestres<\/strong><\/p>\n<p style=\"font-family: 'Helvetica Neue', Helvetica, Helvetica, Arial, sans-serif; font-size: 14px; background-color: #ffffff;\">Lluis Bosch, Toni Tarrass\u00f3,<br \/>\nEli i M\u00aa Jes\u00fas Fern\u00e1ndez.<\/p>\n<\/td>\n<\/tr>\n<tr style=\"height: 95px;\">\n<td style=\"text-align: center; height: 95px;\" colspan=\"2\">\n<p style=\"font-family: 'Helvetica Neue', Helvetica, Helvetica, Arial, sans-serif; font-size: 14px;\"><strong>Equip directiu<\/strong><\/p>\n<p style=\"font-family: 'Helvetica Neue', Helvetica, Helvetica, Arial, sans-serif; font-size: 14px;\">Laura Ortiz, Aida P\u00e9rez i Josep Capellino.<\/p>\n<\/td>\n<td style=\"width: 411px; text-align: center; height: 95px;\">\n<p style=\"font-family: 'Helvetica Neue', Helvetica, Helvetica, Arial, sans-serif; font-size: 14px; background-color: #ffffff;\"><strong>Com a representant de l&#8217;AMPA<\/strong><\/p>\n<p style=\"font-family: 'Helvetica Neue', Helvetica, Helvetica, Arial, sans-serif; font-size: 14px; background-color: #ffffff;\">\u00a0Montse Plana<\/p>\n<\/td>\n<\/tr>\n<tr style=\"height: 95px;\">\n<td style=\"width: 394px; text-align: center; height: 95px;\" colspan=\"2\">\n<p style=\"font-family: 'Helvetica Neue', Helvetica, Helvetica, Arial, sans-serif; font-size: 14px; background-color: #f9f9f9;\"><strong>Com a personal no docent<\/strong><\/p>\n<p style=\"font-family: 'Helvetica Neue', Helvetica, Helvetica, Arial, sans-serif; font-size: 14px; background-color: #f9f9f9;\">Marta Figueres i Marina Montero<\/p>\n<\/td>\n<td style=\"width: 411px; text-align: center; height: 95px;\">\n<p style=\"font-family: 'Helvetica Neue', Helvetica, Helvetica, Arial, sans-serif; font-size: 14px; background-color: #ffffff;\"><strong style=\"background-color: #f9f9f9;\">Com a representant de l&#8217;Ajuntament<\/strong><strong><br \/>\n<\/strong><\/p>\n<p>Olga L\u00f3pez<\/td>\n<\/tr>\n<\/tbody>\n<\/table>\n<p>Al nostre consell escolar hi ha constitu\u00efdes unes <strong>comissions:<\/strong><\/p>\n<p>&#8211; <strong>Comissi\u00f3 permanent<\/strong>: Aida P\u00e9rez, Josep Capellino, Lluis Bosch, Gemma Prats, Laura Ortiz (amb veu per\u00f2 sense vot).<\/p>\n<p>&#8211; <strong>Comissi\u00f3 econ\u00f2mica<\/strong>: Aida P\u00e9rez, Silvia Encinas, Cristina Camacho i Laura Ortiz (amb veu per\u00f2 sense vot).<\/p>\n<p>&#8211; <strong>Comissi\u00f3 de menjador<\/strong>:\u00a0 Aida P\u00e9rez, Josep Capellino, Montse Plana, Toni\u00a0 Tarrass\u00f3 i Laura Ortiz (amb veu per\u00f2 sense vot).<\/p>\n<p>&#8211; <strong>Comissi\u00f3 de conviv\u00e8ncia<\/strong>: Aida P\u00e9rez, Josep Capellino, Ana Alonso, M\u00aa Jes\u00fas Fern\u00e1ndez i Laura Ortiz (amb veu per\u00f2 sense vot).<\/p>\n<p><strong>Referent de coeducaci\u00f3:\u00a0<\/strong>S&#8217;encarrega de promoure accions preventives de viol\u00e8ncia de g\u00e8nere i fomenta la igualtat de g\u00e8nere amb la col\u00b7laboraci\u00f3 de COCOBE del centre. Si s&#8217;escau tamb\u00e9 col\u00b7labora amb la comissi\u00f3 de conviv\u00e8ncia.<\/p>\n<p><em>*\u00daltima actualitzaci\u00f3: desembre 2025*\u00a0<\/em><\/p>\n","protected":false},"excerpt":{"rendered":"<p>El consell escolar \u00e9s l&#8217;\u00f2rgan col\u00b7legiat de participaci\u00f3\u00a0de la comunitat escolar en el govern del centre. En el consell escolar hi ha representats tots els col\u00b7lectius que intervenen en la comunitat educativa: equip directiu, mestres ,pares i mares dels alumnes, personal d&#8217;administraci\u00f3 i serveis, ajuntament, \u00a0etc. La funci\u00f3 principal del consell escolar \u00e9s participar en [&hellip;]<\/p>\n","protected":false},"author":1,"featured_media":0,"parent":22,"menu_order":30,"comment_status":"closed","ping_status":"closed","template":"","meta":{"_bbp_topic_count":0,"_bbp_reply_count":0,"_bbp_total_topic_count":0,"_bbp_total_reply_count":0,"_bbp_voice_count":0,"_bbp_anonymous_reply_count":0,"_bbp_topic_count_hidden":0,"_bbp_reply_count_hidden":0,"_bbp_forum_subforum_count":0,"site-sidebar-layout":"default","site-content-layout":"","ast-site-content-layout":"default","site-content-style":"default","site-sidebar-style":"default","ast-global-header-display":"","ast-banner-title-visibility":"","ast-main-header-display":"","ast-hfb-above-header-display":"","ast-hfb-below-header-display":"","ast-hfb-mobile-header-display":"","site-post-title":"","ast-breadcrumbs-content":"","ast-featured-img":"","footer-sml-layout":"","theme-transparent-header-meta":"default","adv-header-id-meta":"","stick-header-meta":"","header-above-stick-meta":"","header-main-stick-meta":"","header-below-stick-meta":"","astra-migrate-meta-layouts":"set","ast-page-background-enabled":"default","ast-page-background-meta":{"desktop":{"background-color":"var(--ast-global-color-4)","background-image":"","background-repeat":"repeat","background-position":"center center","background-size":"auto","background-attachment":"scroll","background-type":"","background-media":"","overlay-type":"","overlay-color":"","overlay-opacity":"","overlay-gradient":""},"tablet":{"background-color":"","background-image":"","background-repeat":"repeat","background-position":"center center","background-size":"auto","background-attachment":"scroll","background-type":"","background-media":"","overlay-type":"","overlay-color":"","overlay-opacity":"","overlay-gradient":""},"mobile":{"background-color":"","background-image":"","background-repeat":"repeat","background-position":"center center","background-size":"auto","background-attachment":"scroll","background-type":"","background-media":"","overlay-type":"","overlay-color":"","overlay-opacity":"","overlay-gradient":""}},"ast-content-background-meta":{"desktop":{"background-color":"var(--ast-global-color-5)","background-image":"","background-repeat":"repeat","background-position":"center center","background-size":"auto","background-attachment":"scroll","background-type":"","background-media":"","overlay-type":"","overlay-color":"","overlay-opacity":"","overlay-gradient":""},"tablet":{"background-color":"var(--ast-global-color-5)","background-image":"","background-repeat":"repeat","background-position":"center center","background-size":"auto","background-attachment":"scroll","background-type":"","background-media":"","overlay-type":"","overlay-color":"","overlay-opacity":"","overlay-gradient":""},"mobile":{"background-color":"var(--ast-global-color-5)","background-image":"","background-repeat":"repeat","background-position":"center center","background-size":"auto","background-attachment":"scroll","background-type":"","background-media":"","overlay-type":"","overlay-color":"","overlay-opacity":"","overlay-gradient":""}},"footnotes":""},"class_list":["post-28","page","type-page","status-publish","hentry"],"post_mailing_queue_ids":[],"_links":{"self":[{"href":"https:\/\/agora.xtec.cat\/ceipacastells\/wp-json\/wp\/v2\/pages\/28","targetHints":{"allow":["GET"]}}],"collection":[{"href":"https:\/\/agora.xtec.cat\/ceipacastells\/wp-json\/wp\/v2\/pages"}],"about":[{"href":"https:\/\/agora.xtec.cat\/ceipacastells\/wp-json\/wp\/v2\/types\/page"}],"author":[{"embeddable":true,"href":"https:\/\/agora.xtec.cat\/ceipacastells\/wp-json\/wp\/v2\/users\/1"}],"replies":[{"embeddable":true,"href":"https:\/\/agora.xtec.cat\/ceipacastells\/wp-json\/wp\/v2\/comments?post=28"}],"version-history":[{"count":6,"href":"https:\/\/agora.xtec.cat\/ceipacastells\/wp-json\/wp\/v2\/pages\/28\/revisions"}],"predecessor-version":[{"id":8075,"href":"https:\/\/agora.xtec.cat\/ceipacastells\/wp-json\/wp\/v2\/pages\/28\/revisions\/8075"}],"up":[{"embeddable":true,"href":"https:\/\/agora.xtec.cat\/ceipacastells\/wp-json\/wp\/v2\/pages\/22"}],"wp:attachment":[{"href":"https:\/\/agora.xtec.cat\/ceipacastells\/wp-json\/wp\/v2\/media?parent=28"}],"curies":[{"name":"wp","href":"https:\/\/api.w.org\/{rel}","templated":true}]}}