{"id":1271,"date":"2019-11-08T15:04:27","date_gmt":"2019-11-08T14:04:27","guid":{"rendered":"http:\/\/agora.xtec.cat\/ceipacastells\/?page_id=1271"},"modified":"2025-01-14T15:32:30","modified_gmt":"2025-01-14T14:32:30","slug":"recomanacions-families","status":"publish","type":"page","link":"https:\/\/agora.xtec.cat\/ceipacastells\/recomanacions-families\/","title":{"rendered":"Recomanacions fam\u00edlies"},"content":{"rendered":"<h3 style=\"text-align: center;\">En aquesta p\u00e0gina, us donem algunes recomanacions per les fam\u00edlies sobre diferents temes:<\/h3>\n<table class=\" aligncenter\" style=\"width: 679px; height: 436px;\">\n<tbody>\n<tr>\n<td style=\"width: 228px;\"><img loading=\"lazy\" decoding=\"async\" class=\"wp-image-1285 size-thumbnail aligncenter\" src=\"https:\/\/agora.xtec.cat\/ceipacastells\/wp-content\/uploads\/usu1708\/2019\/11\/habit-150x150.jpg\" alt=\"\" width=\"150\" height=\"150\" \/><\/p>\n<p style=\"text-align: center;\"><a href=\"http:\/\/ensenyament.gencat.cat\/ca\/arees-actuacio\/families\/habits-saludables\/\" target=\"_blank\" rel=\"noopener noreferrer\">H\u00c0BITS SALUDABLES<\/a><\/p>\n<\/td>\n<td style=\"width: 229px;\">\n<p style=\"text-align: center;\"><a href=\"https:\/\/agora.xtec.cat\/ceipacastells\/wp-content\/uploads\/usu1708\/2019\/11\/temps-familia.jpg\"><img loading=\"lazy\" decoding=\"async\" class=\"wp-image-1289 size-thumbnail aligncenter\" src=\"https:\/\/agora.xtec.cat\/ceipacastells\/wp-content\/uploads\/usu1708\/2019\/11\/temps-familia-150x150.jpg\" alt=\"\" width=\"150\" height=\"150\" \/><\/a><\/p>\n<p style=\"text-align: center;\"><a href=\"http:\/\/ensenyament.gencat.cat\/ca\/arees-actuacio\/families\/temps-familia\/\" target=\"_blank\" rel=\"noopener noreferrer\">TEMPS EN FAM\u00cdLIA<\/a><\/p>\n<\/td>\n<td style=\"width: 212px;\"><a href=\"https:\/\/agora.xtec.cat\/ceipacastells\/wp-content\/uploads\/usu1708\/2019\/11\/sortir-nens.jpg\"><img loading=\"lazy\" decoding=\"async\" class=\"alignnone wp-image-1288 size-thumbnail aligncenter\" src=\"https:\/\/agora.xtec.cat\/ceipacastells\/wp-content\/uploads\/usu1708\/2019\/11\/sortir-nens-150x150.jpg\" alt=\"\" width=\"150\" height=\"150\" \/><\/a><\/p>\n<p style=\"text-align: center;\"><a href=\"https:\/\/www.sortirambnens.com\/\" target=\"_blank\" rel=\"noopener noreferrer\">SORTIR AMB NENS<\/a><\/p>\n<\/td>\n<\/tr>\n<tr>\n<td style=\"width: 228px;\"><a href=\"https:\/\/agora.xtec.cat\/ceipacastells\/wp-content\/uploads\/usu1708\/2019\/11\/poll.jpg\"><img loading=\"lazy\" decoding=\"async\" class=\"wp-image-1287 size-thumbnail aligncenter\" src=\"https:\/\/agora.xtec.cat\/ceipacastells\/wp-content\/uploads\/usu1708\/2019\/11\/poll-150x150.jpg\" alt=\"\" width=\"150\" height=\"150\" \/><\/a><\/p>\n<p style=\"text-align: center;\"><a href=\"http:\/\/canalsalut.gencat.cat\/ca\/detalls\/article\/Polls-00001\" target=\"_blank\" rel=\"noopener noreferrer\"><span style=\"text-align: center;\">PREVENCI\u00d3 DELS POLLS<\/span><\/a><\/p>\n<\/td>\n<td style=\"width: 229px;\"><a href=\"https:\/\/agora.xtec.cat\/ceipacastells\/wp-content\/uploads\/usu1708\/2019\/11\/familia-escola.jpg\"><img loading=\"lazy\" decoding=\"async\" class=\"aligncenter wp-image-1284 size-full\" src=\"https:\/\/agora.xtec.cat\/ceipacastells\/wp-content\/uploads\/usu1708\/2019\/11\/familia-escola.jpg\" alt=\"\" width=\"439\" height=\"286\" srcset=\"https:\/\/agora.xtec.cat\/ceipacastells\/wp-content\/uploads\/usu1708\/2019\/11\/familia-escola.jpg 439w, https:\/\/agora.xtec.cat\/ceipacastells\/wp-content\/uploads\/usu1708\/2019\/11\/familia-escola-300x195.jpg 300w\" sizes=\"auto, (max-width: 439px) 100vw, 439px\" \/>\u00a0<\/a><\/p>\n<p style=\"text-align: center;\"><a href=\"http:\/\/ensenyament.gencat.cat\/ca\/arees-actuacio\/families\/families-escola\/\" target=\"_blank\" rel=\"noopener noreferrer\">FAM\u00cdLIA I ESCOLA<\/a><\/p>\n<\/td>\n<td style=\"width: 212px;\"><a href=\"https:\/\/agora.xtec.cat\/ceipacastells\/wp-content\/uploads\/usu1708\/2019\/11\/ajudar.jpg\"><img loading=\"lazy\" decoding=\"async\" class=\"size-full wp-image-1292 aligncenter\" src=\"https:\/\/agora.xtec.cat\/ceipacastells\/wp-content\/uploads\/usu1708\/2019\/11\/ajudar.jpg\" alt=\"\" width=\"297\" height=\"190\" \/><\/a><\/p>\n<p style=\"text-align: center;\"><a href=\"http:\/\/ensenyament.gencat.cat\/ca\/arees-actuacio\/families\/ajudem-fills\/\" target=\"_blank\" rel=\"noopener noreferrer\">COM AJUDAR EL MEU FILL<\/a><\/p>\n<\/td>\n<\/tr>\n<\/tbody>\n<\/table>\n<p>&nbsp;<\/p>\n<h1 style=\"text-align: center;\"><span style=\"color: #008080;\">Tutorial acc\u00e9s Classroom<\/span><\/h1>\n<p>Benvolgudes fam\u00edlies,<\/p>\n<p>Us deixem dos enlla\u00e7os explicatius de com accedir al classroom.<\/p>\n<div class=\"ast-oembed-container \" style=\"height: 100%;\"><iframe loading=\"lazy\" title=\"\ud83d\udfe2 #1 COMO entrar en Google CLASSROOM | Curso Completo GOOGLE CLASSROOM para ALUMNOS\" width=\"500\" height=\"281\" src=\"https:\/\/www.youtube.com\/embed\/CaCdjU0hbw4?feature=oembed\" frameborder=\"0\" allow=\"accelerometer; autoplay; clipboard-write; encrypted-media; gyroscope; picture-in-picture; web-share\" referrerpolicy=\"strict-origin-when-cross-origin\" allowfullscreen><\/iframe><\/div>\n<h1><\/h1>\n<p>&nbsp;<\/p>\n<div class=\"ast-oembed-container \" style=\"height: 100%;\"><iframe loading=\"lazy\" title=\"\ud83d\udfe2 #2 COMO Unirse a una clase de CLASSROOM | Curso Completo GOOGLE CLASSROOM para ALUMNOS\" width=\"500\" height=\"281\" src=\"https:\/\/www.youtube.com\/embed\/stwNP5BZBKU?feature=oembed\" frameborder=\"0\" allow=\"accelerometer; autoplay; clipboard-write; encrypted-media; gyroscope; picture-in-picture; web-share\" referrerpolicy=\"strict-origin-when-cross-origin\" allowfullscreen><\/iframe><\/div>\n<p>&nbsp;<\/p>\n","protected":false},"excerpt":{"rendered":"<p>En aquesta p\u00e0gina, us donem algunes recomanacions per les fam\u00edlies sobre diferents temes: H\u00c0BITS SALUDABLES TEMPS EN FAM\u00cdLIA SORTIR AMB NENS PREVENCI\u00d3 DELS POLLS \u00a0 FAM\u00cdLIA I ESCOLA COM AJUDAR EL MEU FILL &nbsp; Tutorial acc\u00e9s Classroom Benvolgudes fam\u00edlies, Us deixem dos enlla\u00e7os explicatius de com accedir al classroom. &nbsp; &nbsp;<\/p>\n","protected":false},"author":1,"featured_media":0,"parent":0,"menu_order":0,"comment_status":"closed","ping_status":"closed","template":"","meta":{"_bbp_topic_count":0,"_bbp_reply_count":0,"_bbp_total_topic_count":0,"_bbp_total_reply_count":0,"_bbp_voice_count":0,"_bbp_anonymous_reply_count":0,"_bbp_topic_count_hidden":0,"_bbp_reply_count_hidden":0,"_bbp_forum_subforum_count":0,"site-sidebar-layout":"default","site-content-layout":"","ast-site-content-layout":"","site-content-style":"default","site-sidebar-style":"default","ast-global-header-display":"","ast-banner-title-visibility":"","ast-main-header-display":"","ast-hfb-above-header-display":"","ast-hfb-below-header-display":"","ast-hfb-mobile-header-display":"","site-post-title":"","ast-breadcrumbs-content":"","ast-featured-img":"","footer-sml-layout":"","theme-transparent-header-meta":"","adv-header-id-meta":"","stick-header-meta":"","header-above-stick-meta":"","header-main-stick-meta":"","header-below-stick-meta":"","astra-migrate-meta-layouts":"default","ast-page-background-enabled":"default","ast-page-background-meta":{"desktop":{"background-color":"var(--ast-global-color-4)","background-image":"","background-repeat":"repeat","background-position":"center center","background-size":"auto","background-attachment":"scroll","background-type":"","background-media":"","overlay-type":"","overlay-color":"","overlay-opacity":"","overlay-gradient":""},"tablet":{"background-color":"","background-image":"","background-repeat":"repeat","background-position":"center center","background-size":"auto","background-attachment":"scroll","background-type":"","background-media":"","overlay-type":"","overlay-color":"","overlay-opacity":"","overlay-gradient":""},"mobile":{"background-color":"","background-image":"","background-repeat":"repeat","background-position":"center center","background-size":"auto","background-attachment":"scroll","background-type":"","background-media":"","overlay-type":"","overlay-color":"","overlay-opacity":"","overlay-gradient":""}},"ast-content-background-meta":{"desktop":{"background-color":"var(--ast-global-color-5)","background-image":"","background-repeat":"repeat","background-position":"center center","background-size":"auto","background-attachment":"scroll","background-type":"","background-media":"","overlay-type":"","overlay-color":"","overlay-opacity":"","overlay-gradient":""},"tablet":{"background-color":"var(--ast-global-color-5)","background-image":"","background-repeat":"repeat","background-position":"center center","background-size":"auto","background-attachment":"scroll","background-type":"","background-media":"","overlay-type":"","overlay-color":"","overlay-opacity":"","overlay-gradient":""},"mobile":{"background-color":"var(--ast-global-color-5)","background-image":"","background-repeat":"repeat","background-position":"center center","background-size":"auto","background-attachment":"scroll","background-type":"","background-media":"","overlay-type":"","overlay-color":"","overlay-opacity":"","overlay-gradient":""}},"footnotes":""},"class_list":["post-1271","page","type-page","status-publish","hentry"],"post_mailing_queue_ids":[],"_links":{"self":[{"href":"https:\/\/agora.xtec.cat\/ceipacastells\/wp-json\/wp\/v2\/pages\/1271","targetHints":{"allow":["GET"]}}],"collection":[{"href":"https:\/\/agora.xtec.cat\/ceipacastells\/wp-json\/wp\/v2\/pages"}],"about":[{"href":"https:\/\/agora.xtec.cat\/ceipacastells\/wp-json\/wp\/v2\/types\/page"}],"author":[{"embeddable":true,"href":"https:\/\/agora.xtec.cat\/ceipacastells\/wp-json\/wp\/v2\/users\/1"}],"replies":[{"embeddable":true,"href":"https:\/\/agora.xtec.cat\/ceipacastells\/wp-json\/wp\/v2\/comments?post=1271"}],"version-history":[{"count":4,"href":"https:\/\/agora.xtec.cat\/ceipacastells\/wp-json\/wp\/v2\/pages\/1271\/revisions"}],"predecessor-version":[{"id":7248,"href":"https:\/\/agora.xtec.cat\/ceipacastells\/wp-json\/wp\/v2\/pages\/1271\/revisions\/7248"}],"wp:attachment":[{"href":"https:\/\/agora.xtec.cat\/ceipacastells\/wp-json\/wp\/v2\/media?parent=1271"}],"curies":[{"name":"wp","href":"https:\/\/api.w.org\/{rel}","templated":true}]}}