{"id":263,"date":"2016-10-03T15:44:26","date_gmt":"2016-10-03T14:44:26","guid":{"rendered":"http:\/\/agora.xtec.cat\/ceipabatoliba\/?page_id=263"},"modified":"2019-07-10T10:31:23","modified_gmt":"2019-07-10T08:31:23","slug":"llibres","status":"publish","type":"page","link":"https:\/\/agora.xtec.cat\/ceipabatoliba\/lescola\/llibres\/","title":{"rendered":"Llibres"},"content":{"rendered":"<p>L&#8217;escola t\u00e9 un programa de socialitzaci\u00f3 de llibres de 3r a 6\u00e8.<\/p>\n<p>En els seg\u00fcents enlla\u00e7os hi trobareu el llistat de llibres pel curs actual.<\/p>\n<p><a href=\"https:\/\/agora.xtec.cat\/ceipabatoliba\/wp-content\/uploads\/usu174\/2019\/07\/ESCOLA-ABAT-OLIBA.-P.4.-llibres-de-text-curs-2019-2020-docx.pdf\">ESCOLA ABAT OLIBA. P.4. llibres de text curs 2019-2020 docx<\/a><\/p>\n<p><a href=\"https:\/\/agora.xtec.cat\/ceipabatoliba\/wp-content\/uploads\/usu174\/2019\/07\/ESCOLA-ABAT-OLIBA.-P.5.-llibres-de-text-curs-2019-2020-docx.pdf\">ESCOLA ABAT OLIBA. P.5. llibres de text curs 2019-2020 docx<\/a><\/p>\n<p><a href=\"https:\/\/agora.xtec.cat\/ceipabatoliba\/wp-content\/uploads\/usu174\/2019\/07\/ESCOLA-ABAT-OLIBA.-1R-llibres-de-text-curs-2019-20-docx.pdf\">ESCOLA ABAT OLIBA. 1R llibres de text curs 2019-20 docx<\/a><\/p>\n<p><a href=\"https:\/\/agora.xtec.cat\/ceipabatoliba\/wp-content\/uploads\/usu174\/2019\/07\/ESCOLA-ABAT-OLIBA.-2n.-llibres-de-text-curs-2019-2020-docx.pdf\">ESCOLA ABAT OLIBA. 2n. llibres de text curs 2019-2020 docx<\/a><\/p>\n<p><a href=\"https:\/\/agora.xtec.cat\/ceipabatoliba\/wp-content\/uploads\/usu174\/2019\/07\/ESCOLA-ABAT-OLIBA.-3r.-llibres-de-text-curs-2019-2020-docx.pdf\">ESCOLA ABAT OLIBA. 3r. llibres de text curs 2019-2020 docx<\/a><\/p>\n<p><a href=\"https:\/\/agora.xtec.cat\/ceipabatoliba\/wp-content\/uploads\/usu174\/2019\/07\/ESCOLA-ABAT-OLIBA.-4t.-llibres-de-text-curs-2019-2020-docx.pdf\">ESCOLA ABAT OLIBA. 4t. llibres de text curs 2019-2020 docx<\/a><\/p>\n<p><a href=\"https:\/\/agora.xtec.cat\/ceipabatoliba\/wp-content\/uploads\/usu174\/2019\/07\/ESCOLA-ABAT-OLIBA.-5\u00e8-llibres-de-text-curs-2019-2020-docx.pdf\">ESCOLA ABAT OLIBA. 5\u00e8 llibres de text curs 2019-2020 docx<\/a><\/p>\n<p><a href=\"https:\/\/agora.xtec.cat\/ceipabatoliba\/wp-content\/uploads\/usu174\/2019\/07\/ESCOLA-ABAT-OLIBA.-6\u00e8-llibres-de-text-curs-2019-2020-docx.pdf\">ESCOLA ABAT OLIBA. 6\u00e8 llibres de text curs 2019-2020 docx<\/a><br \/>\n<span id=\"transmark\" style=\"display: none; width: 0px; height: 0px;\"><\/span><\/p>\n","protected":false},"excerpt":{"rendered":"<p>L&#8217;escola t\u00e9 un programa de socialitzaci\u00f3 de llibres de 3r a 6\u00e8.<br \/>\nEn els seg\u00fcents enlla\u00e7os hi trobareu el llistat de llibres pel curs actual.<br \/>\n<a href=\"https:\/\/agora.xtec.cat\/ceipabatoliba\/wp-content\/uploads\/usu174\/2019\/07\/ESCOLA-ABAT-OLIBA.-P.4.-llibres-de-text-curs-2019-2020-docx.pdf\">ESCOLA ABAT OLIBA. P.4. llibres de text curs 2019-2020 docx<\/a><br \/>\n<a href=\"https:\/\/agora.xtec.cat\/ceipabatoliba\/wp-content\/uploads\/usu174\/2019\/07\/ESCOLA-ABAT-OLIBA.-P.5.-llibres-de-text-curs-2019-2020-docx.pdf\">ESCOLA ABAT OLIBA. P.5. llibres de text curs 2019-2020 docx<\/a><br \/>\n<a href=\"https:\/\/agora.xtec.cat\/ceipabatoliba\/wp-content\/uploads\/usu174\/2019\/07\/ESCOLA-ABAT-OLIBA.-1R-llibres-de-text-curs-2019-20-docx.pdf\">ESCOLA&hellip;  <a href=\"https:\/\/agora.xtec.cat\/ceipabatoliba\/lescola\/llibres\/\" title=\"Read Llibres\">Llegeix m\u00e9s\u00bb<\/a><\/p>\n","protected":false},"author":1,"featured_media":0,"parent":22,"menu_order":0,"comment_status":"closed","ping_status":"closed","template":"","meta":{"_bbp_topic_count":0,"_bbp_reply_count":0,"_bbp_total_topic_count":0,"_bbp_total_reply_count":0,"_bbp_voice_count":0,"_bbp_anonymous_reply_count":0,"_bbp_topic_count_hidden":0,"_bbp_reply_count_hidden":0,"_bbp_forum_subforum_count":0,"footnotes":""},"class_list":["post-263","page","type-page","status-publish","hentry"],"post_mailing_queue_ids":[],"_links":{"self":[{"href":"https:\/\/agora.xtec.cat\/ceipabatoliba\/wp-json\/wp\/v2\/pages\/263","targetHints":{"allow":["GET"]}}],"collection":[{"href":"https:\/\/agora.xtec.cat\/ceipabatoliba\/wp-json\/wp\/v2\/pages"}],"about":[{"href":"https:\/\/agora.xtec.cat\/ceipabatoliba\/wp-json\/wp\/v2\/types\/page"}],"author":[{"embeddable":true,"href":"https:\/\/agora.xtec.cat\/ceipabatoliba\/wp-json\/wp\/v2\/users\/1"}],"replies":[{"embeddable":true,"href":"https:\/\/agora.xtec.cat\/ceipabatoliba\/wp-json\/wp\/v2\/comments?post=263"}],"version-history":[{"count":4,"href":"https:\/\/agora.xtec.cat\/ceipabatoliba\/wp-json\/wp\/v2\/pages\/263\/revisions"}],"predecessor-version":[{"id":1657,"href":"https:\/\/agora.xtec.cat\/ceipabatoliba\/wp-json\/wp\/v2\/pages\/263\/revisions\/1657"}],"up":[{"embeddable":true,"href":"https:\/\/agora.xtec.cat\/ceipabatoliba\/wp-json\/wp\/v2\/pages\/22"}],"wp:attachment":[{"href":"https:\/\/agora.xtec.cat\/ceipabatoliba\/wp-json\/wp\/v2\/media?parent=263"}],"curies":[{"name":"wp","href":"https:\/\/api.w.org\/{rel}","templated":true}]}}