{"id":9308,"date":"2023-01-11T13:16:05","date_gmt":"2023-01-11T12:16:05","guid":{"rendered":"https:\/\/agora.xtec.cat\/ceipabatmarcet\/?page_id=9308"},"modified":"2023-05-25T15:56:01","modified_gmt":"2023-05-25T13:56:01","slug":"maquinari","status":"publish","type":"page","link":"https:\/\/agora.xtec.cat\/ceipabatmarcet\/estrategia-digital-de-centre\/cultura-digital\/maquinari\/","title":{"rendered":"Maquinari"},"content":{"rendered":"<header class=\"entry-header\">\n<p class=\"entry-title\"><span style=\"font-family: inherit; font-size: 1em; font-weight: normal;\">L&#8217;escola disposa de diversos recursos de maquinari. Els docents i l&#8217;alumnat poden fer-los servir en totes les activitats d&#8217;ensenyament-aprenentatge.<\/span><\/p>\n<\/header>\n<div class=\"entry-content\">\n<div>\n<p>Qualsevol incid\u00e8ncia t\u00e8cnica es pot tramitar a trav\u00e9s del formulari del codi QR disponible a trav\u00e9s del codi QR d&#8217;incid\u00e8ncies disponible als ordinadors de sobretaula de l&#8217;escola.<\/p>\n<ul>\n<li><strong>TAULETES<\/strong><\/li>\n<\/ul>\n<p>Les tauletes s\u00f3n gestionades per la Comissi\u00f3 Digital de Centre (CDC). El personal docent ha de fer la demanda d&#8217;instal\u00b7laci\u00f3 de les aplicacions a trav\u00e9s del formulari d&#8217;incid\u00e8ncies t\u00e8cniques<\/p>\n<ul>\n<li><strong>CHROMEBOOKS<\/strong><\/li>\n<\/ul>\n<p>Els Chromebooks s\u00f3n gestionats de la mateixa manera que les tauletes a trav\u00e9s de la consola de Google Workspace.<\/p>\n<ul>\n<li><strong>AULA D&#8217;INFORM\u00c0TICA<\/strong><\/li>\n<\/ul>\n<\/div>\n<div>\n<ul>\n<li><strong>IMPRESSI\u00d3<\/strong><\/li>\n<\/ul>\n<\/div>\n<p>El centre disposa d\u2019una sola impressora. Cada cicle hi t\u00e9 una quota de fotoc\u00f2pies m\u00e0xima. Els usuaris i contrasenyes per emprar les impressores aix\u00ed com les instruccions per a fer-ne us de les propietats avan\u00e7ades es troben al document d&#8217;Acollida Digital Docent.<\/p>\n<p><span style=\"font-family: inherit; font-size: 1em; font-weight: normal;\"><img loading=\"lazy\" decoding=\"async\" class=\"alignnone size-large wp-image-9801\" src=\"https:\/\/agora.xtec.cat\/ceipabatmarcet\/wp-content\/uploads\/usu1494\/2023\/05\/logos-1024x137.jpg\" alt=\"\" width=\"1024\" height=\"137\" srcset=\"https:\/\/agora.xtec.cat\/ceipabatmarcet\/wp-content\/uploads\/usu1494\/2023\/05\/logos-1024x137.jpg 1024w, https:\/\/agora.xtec.cat\/ceipabatmarcet\/wp-content\/uploads\/usu1494\/2023\/05\/logos-300x40.jpg 300w, https:\/\/agora.xtec.cat\/ceipabatmarcet\/wp-content\/uploads\/usu1494\/2023\/05\/logos-768x102.jpg 768w, https:\/\/agora.xtec.cat\/ceipabatmarcet\/wp-content\/uploads\/usu1494\/2023\/05\/logos-1536x205.jpg 1536w, https:\/\/agora.xtec.cat\/ceipabatmarcet\/wp-content\/uploads\/usu1494\/2023\/05\/logos-2048x273.jpg 2048w\" sizes=\"auto, (max-width: 1024px) 100vw, 1024px\" \/><\/span><\/p>\n<\/div>\n","protected":false},"excerpt":{"rendered":"<p>L&#8217;escola disposa de diversos recursos de maquinari. Els docents i l&#8217;alumnat poden fer-los servir en totes les activitats d&#8217;ensenyament-aprenentatge. Qualsevol incid\u00e8ncia t\u00e8cnica es pot tramitar a trav\u00e9s del formulari del codi QR disponible a trav\u00e9s del codi QR d&#8217;incid\u00e8ncies disponible als ordinadors de sobretaula de l&#8217;escola. TAULETES Les tauletes s\u00f3n gestionades per la Comissi\u00f3 Digital [&hellip;]<\/p>\n","protected":false},"author":77,"featured_media":0,"parent":9289,"menu_order":0,"comment_status":"closed","ping_status":"closed","template":"","meta":{"_bbp_topic_count":0,"_bbp_reply_count":0,"_bbp_total_topic_count":0,"_bbp_total_reply_count":0,"_bbp_voice_count":0,"_bbp_anonymous_reply_count":0,"_bbp_topic_count_hidden":0,"_bbp_reply_count_hidden":0,"_bbp_forum_subforum_count":0,"site-sidebar-layout":"default","site-content-layout":"","ast-site-content-layout":"","site-content-style":"default","site-sidebar-style":"default","ast-global-header-display":"","ast-banner-title-visibility":"","ast-main-header-display":"","ast-hfb-above-header-display":"","ast-hfb-below-header-display":"","ast-hfb-mobile-header-display":"","site-post-title":"","ast-breadcrumbs-content":"","ast-featured-img":"","footer-sml-layout":"","theme-transparent-header-meta":"","adv-header-id-meta":"","stick-header-meta":"","header-above-stick-meta":"","header-main-stick-meta":"","header-below-stick-meta":"","astra-migrate-meta-layouts":"default","ast-page-background-enabled":"default","ast-page-background-meta":{"desktop":{"background-color":"var(--ast-global-color-4)","background-image":"","background-repeat":"repeat","background-position":"center center","background-size":"auto","background-attachment":"scroll","background-type":"","background-media":"","overlay-type":"","overlay-color":"","overlay-opacity":"","overlay-gradient":""},"tablet":{"background-color":"","background-image":"","background-repeat":"repeat","background-position":"center center","background-size":"auto","background-attachment":"scroll","background-type":"","background-media":"","overlay-type":"","overlay-color":"","overlay-opacity":"","overlay-gradient":""},"mobile":{"background-color":"","background-image":"","background-repeat":"repeat","background-position":"center center","background-size":"auto","background-attachment":"scroll","background-type":"","background-media":"","overlay-type":"","overlay-color":"","overlay-opacity":"","overlay-gradient":""}},"ast-content-background-meta":{"desktop":{"background-color":"var(--ast-global-color-5)","background-image":"","background-repeat":"repeat","background-position":"center center","background-size":"auto","background-attachment":"scroll","background-type":"","background-media":"","overlay-type":"","overlay-color":"","overlay-opacity":"","overlay-gradient":""},"tablet":{"background-color":"var(--ast-global-color-5)","background-image":"","background-repeat":"repeat","background-position":"center center","background-size":"auto","background-attachment":"scroll","background-type":"","background-media":"","overlay-type":"","overlay-color":"","overlay-opacity":"","overlay-gradient":""},"mobile":{"background-color":"var(--ast-global-color-5)","background-image":"","background-repeat":"repeat","background-position":"center center","background-size":"auto","background-attachment":"scroll","background-type":"","background-media":"","overlay-type":"","overlay-color":"","overlay-opacity":"","overlay-gradient":""}},"footnotes":""},"class_list":["post-9308","page","type-page","status-publish","hentry"],"post_mailing_queue_ids":[],"_links":{"self":[{"href":"https:\/\/agora.xtec.cat\/ceipabatmarcet\/wp-json\/wp\/v2\/pages\/9308","targetHints":{"allow":["GET"]}}],"collection":[{"href":"https:\/\/agora.xtec.cat\/ceipabatmarcet\/wp-json\/wp\/v2\/pages"}],"about":[{"href":"https:\/\/agora.xtec.cat\/ceipabatmarcet\/wp-json\/wp\/v2\/types\/page"}],"author":[{"embeddable":true,"href":"https:\/\/agora.xtec.cat\/ceipabatmarcet\/wp-json\/wp\/v2\/users\/77"}],"replies":[{"embeddable":true,"href":"https:\/\/agora.xtec.cat\/ceipabatmarcet\/wp-json\/wp\/v2\/comments?post=9308"}],"version-history":[{"count":3,"href":"https:\/\/agora.xtec.cat\/ceipabatmarcet\/wp-json\/wp\/v2\/pages\/9308\/revisions"}],"predecessor-version":[{"id":9817,"href":"https:\/\/agora.xtec.cat\/ceipabatmarcet\/wp-json\/wp\/v2\/pages\/9308\/revisions\/9817"}],"up":[{"embeddable":true,"href":"https:\/\/agora.xtec.cat\/ceipabatmarcet\/wp-json\/wp\/v2\/pages\/9289"}],"wp:attachment":[{"href":"https:\/\/agora.xtec.cat\/ceipabatmarcet\/wp-json\/wp\/v2\/media?parent=9308"}],"curies":[{"name":"wp","href":"https:\/\/api.w.org\/{rel}","templated":true}]}}