{"id":73,"date":"2026-04-07T09:00:51","date_gmt":"2026-04-07T07:00:51","guid":{"rendered":"http:\/\/agora.xtec.cat\/ceipabatmarcet\/?page_id=73"},"modified":"2026-04-07T15:33:08","modified_gmt":"2026-04-07T13:33:08","slug":"menjador-escolar","status":"publish","type":"page","link":"https:\/\/agora.xtec.cat\/ceipabatmarcet\/serveis\/menjador-escolar\/","title":{"rendered":"Menjador escolar \ud83c\udf7d"},"content":{"rendered":"<p>El servei de menjador \u00e9s gestionat per l&#8217;empresa contractada per l&#8217;ajuntament (la mateixa per tot Terrassa) amb el seguiment global del Consell Escolar Municipal que fixa cada any el preu del men\u00fa d&#8217;acord amb la normativa que estableix el Departament d&#8217;Educaci\u00f3. Totes les escoles p\u00fabliques de Terrassa tenim un acord per oferir el mateix preu a la ciutat.<\/p>\n<p>Actualment l&#8217;empresa que es fa c\u00e0rrec del servei \u00e9s MEDITERR\u00c0NEA.<\/p>\n<p>L&#8217;escola ofereix el servei de menjador a tots\/es els\/les alumnes que el necessitin. Funciona des de les 12:30 fins les 15h. Es fan dos torns per poder acollir als\/les alumnes d&#8217;infantil i prim\u00e0ria. Un equip de monitors\/es s&#8217;encarrega de la vigil\u00e0ncia i bona marxa del servei sota la supervisi\u00f3 d&#8217;una coordinadora. L&#8217;equip, tant de cuina com de monitors\/es, \u00e9s el mateix des de fa uns anys, i aix\u00f2 permet, encara m\u00e9s, oferir un servei de millor qualitat.<\/p>\n<p>Es fa seguiment directe del funcionament del menjador des del centre per part d&#8217;una comissi\u00f3 de menjador formada per representants de l&#8217;empresa, de les fam\u00edlies, dels docents i de l&#8217;equip directiu.<\/p>\n<table style=\"border-collapse: collapse; width: 47.7921%;\">\n<tbody>\n<tr>\n<td style=\"width: 100%;\">\n<p style=\"text-align: center;\"><a href=\"https:\/\/agora.xtec.cat\/ceipabatmarcet\/wp-content\/uploads\/usu1494\/2024\/06\/INFORMACIO-MENJADOR-24-25_Abat-Marcet.pdf\">I<\/a><a href=\"https:\/\/agora.xtec.cat\/ceipabatmarcet\/wp-content\/uploads\/usu1494\/2025\/07\/Informacio_Menjador-25-26.pdf\">nformaci\u00f3_Menjador 25-26<\/a><\/p>\n<p style=\"text-align: center;\"><a href=\"https:\/\/agora.xtec.cat\/ceipabatmarcet\/wp-content\/uploads\/usu1494\/2025\/07\/Fitxa-Inscripcio-2025-2026.pdf\">Fitxa Inscripci\u00f3 2025-2026<\/a><\/p>\n<\/td>\n<\/tr>\n<\/tbody>\n<\/table>\n<table style=\"border-collapse: collapse; width: 47.9363%;\">\n<tbody>\n<tr>\n<td style=\"width: 100%;\">\n<p style=\"text-align: center;\"><a href=\"https:\/\/agora.xtec.cat\/ceipabatmarcet\/wp-content\/uploads\/usu1494\/2026\/04\/menu-basal-abril-2026.pdf\">men\u00fa basal abril 2026<\/a><\/p>\n<p style=\"text-align: center;\"><a href=\"https:\/\/agora.xtec.cat\/ceipabatmarcet\/wp-content\/uploads\/usu1494\/2026\/04\/menus-derivades-abril-2026.pdf\">men\u00fas derivades abril 2026<\/a><\/p>\n<\/td>\n<\/tr>\n<\/tbody>\n<\/table>\n<table style=\"border-collapse: collapse; width: 47.719%; height: 103px;\">\n<tbody>\n<tr style=\"height: 103px;\">\n<td style=\"width: 100%; height: 103px;\">\n<p style=\"text-align: center;\"><a href=\"https:\/\/agora.xtec.cat\/ceipabatmarcet\/wp-content\/uploads\/usu1494\/2026\/02\/menu-basal_marc-2026.pdf\">men\u00fa basal_mar\u00e7 2026<\/a><\/p>\n<p style=\"text-align: center;\"><a href=\"https:\/\/agora.xtec.cat\/ceipabatmarcet\/wp-content\/uploads\/usu1494\/2026\/02\/menus-derivades_marc-2026.pdf\">men\u00fas derivades_mar\u00e7 2026<\/a><\/p>\n<\/td>\n<\/tr>\n<\/tbody>\n<\/table>\n<p><a style=\"font-family: inherit; font-size: 1em;\" href=\"https:\/\/agora.xtec.cat\/ceipabatmarcet\/wp-content\/uploads\/usu1494\/2025\/12\/Calendari-Activitats_DESEMBRE-2025.pdf\">Calendari Activitats_DESEMBRE 2025<\/a><\/p>\n<p><a href=\"https:\/\/agora.xtec.cat\/ceipabatmarcet\/wp-content\/uploads\/usu1494\/2025\/12\/Fulleto_novembre-2025.pdf\">Fullet\u00f3_novembre 2025<\/a><\/p>\n<p>&nbsp;<\/p>\n<table style=\"width: 36.9668%; border-collapse: collapse; background-color: #e1f2ee; border-style: solid; border-color: #000000;\">\n<tbody>\n<tr>\n<td style=\"width: 100%;\"><strong>COORDINADORA DE MENJADOR:<\/strong><\/p>\n<p>Tel. 610 61 53 43 (11:00-15:15h)<\/p>\n<p><em>col.abatmercet@mediterranea-group.com <\/em><\/td>\n<\/tr>\n<\/tbody>\n<\/table>\n<p>&nbsp;<\/p>\n<table style=\"width: 56.872%; border-collapse: collapse; background-color: #faf6e3; border-style: solid; border-color: #000000;\">\n<tbody>\n<tr>\n<td style=\"width: 100%;\"><strong>OFICINES:<\/strong><\/p>\n<p>Tel. 697 57 07 39 (9-17h)<\/p>\n<p><em>oficinaterrassa@mediterranea-group.com<\/em><\/p>\n<p>COMPRA DE TIQUETS ESPOR\u00c0DICS: Raval de Montserrat 22, entresol A (9-13h \/ 15-17h)<\/td>\n<\/tr>\n<\/tbody>\n<\/table>\n<hr \/>\n<p><a href=\"https:\/\/agora.xtec.cat\/ceipabatmarcet\/wp-content\/uploads\/usu1494\/2025\/05\/Calendari-Activitats_JUNY-2025.pdf\">Calendari Activitats_JUNY 2025<\/a><\/p>\n<p><a href=\"https:\/\/agora.xtec.cat\/ceipabatmarcet\/wp-content\/uploads\/usu1494\/2025\/06\/Fulleto_maig-2025.pdf\">Fullet\u00f3_maig 2025<\/a><\/p>\n<p><a href=\"https:\/\/agora.xtec.cat\/ceipabatmarcet\/wp-content\/uploads\/usu1494\/2025\/05\/Calendari-Activitats_MAIG-2025.pdf\">Calendari Activitats_MAIG 2025<\/a><\/p>\n<p><a href=\"https:\/\/agora.xtec.cat\/ceipabatmarcet\/wp-content\/uploads\/usu1494\/2025\/05\/Fulleto_abril-2025.pdf\">Fullet\u00f3_abril 2025<\/a><\/p>\n<p><a href=\"https:\/\/agora.xtec.cat\/ceipabatmarcet\/wp-content\/uploads\/usu1494\/2025\/04\/Calendari-Activitats_ABRIL-2025.pdf\">Calendari Activitats_ABRIL 2025<\/a><\/p>\n<p><a href=\"https:\/\/agora.xtec.cat\/ceipabatmarcet\/wp-content\/uploads\/usu1494\/2025\/04\/Fulleto_MARC-2025.pdf\">Fullet\u00f3_MAR\u00c7 2025<\/a><\/p>\n<p><a href=\"https:\/\/agora.xtec.cat\/ceipabatmarcet\/wp-content\/uploads\/usu1494\/2025\/03\/Calendari-Activitats_MARC-2025.pdf\">Calendari Activitats_MAR\u00c7 2025<\/a><\/p>\n<p><a href=\"https:\/\/agora.xtec.cat\/ceipabatmarcet\/wp-content\/uploads\/usu1494\/2025\/03\/Fulleto_FEBRER-2025.pdf\">Fullet\u00f3_FEBRER 2025<\/a><\/p>\n<p><a href=\"https:\/\/agora.xtec.cat\/ceipabatmarcet\/wp-content\/uploads\/usu1494\/2025\/02\/Calendari-Activitats_-FEBRER-2025.pdf\">Calendari Activitats_ FEBRER 2025<\/a><\/p>\n<p><a href=\"https:\/\/agora.xtec.cat\/ceipabatmarcet\/wp-content\/uploads\/usu1494\/2025\/03\/Fulleto_FEBRER-2025.pdf\">Fullet\u00f3_ GENER 2025<\/a><\/p>\n<p>&nbsp;<\/p>\n<p>&nbsp;<\/p>\n<p>&nbsp;<\/p>\n","protected":false},"excerpt":{"rendered":"<p>El servei de menjador \u00e9s gestionat per l&#8217;empresa contractada per l&#8217;ajuntament (la mateixa per tot Terrassa) amb el seguiment global del Consell Escolar Municipal que fixa cada any el preu del men\u00fa d&#8217;acord amb la normativa que estableix el Departament d&#8217;Educaci\u00f3. Totes les escoles p\u00fabliques de Terrassa tenim un acord per oferir el mateix preu [&hellip;]<\/p>\n","protected":false},"author":1,"featured_media":0,"parent":66,"menu_order":30,"comment_status":"closed","ping_status":"closed","template":"","meta":{"_bbp_topic_count":0,"_bbp_reply_count":0,"_bbp_total_topic_count":0,"_bbp_total_reply_count":0,"_bbp_voice_count":0,"_bbp_anonymous_reply_count":0,"_bbp_topic_count_hidden":0,"_bbp_reply_count_hidden":0,"_bbp_forum_subforum_count":0,"site-sidebar-layout":"default","site-content-layout":"","ast-site-content-layout":"default","site-content-style":"default","site-sidebar-style":"default","ast-global-header-display":"","ast-banner-title-visibility":"","ast-main-header-display":"","ast-hfb-above-header-display":"","ast-hfb-below-header-display":"","ast-hfb-mobile-header-display":"","site-post-title":"","ast-breadcrumbs-content":"","ast-featured-img":"","footer-sml-layout":"","theme-transparent-header-meta":"default","adv-header-id-meta":"","stick-header-meta":"","header-above-stick-meta":"","header-main-stick-meta":"","header-below-stick-meta":"","astra-migrate-meta-layouts":"set","ast-page-background-enabled":"default","ast-page-background-meta":{"desktop":{"background-color":"var(--ast-global-color-4)","background-image":"","background-repeat":"repeat","background-position":"center center","background-size":"auto","background-attachment":"scroll","background-type":"","background-media":"","overlay-type":"","overlay-color":"","overlay-opacity":"","overlay-gradient":""},"tablet":{"background-color":"","background-image":"","background-repeat":"repeat","background-position":"center center","background-size":"auto","background-attachment":"scroll","background-type":"","background-media":"","overlay-type":"","overlay-color":"","overlay-opacity":"","overlay-gradient":""},"mobile":{"background-color":"","background-image":"","background-repeat":"repeat","background-position":"center center","background-size":"auto","background-attachment":"scroll","background-type":"","background-media":"","overlay-type":"","overlay-color":"","overlay-opacity":"","overlay-gradient":""}},"ast-content-background-meta":{"desktop":{"background-color":"var(--ast-global-color-5)","background-image":"","background-repeat":"repeat","background-position":"center center","background-size":"auto","background-attachment":"scroll","background-type":"","background-media":"","overlay-type":"","overlay-color":"","overlay-opacity":"","overlay-gradient":""},"tablet":{"background-color":"var(--ast-global-color-5)","background-image":"","background-repeat":"repeat","background-position":"center center","background-size":"auto","background-attachment":"scroll","background-type":"","background-media":"","overlay-type":"","overlay-color":"","overlay-opacity":"","overlay-gradient":""},"mobile":{"background-color":"var(--ast-global-color-5)","background-image":"","background-repeat":"repeat","background-position":"center center","background-size":"auto","background-attachment":"scroll","background-type":"","background-media":"","overlay-type":"","overlay-color":"","overlay-opacity":"","overlay-gradient":""}},"footnotes":""},"class_list":["post-73","page","type-page","status-publish","hentry"],"post_mailing_queue_ids":[],"_links":{"self":[{"href":"https:\/\/agora.xtec.cat\/ceipabatmarcet\/wp-json\/wp\/v2\/pages\/73","targetHints":{"allow":["GET"]}}],"collection":[{"href":"https:\/\/agora.xtec.cat\/ceipabatmarcet\/wp-json\/wp\/v2\/pages"}],"about":[{"href":"https:\/\/agora.xtec.cat\/ceipabatmarcet\/wp-json\/wp\/v2\/types\/page"}],"author":[{"embeddable":true,"href":"https:\/\/agora.xtec.cat\/ceipabatmarcet\/wp-json\/wp\/v2\/users\/1"}],"replies":[{"embeddable":true,"href":"https:\/\/agora.xtec.cat\/ceipabatmarcet\/wp-json\/wp\/v2\/comments?post=73"}],"version-history":[{"count":6,"href":"https:\/\/agora.xtec.cat\/ceipabatmarcet\/wp-json\/wp\/v2\/pages\/73\/revisions"}],"predecessor-version":[{"id":11137,"href":"https:\/\/agora.xtec.cat\/ceipabatmarcet\/wp-json\/wp\/v2\/pages\/73\/revisions\/11137"}],"up":[{"embeddable":true,"href":"https:\/\/agora.xtec.cat\/ceipabatmarcet\/wp-json\/wp\/v2\/pages\/66"}],"wp:attachment":[{"href":"https:\/\/agora.xtec.cat\/ceipabatmarcet\/wp-json\/wp\/v2\/media?parent=73"}],"curies":[{"name":"wp","href":"https:\/\/api.w.org\/{rel}","templated":true}]}}

<p>El servei de menjador és gestionat per l&#8217;empresa contractada per l&#8217;ajuntament (la mateixa per tot Terrassa) amb el seguiment global del Consell Escolar Municipal que fixa cada any el preu del menú d&#8217;acord amb la normativa que estableix el Departament d&#8217;Educació. Totes les escoles públiques de Terrassa tenim un acord per oferir el mateix preu a la ciutat.</p>
<p>Actualment l&#8217;empresa que es fa càrrec del servei és MEDITERRÀNEA.</p>
<p>L&#8217;escola ofereix el servei de menjador a tots/es els/les alumnes que el necessitin. Funciona des de les 12:30 fins les 15h. Es fan dos torns per poder acollir als/les alumnes d&#8217;infantil i primària. Un equip de monitors/es s&#8217;encarrega de la vigilància i bona marxa del servei sota la supervisió d&#8217;una coordinadora. L&#8217;equip, tant de cuina com de monitors/es, és el mateix des de fa uns anys, i això permet, encara més, oferir un servei de millor qualitat.</p>
<p>Es fa seguiment directe del funcionament del menjador des del centre per part d&#8217;una comissió de menjador formada per representants de l&#8217;empresa, de les famílies, dels docents i de l&#8217;equip directiu.</p>
<table style="border-collapse: collapse; width: 47.7921%;">
<tbody>
<tr>
<td style="width: 100%;">
<p style="text-align: center;"><a href="https://agora.xtec.cat/ceipabatmarcet/wp-content/uploads/usu1494/2024/06/INFORMACIO-MENJADOR-24-25_Abat-Marcet.pdf">I</a><a href="https://agora.xtec.cat/ceipabatmarcet/wp-content/uploads/usu1494/2025/07/Informacio_Menjador-25-26.pdf">nformació_Menjador 25-26</a></p>
<p style="text-align: center;"><a href="https://agora.xtec.cat/ceipabatmarcet/wp-content/uploads/usu1494/2025/07/Fitxa-Inscripcio-2025-2026.pdf">Fitxa Inscripció 2025-2026</a></p>
</td>
</tr>
</tbody>
</table>
<table style="border-collapse: collapse; width: 47.9363%;">
<tbody>
<tr>
<td style="width: 100%;">
<p style="text-align: center;"><a href="https://agora.xtec.cat/ceipabatmarcet/wp-content/uploads/usu1494/2026/04/menu-basal-abril-2026.pdf">menú basal abril 2026</a></p>
<p style="text-align: center;"><a href="https://agora.xtec.cat/ceipabatmarcet/wp-content/uploads/usu1494/2026/04/menus-derivades-abril-2026.pdf">menús derivades abril 2026</a></p>
</td>
</tr>
</tbody>
</table>
<table style="border-collapse: collapse; width: 47.719%; height: 103px;">
<tbody>
<tr style="height: 103px;">
<td style="width: 100%; height: 103px;">
<p style="text-align: center;"><a href="https://agora.xtec.cat/ceipabatmarcet/wp-content/uploads/usu1494/2026/02/menu-basal_marc-2026.pdf">menú basal_març 2026</a></p>
<p style="text-align: center;"><a href="https://agora.xtec.cat/ceipabatmarcet/wp-content/uploads/usu1494/2026/02/menus-derivades_marc-2026.pdf">menús derivades_març 2026</a></p>
</td>
</tr>
</tbody>
</table>
<p><a style="font-family: inherit; font-size: 1em;" href="https://agora.xtec.cat/ceipabatmarcet/wp-content/uploads/usu1494/2025/12/Calendari-Activitats_DESEMBRE-2025.pdf">Calendari Activitats_DESEMBRE 2025</a></p>
<p><a href="https://agora.xtec.cat/ceipabatmarcet/wp-content/uploads/usu1494/2025/12/Fulleto_novembre-2025.pdf">Fulletó_novembre 2025</a></p>
<p>&nbsp;</p>
<table style="width: 36.9668%; border-collapse: collapse; background-color: #e1f2ee; border-style: solid; border-color: #000000;">
<tbody>
<tr>
<td style="width: 100%;"><strong>COORDINADORA DE MENJADOR:</strong></p>
<p>Tel. 610 61 53 43 (11:00-15:15h)</p>
<p><em>col.abatmercet@mediterranea-group.com </em></td>
</tr>
</tbody>
</table>
<p>&nbsp;</p>
<table style="width: 56.872%; border-collapse: collapse; background-color: #faf6e3; border-style: solid; border-color: #000000;">
<tbody>
<tr>
<td style="width: 100%;"><strong>OFICINES:</strong></p>
<p>Tel. 697 57 07 39 (9-17h)</p>
<p><em>oficinaterrassa@mediterranea-group.com</em></p>
<p>COMPRA DE TIQUETS ESPORÀDICS: Raval de Montserrat 22, entresol A (9-13h / 15-17h)</td>
</tr>
</tbody>
</table>
<hr />
<p><a href="https://agora.xtec.cat/ceipabatmarcet/wp-content/uploads/usu1494/2025/05/Calendari-Activitats_JUNY-2025.pdf">Calendari Activitats_JUNY 2025</a></p>
<p><a href="https://agora.xtec.cat/ceipabatmarcet/wp-content/uploads/usu1494/2025/06/Fulleto_maig-2025.pdf">Fulletó_maig 2025</a></p>
<p><a href="https://agora.xtec.cat/ceipabatmarcet/wp-content/uploads/usu1494/2025/05/Calendari-Activitats_MAIG-2025.pdf">Calendari Activitats_MAIG 2025</a></p>
<p><a href="https://agora.xtec.cat/ceipabatmarcet/wp-content/uploads/usu1494/2025/05/Fulleto_abril-2025.pdf">Fulletó_abril 2025</a></p>
<p><a href="https://agora.xtec.cat/ceipabatmarcet/wp-content/uploads/usu1494/2025/04/Calendari-Activitats_ABRIL-2025.pdf">Calendari Activitats_ABRIL 2025</a></p>
<p><a href="https://agora.xtec.cat/ceipabatmarcet/wp-content/uploads/usu1494/2025/04/Fulleto_MARC-2025.pdf">Fulletó_MARÇ 2025</a></p>
<p><a href="https://agora.xtec.cat/ceipabatmarcet/wp-content/uploads/usu1494/2025/03/Calendari-Activitats_MARC-2025.pdf">Calendari Activitats_MARÇ 2025</a></p>
<p><a href="https://agora.xtec.cat/ceipabatmarcet/wp-content/uploads/usu1494/2025/03/Fulleto_FEBRER-2025.pdf">Fulletó_FEBRER 2025</a></p>
<p><a href="https://agora.xtec.cat/ceipabatmarcet/wp-content/uploads/usu1494/2025/02/Calendari-Activitats_-FEBRER-2025.pdf">Calendari Activitats_ FEBRER 2025</a></p>
<p><a href="https://agora.xtec.cat/ceipabatmarcet/wp-content/uploads/usu1494/2025/03/Fulleto_FEBRER-2025.pdf">Fulletó_ GENER 2025</a></p>
<p>&nbsp;</p>
<p>&nbsp;</p>
<p>&nbsp;</p>

<p>El servei de menjador és gestionat per l&#8217;empresa contractada per l&#8217;ajuntament (la mateixa per tot Terrassa) amb el seguiment global del Consell Escolar Municipal que fixa cada any el preu del menú d&#8217;acord amb la normativa que estableix el Departament d&#8217;Educació. Totes les escoles públiques de Terrassa tenim un acord per oferir el mateix preu [&hellip;]</p>
