{"id":4027,"date":"2020-11-10T15:30:11","date_gmt":"2020-11-10T14:30:11","guid":{"rendered":"https:\/\/agora.xtec.cat\/ceip-vila-parietes\/?page_id=4027"},"modified":"2026-02-18T12:57:23","modified_gmt":"2026-02-18T11:57:23","slug":"hort","status":"publish","type":"page","link":"https:\/\/agora.xtec.cat\/ceip-vila-parietes\/hort\/","title":{"rendered":"Hort"},"content":{"rendered":"<p>La comissi\u00f3 d&#8217;hort s&#8217;encarrega de gestionar, coordinar i mantenir els espais de cultiu.<\/p>\n<p>Es fa una selecci\u00f3 de les plantes i un horari perqu\u00e8 els alumnes puguin plantar i regar l&#8217;hort. Cuidem de les plantes que tenim distribu\u00efdes als patis.<\/p>\n<p><a href=\"https:\/\/photos.app.goo.gl\/sT33AkZ3Kng9cKgJA\">IMATGES<\/a><\/p>\n<p><a href=\"https:\/\/photos.app.goo.gl\/7jtmSNEyC74bXxaH6\" target=\"_blank\" rel=\"noopener noreferrer\">Qu\u00e8 fem?<\/a><\/p>\n","protected":false},"excerpt":{"rendered":"<p>La comissi\u00f3 d&#8217;hort s&#8217;encarrega de gestionar, coordinar i mantenir els espais de cultiu.<br \/>\nEs fa una selecci\u00f3 de les plantes i un horari perqu\u00e8 els alumnes puguin plantar i regar l&#8217;hort. Cuidem de les plantes que tenim distribu\u00efdes als patis.<br \/>\n<a href=\"https:\/\/photos.app.goo.gl\/sT33AkZ3Kng9cKgJA\">IMATGES<\/a><br \/>\n<a href=\"https:\/\/photos.app.goo.gl\/7jtmSNEyC74bXxaH6\" target=\"_blank\" rel=\"noopener noreferrer\">Qu\u00e8 fem?<\/a><\/p>\n","protected":false},"author":6,"featured_media":0,"parent":0,"menu_order":0,"comment_status":"closed","ping_status":"closed","template":"","meta":{"_bbp_topic_count":0,"_bbp_reply_count":0,"_bbp_total_topic_count":0,"_bbp_total_reply_count":0,"_bbp_voice_count":0,"_bbp_anonymous_reply_count":0,"_bbp_topic_count_hidden":0,"_bbp_reply_count_hidden":0,"_bbp_forum_subforum_count":0,"footnotes":""},"class_list":["post-4027","page","type-page","status-publish","hentry"],"post_mailing_queue_ids":[],"_links":{"self":[{"href":"https:\/\/agora.xtec.cat\/ceip-vila-parietes\/wp-json\/wp\/v2\/pages\/4027","targetHints":{"allow":["GET"]}}],"collection":[{"href":"https:\/\/agora.xtec.cat\/ceip-vila-parietes\/wp-json\/wp\/v2\/pages"}],"about":[{"href":"https:\/\/agora.xtec.cat\/ceip-vila-parietes\/wp-json\/wp\/v2\/types\/page"}],"author":[{"embeddable":true,"href":"https:\/\/agora.xtec.cat\/ceip-vila-parietes\/wp-json\/wp\/v2\/users\/6"}],"replies":[{"embeddable":true,"href":"https:\/\/agora.xtec.cat\/ceip-vila-parietes\/wp-json\/wp\/v2\/comments?post=4027"}],"version-history":[{"count":6,"href":"https:\/\/agora.xtec.cat\/ceip-vila-parietes\/wp-json\/wp\/v2\/pages\/4027\/revisions"}],"predecessor-version":[{"id":7828,"href":"https:\/\/agora.xtec.cat\/ceip-vila-parietes\/wp-json\/wp\/v2\/pages\/4027\/revisions\/7828"}],"wp:attachment":[{"href":"https:\/\/agora.xtec.cat\/ceip-vila-parietes\/wp-json\/wp\/v2\/media?parent=4027"}],"curies":[{"name":"wp","href":"https:\/\/api.w.org\/{rel}","templated":true}]}}