{"id":4026,"date":"2020-11-10T15:30:11","date_gmt":"2020-11-10T14:30:11","guid":{"rendered":"https:\/\/agora.xtec.cat\/ceip-vila-parietes\/?page_id=4026"},"modified":"2020-11-24T13:19:10","modified_gmt":"2020-11-24T12:19:10","slug":"decoracio-i-festes","status":"publish","type":"page","link":"https:\/\/agora.xtec.cat\/ceip-vila-parietes\/decoracio-i-festes\/","title":{"rendered":"Decoraci\u00f3 i festes"},"content":{"rendered":"<p>La comissi\u00f3 de decoraci\u00f3 s&#8217;encarrega de decorar l&#8217;escola segons l&#8217;\u00e8poca de l&#8217;any en la que ens trobem i tenint en compte les propostes dels alumnes de l&#8217;escola. A m\u00e9s, quan arriba alguna festa tradicional ajuden en l&#8217;organitzaci\u00f3 i realitzaci\u00f3 de les diferents activitats.<\/p>\n<p><a href=\"https:\/\/photos.app.goo.gl\/aPN7Qr8QbjsTtuUd6\" target=\"_blank\" rel=\"noopener noreferrer\">Qu\u00e8 fem?<\/a><\/p>\n","protected":false},"excerpt":{"rendered":"<p>La comissi\u00f3 de decoraci\u00f3 s&#8217;encarrega de decorar l&#8217;escola segons l&#8217;\u00e8poca de l&#8217;any en la que ens trobem i tenint en compte les propostes dels alumnes de l&#8217;escola. A m\u00e9s, quan arriba alguna festa tradicional ajuden en l&#8217;organitzaci\u00f3 i realitzaci\u00f3 de les diferents activitats.<br \/>\n<a href=\"https:\/\/photos.app.goo.gl\/aPN7Qr8QbjsTtuUd6\" target=\"_blank\"&hellip;  <a href=\"https:\/\/agora.xtec.cat\/ceip-vila-parietes\/decoracio-i-festes\/\" title=\"Read Decoraci\u00f3 i festes\">Llegeix m\u00e9s\u00bb<\/a><\/p>\n","protected":false},"author":6,"featured_media":0,"parent":0,"menu_order":0,"comment_status":"closed","ping_status":"closed","template":"","meta":{"_bbp_topic_count":0,"_bbp_reply_count":0,"_bbp_total_topic_count":0,"_bbp_total_reply_count":0,"_bbp_voice_count":0,"_bbp_anonymous_reply_count":0,"_bbp_topic_count_hidden":0,"_bbp_reply_count_hidden":0,"_bbp_forum_subforum_count":0,"footnotes":""},"class_list":["post-4026","page","type-page","status-publish","hentry"],"post_mailing_queue_ids":[],"_links":{"self":[{"href":"https:\/\/agora.xtec.cat\/ceip-vila-parietes\/wp-json\/wp\/v2\/pages\/4026","targetHints":{"allow":["GET"]}}],"collection":[{"href":"https:\/\/agora.xtec.cat\/ceip-vila-parietes\/wp-json\/wp\/v2\/pages"}],"about":[{"href":"https:\/\/agora.xtec.cat\/ceip-vila-parietes\/wp-json\/wp\/v2\/types\/page"}],"author":[{"embeddable":true,"href":"https:\/\/agora.xtec.cat\/ceip-vila-parietes\/wp-json\/wp\/v2\/users\/6"}],"replies":[{"embeddable":true,"href":"https:\/\/agora.xtec.cat\/ceip-vila-parietes\/wp-json\/wp\/v2\/comments?post=4026"}],"version-history":[{"count":3,"href":"https:\/\/agora.xtec.cat\/ceip-vila-parietes\/wp-json\/wp\/v2\/pages\/4026\/revisions"}],"predecessor-version":[{"id":4147,"href":"https:\/\/agora.xtec.cat\/ceip-vila-parietes\/wp-json\/wp\/v2\/pages\/4026\/revisions\/4147"}],"wp:attachment":[{"href":"https:\/\/agora.xtec.cat\/ceip-vila-parietes\/wp-json\/wp\/v2\/media?parent=4026"}],"curies":[{"name":"wp","href":"https:\/\/api.w.org\/{rel}","templated":true}]}}