{"id":26,"date":"2014-09-18T12:24:32","date_gmt":"2014-09-18T11:24:32","guid":{"rendered":"http:\/\/agora.xtec.cat\/ceip-vila-parietes\/\/?page_id=26"},"modified":"2019-12-03T13:52:36","modified_gmt":"2019-12-03T12:52:36","slug":"historia","status":"publish","type":"page","link":"https:\/\/agora.xtec.cat\/ceip-vila-parietes\/lescola\/historia\/","title":{"rendered":"Hist\u00f2ria"},"content":{"rendered":"<p><a href=\"http:\/\/agora.xtec.cat\/ceip-vila-parietes\/wp-content\/uploads\/usu267\/2014\/09\/pancarta.jpg\"><img loading=\"lazy\" decoding=\"async\" class=\"alignleft size-full wp-image-715\" src=\"http:\/\/agora.xtec.cat\/ceip-vila-parietes\/wp-content\/uploads\/usu267\/2014\/09\/pancarta.jpg\" alt=\"pancarta\" width=\"400\" height=\"300\" \/><\/a><br \/>\nL&#8217;escola Vila Parietes va n\u00e9ixer com escola de nova creaci\u00f3 el curs 2006-07. Aquest curs va estar situada en uns m\u00f2duls a la zona de l&#8217;Eixample. El curs 2007-08 es va estrenar la primera fase de l&#8217;edifici actual, tamb\u00e9 en la zona de l&#8217;Eixample, instal\u00b7lant-s\u2019hi l&#8217;Educaci\u00f3 Infantil. El curs 2009-2010 es va estrenar la segona fase de l&#8217;edifici, la part de Prim\u00e0ria conformant ja l&#8217;escola que som avui.<br \/>\nAl principi l&#8217;escola la van inaugurar quatre mestres que tenien al seu c\u00e0rrec els cursos de P3 i P4 amb 23 nens i nenes.<\/p>\n<p>Ben aviat es va constituir com a Comunitat d&#8217;Aprenentatge.<br \/>\nLes Comunitats d&#8217;Aprenentatge s\u00f3n escoles que formen part d&#8217;un projecte basat en un conjunt d&#8217;Actuacions Educatives d&#8217;\u00c8xit (Grups interactius, Tert\u00falies liter\u00e0ries, etc.) que s&#8217;ha demostrat cient\u00edficament que milloren el rendiment educatiu, la conviv\u00e8ncia del centre i del seu entorn.<\/p>\n<p>En el marc del seu projecte educatiu com a Comunitat d&#8217;Aprenentatge que \u00e9s, es dona molta import\u00e0ncia a la figura del voluntari amb la qual aconseguim portar a la pr\u00e0ctica dos elements clau en aquest model educatiu: les interaccions i la participaci\u00f3 en el centre de tots els membres de la comunitat.<br \/>\nL&#8217;escola Vila Parietes \u00e9s, per tant, una escola del barri i pel barri, oberta, catalana, inclusiva, i que intenta acollir amb els bra\u00e7os oberts no nom\u00e9s als nens i nenes que hi estudien sin\u00f3 al conjunt de les seves fam\u00edlies que poden viure des de dintre el proc\u00e9s educatiu dels seus fills i filles.<\/p>\n<p><a href=\"http:\/\/agora.xtec.cat\/ceip-vila-parietes\/wp-content\/uploads\/usu267\/2016\/06\/IMG.jpg\"><img loading=\"lazy\" decoding=\"async\" class=\"alignleft size-full wp-image-739\" src=\"http:\/\/agora.xtec.cat\/ceip-vila-parietes\/wp-content\/uploads\/usu267\/2016\/06\/IMG.jpg\" alt=\"IMG\" width=\"4492\" height=\"1873\" srcset=\"https:\/\/agora.xtec.cat\/ceip-vila-parietes\/wp-content\/uploads\/usu267\/2016\/06\/IMG.jpg 4492w, https:\/\/agora.xtec.cat\/ceip-vila-parietes\/wp-content\/uploads\/usu267\/2016\/06\/IMG-300x125.jpg 300w, https:\/\/agora.xtec.cat\/ceip-vila-parietes\/wp-content\/uploads\/usu267\/2016\/06\/IMG-768x320.jpg 768w, https:\/\/agora.xtec.cat\/ceip-vila-parietes\/wp-content\/uploads\/usu267\/2016\/06\/IMG-1024x427.jpg 1024w\" sizes=\"auto, (max-width: 4492px) 100vw, 4492px\" \/><\/a><\/p>\n","protected":false},"excerpt":{"rendered":"<p><a href=\"http:\/\/agora.xtec.cat\/ceip-vila-parietes\/wp-content\/uploads\/usu267\/2014\/09\/pancarta.jpg\"><\/a><br \/>\nL&#8217;escola Vila Parietes va n\u00e9ixer com escola de nova creaci\u00f3 el curs 2006-07. Aquest curs va estar situada en uns m\u00f2duls a la zona de l&#8217;Eixample. El curs 2007-08 es va estrenar la primera fase de l&#8217;edifici actual, tamb\u00e9 en la zona de l&#8217;Eixample,&hellip;  <a href=\"https:\/\/agora.xtec.cat\/ceip-vila-parietes\/lescola\/historia\/\" title=\"Read Hist\u00f2ria\">Llegeix m\u00e9s\u00bb<\/a><\/p>\n","protected":false},"author":2,"featured_media":0,"parent":22,"menu_order":2,"comment_status":"closed","ping_status":"closed","template":"page-templates\/side-menu.php","meta":{"_bbp_topic_count":0,"_bbp_reply_count":0,"_bbp_total_topic_count":0,"_bbp_total_reply_count":0,"_bbp_voice_count":0,"_bbp_anonymous_reply_count":0,"_bbp_topic_count_hidden":0,"_bbp_reply_count_hidden":0,"_bbp_forum_subforum_count":0,"footnotes":""},"class_list":["post-26","page","type-page","status-publish","hentry"],"post_mailing_queue_ids":[],"_links":{"self":[{"href":"https:\/\/agora.xtec.cat\/ceip-vila-parietes\/wp-json\/wp\/v2\/pages\/26","targetHints":{"allow":["GET"]}}],"collection":[{"href":"https:\/\/agora.xtec.cat\/ceip-vila-parietes\/wp-json\/wp\/v2\/pages"}],"about":[{"href":"https:\/\/agora.xtec.cat\/ceip-vila-parietes\/wp-json\/wp\/v2\/types\/page"}],"author":[{"embeddable":true,"href":"https:\/\/agora.xtec.cat\/ceip-vila-parietes\/wp-json\/wp\/v2\/users\/2"}],"replies":[{"embeddable":true,"href":"https:\/\/agora.xtec.cat\/ceip-vila-parietes\/wp-json\/wp\/v2\/comments?post=26"}],"version-history":[{"count":4,"href":"https:\/\/agora.xtec.cat\/ceip-vila-parietes\/wp-json\/wp\/v2\/pages\/26\/revisions"}],"predecessor-version":[{"id":2516,"href":"https:\/\/agora.xtec.cat\/ceip-vila-parietes\/wp-json\/wp\/v2\/pages\/26\/revisions\/2516"}],"up":[{"embeddable":true,"href":"https:\/\/agora.xtec.cat\/ceip-vila-parietes\/wp-json\/wp\/v2\/pages\/22"}],"wp:attachment":[{"href":"https:\/\/agora.xtec.cat\/ceip-vila-parietes\/wp-json\/wp\/v2\/media?parent=26"}],"curies":[{"name":"wp","href":"https:\/\/api.w.org\/{rel}","templated":true}]}}