{"id":2438,"date":"2019-11-06T13:32:33","date_gmt":"2019-11-06T12:32:33","guid":{"rendered":"https:\/\/agora.xtec.cat\/ceip-vila-parietes\/?page_id=2438"},"modified":"2022-11-30T13:32:16","modified_gmt":"2022-11-30T12:32:16","slug":"el-nostre-projecte","status":"publish","type":"page","link":"https:\/\/agora.xtec.cat\/ceip-vila-parietes\/el-nostre-projecte\/","title":{"rendered":"EL NOSTRE PROJECTE: Comunitat d&#8217;Aprenentatge"},"content":{"rendered":"<p>El Vila Parietes \u00e9s una <strong>Comunitat d\u2019Aprenentatge: <\/strong>un model d\u2019escola inclusiva, vinculada amb el barri i un espai on les fam\u00edlies participen en l\u2019educaci\u00f3 dels infants. Aquest model educatiu est\u00e0 en conson\u00e0ncia amb les teories cient\u00edfiques a nivell internacional, que destaquen dos factors claus per a l\u2019aprenentatge: les INTERACCIONS i la PARTICIPACI\u00d3 de la tota la comunitat educativa.<\/p>\n<p>Les <strong>actuacions d\u2019\u00e8xit<\/strong> que realitzem com a comunitat d&#8217;aprenentatge s\u00f3n: els grups interactius, les tert\u00falies liter\u00e0ries dial\u00f2giques, l\u2019extensi\u00f3 del temps d\u2019aprenentatge amb la biblioteca tutoritzada i el club dels valents (gesti\u00f3 dial\u00f2gica de la resoluci\u00f3 de conflictes).<\/p>\n<p><span style=\"text-decoration: underline;\">Els principis com a comunitat d&#8217;aprenentatge:<\/span><\/p>\n<ul>\n<li>Tots els nens i nenes tenen capacitat per aprendre.<\/li>\n<li>La necessitat d\u2019augmentar totes les interaccions que potencien l\u2019aprenentatge i d\u2019utilitzar tots els mitjans i recursos per aconseguir el m\u00e0xim nivell d\u2019aprenentatge.<\/li>\n<li>La col\u00b7laboraci\u00f3 es fa des d\u2019un di\u00e0leg igualitari.<\/li>\n<li>La diversitat cultural, de capacitats&#8230; \u00e9s enriquidora i produeix m\u00e9s aprenentatge si s\u2019aprofita al m\u00e0xim.<\/li>\n<li>La solidaritat \u00e9s criteri de funcionament del centre, de l\u2019aula i de tota\u00a0 la comunitat educativa.<\/li>\n<\/ul>\n<p><strong>\u00a0<a href=\"https:\/\/photos.app.goo.gl\/iPccTnE3iAfGf9xv5\">FOTOS<\/a><\/strong><\/p>\n","protected":false},"excerpt":{"rendered":"<p>El Vila Parietes \u00e9s una Comunitat d\u2019Aprenentatge: un model d\u2019escola inclusiva, vinculada amb el barri i un espai on les fam\u00edlies participen en l\u2019educaci\u00f3 dels infants. Aquest model educatiu est\u00e0 en conson\u00e0ncia amb les teories cient\u00edfiques a nivell internacional, que destaquen dos factors claus per&hellip;  <a href=\"https:\/\/agora.xtec.cat\/ceip-vila-parietes\/el-nostre-projecte\/\" title=\"Read EL NOSTRE PROJECTE: Comunitat d&#8217;Aprenentatge\">Llegeix m\u00e9s\u00bb<\/a><\/p>\n","protected":false},"author":6,"featured_media":0,"parent":0,"menu_order":0,"comment_status":"closed","ping_status":"closed","template":"","meta":{"_bbp_topic_count":0,"_bbp_reply_count":0,"_bbp_total_topic_count":0,"_bbp_total_reply_count":0,"_bbp_voice_count":0,"_bbp_anonymous_reply_count":0,"_bbp_topic_count_hidden":0,"_bbp_reply_count_hidden":0,"_bbp_forum_subforum_count":0,"footnotes":""},"class_list":["post-2438","page","type-page","status-publish","hentry"],"post_mailing_queue_ids":[],"_links":{"self":[{"href":"https:\/\/agora.xtec.cat\/ceip-vila-parietes\/wp-json\/wp\/v2\/pages\/2438","targetHints":{"allow":["GET"]}}],"collection":[{"href":"https:\/\/agora.xtec.cat\/ceip-vila-parietes\/wp-json\/wp\/v2\/pages"}],"about":[{"href":"https:\/\/agora.xtec.cat\/ceip-vila-parietes\/wp-json\/wp\/v2\/types\/page"}],"author":[{"embeddable":true,"href":"https:\/\/agora.xtec.cat\/ceip-vila-parietes\/wp-json\/wp\/v2\/users\/6"}],"replies":[{"embeddable":true,"href":"https:\/\/agora.xtec.cat\/ceip-vila-parietes\/wp-json\/wp\/v2\/comments?post=2438"}],"version-history":[{"count":3,"href":"https:\/\/agora.xtec.cat\/ceip-vila-parietes\/wp-json\/wp\/v2\/pages\/2438\/revisions"}],"predecessor-version":[{"id":6172,"href":"https:\/\/agora.xtec.cat\/ceip-vila-parietes\/wp-json\/wp\/v2\/pages\/2438\/revisions\/6172"}],"wp:attachment":[{"href":"https:\/\/agora.xtec.cat\/ceip-vila-parietes\/wp-json\/wp\/v2\/media?parent=2438"}],"curies":[{"name":"wp","href":"https:\/\/api.w.org\/{rel}","templated":true}]}}