{"id":2405,"date":"2019-11-02T10:03:13","date_gmt":"2019-11-02T09:03:13","guid":{"rendered":"https:\/\/agora.xtec.cat\/ceip-vila-parietes\/?page_id=2405"},"modified":"2023-06-29T14:22:35","modified_gmt":"2023-06-29T12:22:35","slug":"el-club-dels-valents","status":"publish","type":"page","link":"https:\/\/agora.xtec.cat\/ceip-vila-parietes\/el-club-dels-valents\/","title":{"rendered":"Resoluci\u00f3 de conflictes: El Club dels Valents i el Club Lila"},"content":{"rendered":"<p>&nbsp;<\/p>\n<h1>&#8220;EL CLUB LILA&#8221;<\/h1>\n<p><iframe loading=\"lazy\" title=\"Club Lila\" width=\"500\" height=\"281\" src=\"https:\/\/www.youtube.com\/embed\/pGYkVpXoBeg?feature=oembed\" frameborder=\"0\" allow=\"accelerometer; autoplay; clipboard-write; encrypted-media; gyroscope; picture-in-picture; web-share\" referrerpolicy=\"strict-origin-when-cross-origin\" allowfullscreen><\/iframe><\/p>\n<h1><\/h1>\n<h1>&#8220;El Club dels Valents&#8221;<\/h1>\n<p>El projecte del Club dels Valents \u00e9s una actuaci\u00f3 d\u2019\u00e8xit de les comunitats d\u2019aprenentatge, \u00e9s un m\u00e8tode de resoluci\u00f3 de conflictes basat en el di\u00e0leg on es treballa la prevenci\u00f3 i el tractament de la viol\u00e8ncia per combatre tant la desigualtat com la viol\u00e8ncia de g\u00e8nere o l\u2019assetjament escolar.<\/p>\n<p>L\u2019objectiu \u00e9s la total intoler\u00e0ncia a qualsevol tipus de viol\u00e8ncia. Per aconseguir aix\u00f2 cal crear \u201cla norma\u201d de l&#8217;escola que reguli les accions de tots els membres de la comunitat, amb el treball conjunt de fam\u00edlies, alumnes, mestres i personal no docent del centre.<\/p>\n<p>&nbsp;<\/p>\n<p><iframe loading=\"lazy\" src=\"https:\/\/www.youtube.com\/embed\/AqdC5EkrCtg\" width=\"900\" height=\"600\" frameborder=\"0\"><span style=\"display: inline-block; width: 0px; overflow: hidden; line-height: 0;\" data-mce-type=\"bookmark\" class=\"mce_SELRES_start\">\ufeff<\/span><span style=\"display: inline-block; width: 0px; overflow: hidden; line-height: 0;\" data-mce-type=\"bookmark\" class=\"mce_SELRES_start\">\ufeff<\/span><\/iframe><\/p>\n","protected":false},"excerpt":{"rendered":"<p>&nbsp;<br \/>\n&#8220;EL CLUB LILA&#8221;<\/p>\n<p>&#8220;El Club dels Valents&#8221;<br \/>\nEl projecte del Club dels Valents \u00e9s una actuaci\u00f3 d\u2019\u00e8xit de les comunitats d\u2019aprenentatge, \u00e9s un m\u00e8tode de resoluci\u00f3 de conflictes basat en el di\u00e0leg on es treballa la prevenci\u00f3 i el tractament de la viol\u00e8ncia per combatre tant la&hellip;  <a href=\"https:\/\/agora.xtec.cat\/ceip-vila-parietes\/el-club-dels-valents\/\" title=\"Read Resoluci\u00f3 de conflictes: El Club dels Valents i el Club Lila\">Llegeix m\u00e9s\u00bb<\/a><\/p>\n","protected":false},"author":6,"featured_media":0,"parent":0,"menu_order":0,"comment_status":"closed","ping_status":"closed","template":"","meta":{"_bbp_topic_count":0,"_bbp_reply_count":0,"_bbp_total_topic_count":0,"_bbp_total_reply_count":0,"_bbp_voice_count":0,"_bbp_anonymous_reply_count":0,"_bbp_topic_count_hidden":0,"_bbp_reply_count_hidden":0,"_bbp_forum_subforum_count":0,"footnotes":""},"class_list":["post-2405","page","type-page","status-publish","hentry"],"post_mailing_queue_ids":[],"_links":{"self":[{"href":"https:\/\/agora.xtec.cat\/ceip-vila-parietes\/wp-json\/wp\/v2\/pages\/2405","targetHints":{"allow":["GET"]}}],"collection":[{"href":"https:\/\/agora.xtec.cat\/ceip-vila-parietes\/wp-json\/wp\/v2\/pages"}],"about":[{"href":"https:\/\/agora.xtec.cat\/ceip-vila-parietes\/wp-json\/wp\/v2\/types\/page"}],"author":[{"embeddable":true,"href":"https:\/\/agora.xtec.cat\/ceip-vila-parietes\/wp-json\/wp\/v2\/users\/6"}],"replies":[{"embeddable":true,"href":"https:\/\/agora.xtec.cat\/ceip-vila-parietes\/wp-json\/wp\/v2\/comments?post=2405"}],"version-history":[{"count":5,"href":"https:\/\/agora.xtec.cat\/ceip-vila-parietes\/wp-json\/wp\/v2\/pages\/2405\/revisions"}],"predecessor-version":[{"id":6627,"href":"https:\/\/agora.xtec.cat\/ceip-vila-parietes\/wp-json\/wp\/v2\/pages\/2405\/revisions\/6627"}],"wp:attachment":[{"href":"https:\/\/agora.xtec.cat\/ceip-vila-parietes\/wp-json\/wp\/v2\/media?parent=2405"}],"curies":[{"name":"wp","href":"https:\/\/api.w.org\/{rel}","templated":true}]}}