{"id":64,"date":"2014-09-18T12:39:08","date_gmt":"2014-09-18T11:39:08","guid":{"rendered":"http:\/\/agora.xtec.cat\/ceip-valdelors-vandellos\/?page_id=64"},"modified":"2025-10-06T18:57:15","modified_gmt":"2025-10-06T16:57:15","slug":"projecte-educatiu","status":"publish","type":"page","link":"https:\/\/agora.xtec.cat\/ceip-valdelors-vandellos\/projecte-educatiu\/","title":{"rendered":"Projectes educatius i d&#8217;innovaci\u00f3 del VALDELORS"},"content":{"rendered":"\n<p>PROJECTE : S\u00ed a la salut integral                                                   PROJECTE EUROPOEU #BEACTIVE<\/p>\n\n\n\n<figure class=\"wp-block-gallery has-nested-images columns-default wp-block-gallery-1 is-layout-flex wp-block-gallery-is-layout-flex\"><div class=\"wp-block-image\">\n<figure class=\"alignleft size-large\"><a href=\"https:\/\/www.programasi.org\/\"><img loading=\"lazy\" decoding=\"async\" width=\"624\" height=\"220\" data-id=\"13520\" src=\"https:\/\/agora.xtec.cat\/ceip-valdelors-vandellos\/wp-content\/uploads\/usu1532\/2025\/10\/si_salut3.jpg\" alt=\"\" class=\"wp-image-13520\" srcset=\"https:\/\/agora.xtec.cat\/ceip-valdelors-vandellos\/wp-content\/uploads\/usu1532\/2025\/10\/si_salut3.jpg 624w, https:\/\/agora.xtec.cat\/ceip-valdelors-vandellos\/wp-content\/uploads\/usu1532\/2025\/10\/si_salut3-300x106.jpg 300w\" sizes=\"auto, (max-width: 624px) 100vw, 624px\" \/><\/a><\/figure><\/div><\/figure>\n\n\n<table style=\"width: 98.928%; border-collapse: collapse; background-color: #ffffff; height: 1117px;\">\n<tbody>\n<tr style=\"height: 88px;\">\n<td style=\"width: 50.0555%; text-align: center; border-style: hidden; background-color: #ffffff; height: 88px;\">\n<h5><strong>COMUNITATS D&#8217;APRENENTATGE<\/strong><\/h5>\n<\/td>\n<td style=\"width: 48.9841%; text-align: center; border-style: hidden; background-color: #ffffff; height: 88px;\">\n<h5><strong>PROJECTE DE GENERACI\u00d3 PLURILING\u00dcE (GEP)<\/strong><\/h5>\n<p><em>Aprendre lleng\u00fces estrangeres a trav\u00e9s de les mat\u00e8ries.<\/em><\/p>\n<\/td>\n<\/tr>\n<tr style=\"height: 188px;\">\n<td style=\"width: 50.0555%; text-align: center; border-style: hidden; background-color: #ffffff; height: 188px;\"><a href=\"https:\/\/xtec.gencat.cat\/ca\/projectes\/comunitats\/\" target=\"_blank\" rel=\"noopener\"><img loading=\"lazy\" decoding=\"async\" class=\"aligncenter wp-image-10128\" src=\"https:\/\/agora.xtec.cat\/ceip-valdelors-vandellos\/wp-content\/uploads\/usu1532\/2024\/02\/comunitat_aprenentatge-300x300.png\" alt=\"\" width=\"245\" height=\"245\" srcset=\"https:\/\/agora.xtec.cat\/ceip-valdelors-vandellos\/wp-content\/uploads\/usu1532\/2024\/02\/comunitat_aprenentatge-300x300.png 300w, https:\/\/agora.xtec.cat\/ceip-valdelors-vandellos\/wp-content\/uploads\/usu1532\/2024\/02\/comunitat_aprenentatge-150x150.png 150w, https:\/\/agora.xtec.cat\/ceip-valdelors-vandellos\/wp-content\/uploads\/usu1532\/2024\/02\/comunitat_aprenentatge.png 538w\" sizes=\"auto, (max-width: 245px) 100vw, 245px\" \/><\/a><\/td>\n<td style=\"width: 48.9841%; text-align: center; border-style: hidden; background-color: #ffffff; height: 188px;\"><a href=\"https:\/\/xtec.gencat.cat\/ca\/projectes\/plurilinguisme\/programes\/institucionals\/gep\/\" target=\"_blank\" rel=\"noopener\"><img loading=\"lazy\" decoding=\"async\" class=\"aligncenter wp-image-9976 size-medium\" src=\"https:\/\/agora.xtec.cat\/ceip-valdelors-vandellos\/wp-content\/uploads\/usu1532\/2024\/01\/GEP-Valdelors-1-300x139.jpg\" alt=\"\" width=\"300\" height=\"139\" srcset=\"https:\/\/agora.xtec.cat\/ceip-valdelors-vandellos\/wp-content\/uploads\/usu1532\/2024\/01\/GEP-Valdelors-1-300x139.jpg 300w, https:\/\/agora.xtec.cat\/ceip-valdelors-vandellos\/wp-content\/uploads\/usu1532\/2024\/01\/GEP-Valdelors-1.jpg 648w\" sizes=\"auto, (max-width: 300px) 100vw, 300px\" \/><\/a><\/td>\n<\/tr>\n<tr style=\"height: 30px;\">\n<td style=\"width: 50.0555%; border-style: hidden; background-color: #ffffff; height: 30px;\">\u00a0<\/td>\n<td style=\"width: 48.9841%; border-style: hidden; background-color: #ffffff; height: 30px;\">\u00a0<\/td>\n<\/tr>\n<tr style=\"height: 30px;\">\n<td style=\"width: 50.0555%; border-style: hidden; background-color: #ffffff; height: 30px;\">\u00a0<\/td>\n<td style=\"width: 48.9841%; border-style: hidden; background-color: #ffffff; height: 30px;\">\u00a0<\/td>\n<\/tr>\n<tr style=\"height: 88px;\">\n<td style=\"width: 50.0555%; border-style: hidden; text-align: center; height: 88px; background-color: #ffffff;\">\n<h5><strong>PLA CATAL\u00c0 DE L&#8217;ESPORT<\/strong><\/h5>\n<p><em>Promoci\u00f3 de l&#8217;esport escolar\u00a0<\/em><\/p>\n<\/td>\n<td style=\"width: 48.9841%; text-align: center; border-style: hidden; height: 88px; background-color: #ffffff;\">\n<h5><strong>NANOINVENTUM<\/strong><\/h5>\n<p><em>Projecte ci\u00e8ncia i la nanotecnologia <\/em><\/p>\n<\/td>\n<\/tr>\n<tr style=\"height: 240px;\">\n<td style=\"width: 50.0555%; border-style: hidden; background-color: #ffffff; text-align: center; height: 240px;\"><a href=\"https:\/\/xtec.gencat.cat\/ca\/comunitat\/esportescola\/\" target=\"_blank\" rel=\"noopener\"><img loading=\"lazy\" decoding=\"async\" class=\"aligncenter wp-image-9970 \" src=\"https:\/\/agora.xtec.cat\/ceip-valdelors-vandellos\/wp-content\/uploads\/usu1532\/2024\/01\/pcee.png-300x173.png\" alt=\"\" width=\"342\" height=\"197\" srcset=\"https:\/\/agora.xtec.cat\/ceip-valdelors-vandellos\/wp-content\/uploads\/usu1532\/2024\/01\/pcee.png-300x173.png 300w, https:\/\/agora.xtec.cat\/ceip-valdelors-vandellos\/wp-content\/uploads\/usu1532\/2024\/01\/pcee.png.png 500w\" sizes=\"auto, (max-width: 342px) 100vw, 342px\" \/><\/a><\/td>\n<td style=\"width: 48.9841%; text-align: center; border-style: hidden; background-color: #ffffff; height: 240px;\"><a href=\"https:\/\/www.nanoinventum.com\/\"><img loading=\"lazy\" decoding=\"async\" class=\"alignnone wp-image-11887\" src=\"https:\/\/agora.xtec.cat\/ceip-valdelors-vandellos\/wp-content\/uploads\/usu1532\/2024\/10\/RRCC.Imagen_90f5.jpg\" alt=\"\" width=\"426\" height=\"216\" srcset=\"https:\/\/agora.xtec.cat\/ceip-valdelors-vandellos\/wp-content\/uploads\/usu1532\/2024\/10\/RRCC.Imagen_90f5.jpg 966w, https:\/\/agora.xtec.cat\/ceip-valdelors-vandellos\/wp-content\/uploads\/usu1532\/2024\/10\/RRCC.Imagen_90f5-300x152.jpg 300w, https:\/\/agora.xtec.cat\/ceip-valdelors-vandellos\/wp-content\/uploads\/usu1532\/2024\/10\/RRCC.Imagen_90f5-768x389.jpg 768w\" sizes=\"auto, (max-width: 426px) 100vw, 426px\" \/><\/a><\/td>\n<\/tr>\n<tr style=\"height: 30px;\">\n<td style=\"width: 50.0555%; border-style: hidden; background-color: #ffffff; height: 30px;\">\u00a0<\/td>\n<td style=\"width: 48.9841%; border-style: hidden; background-color: #ffffff; height: 30px;\">\u00a0<\/td>\n<\/tr>\n<tr style=\"height: 30px;\">\n<td style=\"width: 50.0555%; border-style: hidden; background-color: #ffffff; height: 30px;\">\u00a0<\/td>\n<td style=\"width: 48.9841%; border-style: hidden; background-color: #ffffff; height: 30px;\">\u00a0<\/td>\n<\/tr>\n<tr style=\"height: 48px;\">\n<td style=\"width: 50.0555%; border-style: hidden; background-color: #ffffff; text-align: center; height: 48px;\">\n<h5><strong>FIRST LEGO LEAGUE<\/strong><\/h5>\n<\/td>\n<td style=\"width: 48.9841%; text-align: center; border-style: hidden; background-color: #ffffff; height: 48px;\">\n<h5><strong>HORT AMB ELS IAIOS<\/strong><\/h5>\n<\/td>\n<\/tr>\n<tr style=\"height: 315px;\">\n<td style=\"width: 50.0555%; border-style: hidden; background-color: #ffffff; text-align: center; height: 315px;\"><a href=\"https:\/\/www.firstlegoleague.soy\/\" target=\"_blank\" rel=\"noopener\"><img loading=\"lazy\" decoding=\"async\" class=\"aligncenter wp-image-9973 size-medium\" src=\"https:\/\/agora.xtec.cat\/ceip-valdelors-vandellos\/wp-content\/uploads\/usu1532\/2024\/01\/First-Lego-League-300x104.png\" alt=\"\" width=\"300\" height=\"104\" srcset=\"https:\/\/agora.xtec.cat\/ceip-valdelors-vandellos\/wp-content\/uploads\/usu1532\/2024\/01\/First-Lego-League-300x104.png 300w, https:\/\/agora.xtec.cat\/ceip-valdelors-vandellos\/wp-content\/uploads\/usu1532\/2024\/01\/First-Lego-League-768x267.png 768w, https:\/\/agora.xtec.cat\/ceip-valdelors-vandellos\/wp-content\/uploads\/usu1532\/2024\/01\/First-Lego-League.png 898w\" sizes=\"auto, (max-width: 300px) 100vw, 300px\" \/><\/a><\/td>\n<td style=\"width: 48.9841%; text-align: center; border-style: hidden; background-color: #ffffff; height: 315px;\"><a href=\"https:\/\/agora.xtec.cat\/ceip-valdelors-vandellos\/projecte-educatiu\/projecte-els-ecosistemes-i-lhortet\/\"><img loading=\"lazy\" decoding=\"async\" class=\"aligncenter wp-image-10109 size-full\" src=\"https:\/\/agora.xtec.cat\/ceip-valdelors-vandellos\/wp-content\/uploads\/usu1532\/2024\/02\/Lhort-al-Valdelors.png\" alt=\"\" width=\"298\" height=\"184\" \/><\/a><\/td>\n<\/tr>\n<tr style=\"height: 88px;\">\n<td style=\"width: 50.0555%; border-style: hidden; text-align: center; height: 88px; background-color: #ffffff;\">\u00a0<\/td>\n<td style=\"width: 48.9841%; border-style: hidden; background-color: #ffffff; height: 30px;\">\u00a0<\/td>\n<\/tr>\n<tr>\n<td style=\"width: 50.0555%; border-style: hidden; text-align: center; background-color: #ffffff;\">\n<h5>\u00a0<\/h5>\n<h5><strong>PROJECTE AULES STEAM PROJECTE <\/strong><\/h5>\n<p><span class=\"Y2IQFc\" lang=\"ca\"><em>Science, Technology, Engineering and Mathematics<\/em><\/span><\/p>\n<h5><strong><a href=\"https:\/\/agora.xtec.cat\/ceip-valdelors-vandellos\/projecte-educatiu\/projecte-steam\/\"><img loading=\"lazy\" decoding=\"async\" class=\"wp-image-9980 aligncenter\" src=\"https:\/\/agora.xtec.cat\/ceip-valdelors-vandellos\/wp-content\/uploads\/usu1532\/2024\/01\/logobo-300x225.png\" alt=\"\" width=\"395\" height=\"296\" srcset=\"https:\/\/agora.xtec.cat\/ceip-valdelors-vandellos\/wp-content\/uploads\/usu1532\/2024\/01\/logobo-300x225.png 300w, https:\/\/agora.xtec.cat\/ceip-valdelors-vandellos\/wp-content\/uploads\/usu1532\/2024\/01\/logobo-768x576.png 768w, https:\/\/agora.xtec.cat\/ceip-valdelors-vandellos\/wp-content\/uploads\/usu1532\/2024\/01\/logobo-200x150.png 200w, https:\/\/agora.xtec.cat\/ceip-valdelors-vandellos\/wp-content\/uploads\/usu1532\/2024\/01\/logobo.png 960w\" sizes=\"auto, (max-width: 395px) 100vw, 395px\" \/><\/a><\/strong><\/h5>\n<\/td>\n<td style=\"width: 48.9841%; border-style: hidden; background-color: #ffffff;\">\n<h5 style=\"text-align: center;\"><strong>CENTRES EN DANSA PER LA INCLUSI\u00d3\u00a0<\/strong><\/h5>\n<p style=\"text-align: center;\">Projecte per una escola per a totes i tots<\/p>\n<p><a href=\"https:\/\/projectes.xtec.cat\/educacioinclusiva\/\"><img loading=\"lazy\" decoding=\"async\" class=\" wp-image-11886 aligncenter\" src=\"https:\/\/agora.xtec.cat\/ceip-valdelors-vandellos\/wp-content\/uploads\/usu1532\/2024\/10\/Centres-de-dansa-per-la-inclusio.png\" alt=\"\" width=\"355\" height=\"238\" srcset=\"https:\/\/agora.xtec.cat\/ceip-valdelors-vandellos\/wp-content\/uploads\/usu1532\/2024\/10\/Centres-de-dansa-per-la-inclusio.png 410w, https:\/\/agora.xtec.cat\/ceip-valdelors-vandellos\/wp-content\/uploads\/usu1532\/2024\/10\/Centres-de-dansa-per-la-inclusio-300x201.png 300w\" sizes=\"auto, (max-width: 355px) 100vw, 355px\" \/><\/a><\/p>\n<\/td>\n<\/tr>\n<\/tbody>\n<\/table>\n<h5 style=\"text-align: center;\">\u00a0<\/h5>","protected":false},"excerpt":{"rendered":"<p>PROJECTE : S\u00ed a la salut integral                                      &hellip;  <a href=\"https:\/\/agora.xtec.cat\/ceip-valdelors-vandellos\/projecte-educatiu\/\" title=\"Read Projectes educatius i d&#8217;innovaci\u00f3 del VALDELORS\">Llegeix m\u00e9s\u00bb<\/a><\/p>\n","protected":false},"author":1,"featured_media":0,"parent":0,"menu_order":0,"comment_status":"closed","ping_status":"closed","template":"page-templates\/side-menu.php","meta":{"_bbp_topic_count":0,"_bbp_reply_count":0,"_bbp_total_topic_count":0,"_bbp_total_reply_count":0,"_bbp_voice_count":0,"_bbp_anonymous_reply_count":0,"_bbp_topic_count_hidden":0,"_bbp_reply_count_hidden":0,"_bbp_forum_subforum_count":0,"footnotes":""},"class_list":["post-64","page","type-page","status-publish","hentry"],"post_mailing_queue_ids":[],"_links":{"self":[{"href":"https:\/\/agora.xtec.cat\/ceip-valdelors-vandellos\/wp-json\/wp\/v2\/pages\/64","targetHints":{"allow":["GET"]}}],"collection":[{"href":"https:\/\/agora.xtec.cat\/ceip-valdelors-vandellos\/wp-json\/wp\/v2\/pages"}],"about":[{"href":"https:\/\/agora.xtec.cat\/ceip-valdelors-vandellos\/wp-json\/wp\/v2\/types\/page"}],"author":[{"embeddable":true,"href":"https:\/\/agora.xtec.cat\/ceip-valdelors-vandellos\/wp-json\/wp\/v2\/users\/1"}],"replies":[{"embeddable":true,"href":"https:\/\/agora.xtec.cat\/ceip-valdelors-vandellos\/wp-json\/wp\/v2\/comments?post=64"}],"version-history":[{"count":6,"href":"https:\/\/agora.xtec.cat\/ceip-valdelors-vandellos\/wp-json\/wp\/v2\/pages\/64\/revisions"}],"predecessor-version":[{"id":13523,"href":"https:\/\/agora.xtec.cat\/ceip-valdelors-vandellos\/wp-json\/wp\/v2\/pages\/64\/revisions\/13523"}],"wp:attachment":[{"href":"https:\/\/agora.xtec.cat\/ceip-valdelors-vandellos\/wp-json\/wp\/v2\/media?parent=64"}],"curies":[{"name":"wp","href":"https:\/\/api.w.org\/{rel}","templated":true}]}}