{"id":558,"date":"2017-03-01T16:03:01","date_gmt":"2017-03-01T15:03:01","guid":{"rendered":"http:\/\/agora.xtec.cat\/ceip-valdelors-vandellos\/?page_id=558"},"modified":"2025-10-06T14:45:11","modified_gmt":"2025-10-06T12:45:11","slug":"projecte-biblioteca","status":"publish","type":"page","link":"https:\/\/agora.xtec.cat\/ceip-valdelors-vandellos\/projecte-educatiu\/projecte-biblioteca\/","title":{"rendered":"Projecte Comunitats d&#8217;aprenentatge"},"content":{"rendered":"<p>Les comunitats d\u2019aprenentatge s\u00f3n un projecte de transformaci\u00f3 social i cultural basat en l\u2019aplicaci\u00f3 d\u2019aquelles actuacions educatives d\u2019\u00e8xit (AEE) de les quals s\u2019ha demostrat cient\u00edficament que milloren el rendiment educatiu i la conviv\u00e8ncia. Les comunitats d\u2019aprenentatge impliquen totes les persones que, de forma directa o indirecta, influeixen en l\u2019aprenentatge i el desenvolupament dels estudiants, incloent-hi mestres, professors, familiars, membres d\u2019associacions i organitzacions ve\u00efnals i locals i persones volunt\u00e0ries.<\/p>\n<p>La transformaci\u00f3 est\u00e0 orientada cap a un somni d\u2019escola en el qual tota la comunitat educativa i l\u2019entorn participen de manera igualit\u00e0ria, per convertir les dificultats en possibilitats i millorar les expectatives d\u2019\u00e8xit educatiu de tots els alumnes. Partint dels somnis de tota la comunitat educativa, a trav\u00e9s del di\u00e0leg i basant-se en les evid\u00e8ncies cient\u00edfiques, aquest projecte est\u00e0 aconseguint un doble objectiu: superar el frac\u00e0s escolar i enfortir la conviv\u00e8ncia.<\/p>\n<p>M\u00c9S INFORMACI\u00d3:<\/p>\n<p><a href=\"https:\/\/hipatiapress.com\/index\/2024\/08\/02\/guia-conunidades-de-aprendizaje\/\">https:\/\/hipatiapress.com\/index\/2024\/08\/02\/guia-conunidades-de-aprendizaje\/<\/a><\/p>\n<p>L\u2019escola Valdelors va inicia el cam\u00ed en el Projecte de Comunitats d\u2019Aprenentatge amb la presensibilitzaci\u00f3 el curs 2023-24 la formaci\u00f3 a centre es va dur a terme per Rosa Carb\u00f3, Irene Ortoll i Cristina Pena.<\/p>\n<p>Despr\u00e9s vam realitzar amb tota la comunitat educativa la FESTA DEL SOMNI, que \u00e9s el punt de partida del projecte.<\/p>\n<p><a href=\"https:\/\/agora.xtec.cat\/ceip-valdelors-vandellos\/wp-content\/uploads\/usu1532\/2024\/07\/Cartell-scaled.jpg\"><img loading=\"lazy\" decoding=\"async\" class=\"wp-image-11515 aligncenter\" src=\"https:\/\/agora.xtec.cat\/ceip-valdelors-vandellos\/wp-content\/uploads\/usu1532\/2024\/07\/Cartell-scaled.jpg\" alt=\"\" width=\"628\" height=\"471\" srcset=\"https:\/\/agora.xtec.cat\/ceip-valdelors-vandellos\/wp-content\/uploads\/usu1532\/2024\/07\/Cartell-scaled.jpg 2560w, https:\/\/agora.xtec.cat\/ceip-valdelors-vandellos\/wp-content\/uploads\/usu1532\/2024\/07\/Cartell-300x225.jpg 300w, https:\/\/agora.xtec.cat\/ceip-valdelors-vandellos\/wp-content\/uploads\/usu1532\/2024\/07\/Cartell-1024x768.jpg 1024w, https:\/\/agora.xtec.cat\/ceip-valdelors-vandellos\/wp-content\/uploads\/usu1532\/2024\/07\/Cartell-768x576.jpg 768w, https:\/\/agora.xtec.cat\/ceip-valdelors-vandellos\/wp-content\/uploads\/usu1532\/2024\/07\/Cartell-1536x1152.jpg 1536w, https:\/\/agora.xtec.cat\/ceip-valdelors-vandellos\/wp-content\/uploads\/usu1532\/2024\/07\/Cartell-2048x1536.jpg 2048w, https:\/\/agora.xtec.cat\/ceip-valdelors-vandellos\/wp-content\/uploads\/usu1532\/2024\/07\/Cartell-200x150.jpg 200w\" sizes=\"auto, (max-width: 628px) 100vw, 628px\" \/><\/a><\/p>\n<p style=\"text-align: center;\"><a href=\"https:\/\/agora.xtec.cat\/ceip-valdelors-vandellos\/general\/festa-del-somni-i-fi-de-curs\/\">https:\/\/agora.xtec.cat\/ceip-valdelors-vandellos\/general\/festa-del-somni-i-fi-de-curs\/<\/a><\/p>\n<p>Els mestres es formen cada any per tal de poder desenvolupar aquest projecte.<\/p>\n<p>Membres de la nostra comunitat educativa assisteixen a les trobades d\u2019Odissea participant a les tert\u00falies liter\u00e0ries programades.<\/p>\n<h2><span style=\"color: #0000ff;\"><strong>LES ACTIVITATS EDUCATIVES D&#8217;\u00c8XIT. AEE<\/strong><\/span><\/h2>\n<h3>GRUPS INTERACTIUS<\/h3>\n<p><a href=\"https:\/\/agora.xtec.cat\/ceip-valdelors-vandellos\/wp-content\/uploads\/usu1532\/2025\/10\/4.jpg\"><img loading=\"lazy\" decoding=\"async\" class=\"alignnone size-full wp-image-13514\" src=\"https:\/\/agora.xtec.cat\/ceip-valdelors-vandellos\/wp-content\/uploads\/usu1532\/2025\/10\/4.jpg\" alt=\"\" width=\"1587\" height=\"2245\" srcset=\"https:\/\/agora.xtec.cat\/ceip-valdelors-vandellos\/wp-content\/uploads\/usu1532\/2025\/10\/4.jpg 1587w, https:\/\/agora.xtec.cat\/ceip-valdelors-vandellos\/wp-content\/uploads\/usu1532\/2025\/10\/4-212x300.jpg 212w, https:\/\/agora.xtec.cat\/ceip-valdelors-vandellos\/wp-content\/uploads\/usu1532\/2025\/10\/4-724x1024.jpg 724w, https:\/\/agora.xtec.cat\/ceip-valdelors-vandellos\/wp-content\/uploads\/usu1532\/2025\/10\/4-768x1086.jpg 768w, https:\/\/agora.xtec.cat\/ceip-valdelors-vandellos\/wp-content\/uploads\/usu1532\/2025\/10\/4-1086x1536.jpg 1086w, https:\/\/agora.xtec.cat\/ceip-valdelors-vandellos\/wp-content\/uploads\/usu1532\/2025\/10\/4-1448x2048.jpg 1448w\" sizes=\"auto, (max-width: 1587px) 100vw, 1587px\" \/><\/a><\/p>\n<p><a href=\"https:\/\/agora.xtec.cat\/ceip-valdelors-vandellos\/wp-content\/uploads\/usu1532\/2025\/10\/5.jpg\"><img loading=\"lazy\" decoding=\"async\" class=\"alignnone size-full wp-image-13515\" src=\"https:\/\/agora.xtec.cat\/ceip-valdelors-vandellos\/wp-content\/uploads\/usu1532\/2025\/10\/5.jpg\" alt=\"\" width=\"1587\" height=\"2245\" srcset=\"https:\/\/agora.xtec.cat\/ceip-valdelors-vandellos\/wp-content\/uploads\/usu1532\/2025\/10\/5.jpg 1587w, https:\/\/agora.xtec.cat\/ceip-valdelors-vandellos\/wp-content\/uploads\/usu1532\/2025\/10\/5-212x300.jpg 212w, https:\/\/agora.xtec.cat\/ceip-valdelors-vandellos\/wp-content\/uploads\/usu1532\/2025\/10\/5-724x1024.jpg 724w, https:\/\/agora.xtec.cat\/ceip-valdelors-vandellos\/wp-content\/uploads\/usu1532\/2025\/10\/5-768x1086.jpg 768w, https:\/\/agora.xtec.cat\/ceip-valdelors-vandellos\/wp-content\/uploads\/usu1532\/2025\/10\/5-1086x1536.jpg 1086w, https:\/\/agora.xtec.cat\/ceip-valdelors-vandellos\/wp-content\/uploads\/usu1532\/2025\/10\/5-1448x2048.jpg 1448w\" sizes=\"auto, (max-width: 1587px) 100vw, 1587px\" \/><\/a> <a href=\"https:\/\/agora.xtec.cat\/ceip-valdelors-vandellos\/wp-content\/uploads\/usu1532\/2025\/10\/6.jpg\"><img loading=\"lazy\" decoding=\"async\" class=\"alignnone size-full wp-image-13516\" src=\"https:\/\/agora.xtec.cat\/ceip-valdelors-vandellos\/wp-content\/uploads\/usu1532\/2025\/10\/6.jpg\" alt=\"\" width=\"1587\" height=\"2245\" srcset=\"https:\/\/agora.xtec.cat\/ceip-valdelors-vandellos\/wp-content\/uploads\/usu1532\/2025\/10\/6.jpg 1587w, https:\/\/agora.xtec.cat\/ceip-valdelors-vandellos\/wp-content\/uploads\/usu1532\/2025\/10\/6-212x300.jpg 212w, https:\/\/agora.xtec.cat\/ceip-valdelors-vandellos\/wp-content\/uploads\/usu1532\/2025\/10\/6-724x1024.jpg 724w, https:\/\/agora.xtec.cat\/ceip-valdelors-vandellos\/wp-content\/uploads\/usu1532\/2025\/10\/6-768x1086.jpg 768w, https:\/\/agora.xtec.cat\/ceip-valdelors-vandellos\/wp-content\/uploads\/usu1532\/2025\/10\/6-1086x1536.jpg 1086w, https:\/\/agora.xtec.cat\/ceip-valdelors-vandellos\/wp-content\/uploads\/usu1532\/2025\/10\/6-1448x2048.jpg 1448w\" sizes=\"auto, (max-width: 1587px) 100vw, 1587px\" \/><\/a><\/p>\n<h3><strong>TERT\u00daLIES PEDAG\u00d2GIQUES<\/strong><\/h3>\n<h3><strong><span style=\"font-size: revert; color: initial;\">BIBLIOTECA TUTORITZADA<\/span><\/strong><\/h3>\n<p><span style=\"font-size: revert; color: initial;\">En el projecte de biblioteca treballem els seg\u00fcents apartats:<\/span><\/p>\n<ul class=\"sub-menu menu-even sub-sub-menu menu-depth-2\">\n<li id=\"nav-menu-item-569\" class=\"sub-menu-item sub-sub-menu-item menu-item-even menu-item-depth-2 menu-item menu-item-type-post_type menu-item-object-page\"><a class=\"menu-link sub-menu-link\" href=\"http:\/\/agora.xtec.cat\/ceip-valdelors-vandellos\/projecte-educatiu\/projecte-biblioteca\/padrins-de-lectura\/\">Padrins de lectura<\/a><\/li>\n<\/ul>\n<p>A partir d&#8217;aquest curs els alumnes podran consultar els llibres de la nostra biblioteca mitjan\u00e7ant eP\u00e8rgam:<\/p>\n<p><a href=\"http:\/\/xtec.gencat.cat\/ca\/projectes\/biblioteca\/epergam\/entorn-consulta\/escoles\/\">http:\/\/xtec.gencat.cat\/ca\/projectes\/biblioteca\/epergam\/entorn-consulta\/escoles\/<\/a><\/p>\n<p>En aquest enlla\u00e7 tant pares com alumnes poden buscar els llibres que tenim registrats a la Biblioteca. Al enlla\u00e7 trobeu totes les biblioteques escolars registrades, per buscar la nostra ho podeu fer manualment o pitjar els botons del teclat Ctrl+ F i \u00fas sortir\u00e0 un cercador on posant: ESCOLA VALDELORS el trobareu m\u00e9s r\u00e0pid. Un cop trobeu l\u2019escola Valdelors\u00a0 cliqueu a sobre.<\/p>\n","protected":false},"excerpt":{"rendered":"<p>Les comunitats d\u2019aprenentatge s\u00f3n un projecte de transformaci\u00f3 social i cultural basat en l\u2019aplicaci\u00f3 d\u2019aquelles actuacions educatives d\u2019\u00e8xit (AEE) de les quals s\u2019ha demostrat cient\u00edficament que milloren el rendiment educatiu i la conviv\u00e8ncia. Les comunitats d\u2019aprenentatge impliquen totes les persones que, de forma directa o&hellip;  <a href=\"https:\/\/agora.xtec.cat\/ceip-valdelors-vandellos\/projecte-educatiu\/projecte-biblioteca\/\" title=\"Read Projecte Comunitats d&#8217;aprenentatge\">Llegeix m\u00e9s\u00bb<\/a><\/p>\n","protected":false},"author":1,"featured_media":0,"parent":64,"menu_order":11,"comment_status":"closed","ping_status":"closed","template":"page-templates\/side-menu.php","meta":{"_bbp_topic_count":0,"_bbp_reply_count":0,"_bbp_total_topic_count":0,"_bbp_total_reply_count":0,"_bbp_voice_count":0,"_bbp_anonymous_reply_count":0,"_bbp_topic_count_hidden":0,"_bbp_reply_count_hidden":0,"_bbp_forum_subforum_count":0,"footnotes":""},"class_list":["post-558","page","type-page","status-publish","hentry"],"post_mailing_queue_ids":[],"_links":{"self":[{"href":"https:\/\/agora.xtec.cat\/ceip-valdelors-vandellos\/wp-json\/wp\/v2\/pages\/558","targetHints":{"allow":["GET"]}}],"collection":[{"href":"https:\/\/agora.xtec.cat\/ceip-valdelors-vandellos\/wp-json\/wp\/v2\/pages"}],"about":[{"href":"https:\/\/agora.xtec.cat\/ceip-valdelors-vandellos\/wp-json\/wp\/v2\/types\/page"}],"author":[{"embeddable":true,"href":"https:\/\/agora.xtec.cat\/ceip-valdelors-vandellos\/wp-json\/wp\/v2\/users\/1"}],"replies":[{"embeddable":true,"href":"https:\/\/agora.xtec.cat\/ceip-valdelors-vandellos\/wp-json\/wp\/v2\/comments?post=558"}],"version-history":[{"count":4,"href":"https:\/\/agora.xtec.cat\/ceip-valdelors-vandellos\/wp-json\/wp\/v2\/pages\/558\/revisions"}],"predecessor-version":[{"id":13517,"href":"https:\/\/agora.xtec.cat\/ceip-valdelors-vandellos\/wp-json\/wp\/v2\/pages\/558\/revisions\/13517"}],"up":[{"embeddable":true,"href":"https:\/\/agora.xtec.cat\/ceip-valdelors-vandellos\/wp-json\/wp\/v2\/pages\/64"}],"wp:attachment":[{"href":"https:\/\/agora.xtec.cat\/ceip-valdelors-vandellos\/wp-json\/wp\/v2\/media?parent=558"}],"curies":[{"name":"wp","href":"https:\/\/api.w.org\/{rel}","templated":true}]}}