{"id":198,"date":"2015-05-13T18:53:55","date_gmt":"2015-05-13T17:53:55","guid":{"rendered":"http:\/\/agora.xtec.cat\/ceip-vaixell-burriac-vilassar\/?page_id=198"},"modified":"2023-11-22T16:30:47","modified_gmt":"2023-11-22T15:30:47","slug":"secretaria","status":"publish","type":"page","link":"https:\/\/agora.xtec.cat\/ceip-vaixell-burriac-vilassar\/secretaria\/","title":{"rendered":"Secretaria. Horari d&#8217;atenci\u00f3"},"content":{"rendered":"<h4>Horari d&#8217;atenci\u00f3 a les fam\u00edlies:<\/h4>\n<p>&nbsp;<\/p>\n<table>\n<tbody>\n<tr>\n<td><span style=\"color: #008080;\"><strong>Administrativa<\/strong><\/span><\/td>\n<td>Dilluns a divendres<\/p>\n<p>Matins: 8:30h a 14h<\/p>\n<p>Tardes: 15h a 17h<\/td>\n<td>Jornada compactada al mes de juny:<\/p>\n<p>Dilluns a divendres: 8h a 15h<\/td>\n<\/tr>\n<\/tbody>\n<\/table>\n<p>&nbsp;<\/p>\n<p>-Podeu concertar hores d&#8217;atenci\u00f3 amb trucada pr\u00e8via.<\/p>\n","protected":false},"excerpt":{"rendered":"<p>Horari d&#8217;atenci\u00f3 a les fam\u00edlies:<br \/>\n&nbsp;<\/p>\n<p>Administrativa<br \/>\nDilluns a divendres<br \/>\nMatins: 8:30h a 14h<br \/>\nTardes: 15h a 17h<br \/>\nJornada compactada al mes de juny:<br \/>\nDilluns a divendres: 8h a 15h<\/p>\n<p>&nbsp;<br \/>\n-Podeu concertar hores d&#8217;atenci\u00f3 amb trucada pr\u00e8via.<\/p>\n","protected":false},"author":1,"featured_media":0,"parent":0,"menu_order":0,"comment_status":"closed","ping_status":"closed","template":"page-templates\/side-menu.php","meta":{"_bbp_topic_count":0,"_bbp_reply_count":0,"_bbp_total_topic_count":0,"_bbp_total_reply_count":0,"_bbp_voice_count":0,"_bbp_anonymous_reply_count":0,"_bbp_topic_count_hidden":0,"_bbp_reply_count_hidden":0,"_bbp_forum_subforum_count":0,"footnotes":""},"class_list":["post-198","page","type-page","status-publish","hentry"],"post_mailing_queue_ids":[],"_links":{"self":[{"href":"https:\/\/agora.xtec.cat\/ceip-vaixell-burriac-vilassar\/wp-json\/wp\/v2\/pages\/198","targetHints":{"allow":["GET"]}}],"collection":[{"href":"https:\/\/agora.xtec.cat\/ceip-vaixell-burriac-vilassar\/wp-json\/wp\/v2\/pages"}],"about":[{"href":"https:\/\/agora.xtec.cat\/ceip-vaixell-burriac-vilassar\/wp-json\/wp\/v2\/types\/page"}],"author":[{"embeddable":true,"href":"https:\/\/agora.xtec.cat\/ceip-vaixell-burriac-vilassar\/wp-json\/wp\/v2\/users\/1"}],"replies":[{"embeddable":true,"href":"https:\/\/agora.xtec.cat\/ceip-vaixell-burriac-vilassar\/wp-json\/wp\/v2\/comments?post=198"}],"version-history":[{"count":4,"href":"https:\/\/agora.xtec.cat\/ceip-vaixell-burriac-vilassar\/wp-json\/wp\/v2\/pages\/198\/revisions"}],"predecessor-version":[{"id":12778,"href":"https:\/\/agora.xtec.cat\/ceip-vaixell-burriac-vilassar\/wp-json\/wp\/v2\/pages\/198\/revisions\/12778"}],"wp:attachment":[{"href":"https:\/\/agora.xtec.cat\/ceip-vaixell-burriac-vilassar\/wp-json\/wp\/v2\/media?parent=198"}],"curies":[{"name":"wp","href":"https:\/\/api.w.org\/{rel}","templated":true}]}}