{"id":5182,"date":"2026-01-14T16:08:39","date_gmt":"2026-01-14T15:08:39","guid":{"rendered":"https:\/\/agora.xtec.cat\/ceip-v-aleixandre\/?page_id=5182"},"modified":"2026-01-14T17:14:49","modified_gmt":"2026-01-14T16:14:49","slug":"pad-pla-datencio-a-la-diversitat","status":"publish","type":"page","link":"https:\/\/agora.xtec.cat\/ceip-v-aleixandre\/pad-pla-datencio-a-la-diversitat\/","title":{"rendered":"PAD (Pla d&#8217;atenci\u00f3 a la diversitat)"},"content":{"rendered":"<p><strong>El Pla d\u2019Atenci\u00f3\u00a0 a la Diversitat \u00e9s un document del centre que recull i regula tots els aspectes relacionats amb el tractament de la diversitat <\/strong>en qualsevol de les seves modalitats.<\/p>\n<p><strong>L\u2019atenci\u00f3 educativa a la nostra escola es porta a terme en un context educatiu inclusiu<\/strong>. Aquesta requereix la implicaci\u00f3 i el comprom\u00eds de tota la comunitat educativa per promoure les oportunitats educatives i oferir les accions i actuacions organitzades destinades a facilitar l\u2019acc\u00e9s a l\u2019aprenentatge i a la participaci\u00f3, a fi de permetre el progr\u00e9s de tot l\u2019alumnat, prevenir les dificultats de l\u2019aprenentatge i assegurar un millor ajustament entre les capacitats dels infants i el context educatiu.<\/p>\n<p>El nostre Projecte Educatiu\u00a0 t\u00e9 com a eix vertebrador la personalitzaci\u00f3 de l\u2019aprenentatge oferint entorns flexibles amb opcions variades i respostes ajustades en funci\u00f3 de les necessitats de cada alumne\/a per tal d\u2019afavorir el seu desenvolupament personal i social. Per donar resposta a tot l\u2019alumnat duem a terme diferents<strong> mesures i suports (universals, addicionals i intensives) en funci\u00f3 de les necessitats de l\u2019infant, per\u00f2 principalment tenim el Disseny Universal de l\u2019Aprenentatge (DUA)<\/strong> tot facilitant un marc de refer\u00e8ncia per a la creaci\u00f3 de contextos d\u2019aprenentatge en els quals es proporcionen m\u00faltiples maneres de presentar la informaci\u00f3, m\u00faltiples maneres d\u2019acci\u00f3 i representaci\u00f3 i m\u00faltiples maneres de comprometre&#8217;s.<\/p>\n<p>Podeu veure el document <strong><a href=\"https:\/\/drive.google.com\/file\/d\/1-tcSnS2JJSzfVc2KdXdQVqaFZIfhvCv_\/view?usp=drive_link\">aqu\u00ed<\/a><\/strong><\/p>\n","protected":false},"excerpt":{"rendered":"<p>El Pla d\u2019Atenci\u00f3\u00a0 a la Diversitat \u00e9s un document del centre que recull i regula tots els aspectes relacionats amb el tractament de la diversitat en qualsevol de les seves modalitats. L\u2019atenci\u00f3 educativa a la nostra escola es porta a terme en un context educatiu inclusiu. Aquesta requereix la implicaci\u00f3 i el comprom\u00eds de tota [&hellip;]<\/p>\n","protected":false},"author":1,"featured_media":0,"parent":0,"menu_order":0,"comment_status":"closed","ping_status":"closed","template":"","meta":{"_bbp_topic_count":0,"_bbp_reply_count":0,"_bbp_total_topic_count":0,"_bbp_total_reply_count":0,"_bbp_voice_count":0,"_bbp_anonymous_reply_count":0,"_bbp_topic_count_hidden":0,"_bbp_reply_count_hidden":0,"_bbp_forum_subforum_count":0,"site-sidebar-layout":"default","site-content-layout":"","ast-site-content-layout":"default","site-content-style":"default","site-sidebar-style":"default","ast-global-header-display":"","ast-banner-title-visibility":"","ast-main-header-display":"","ast-hfb-above-header-display":"","ast-hfb-below-header-display":"","ast-hfb-mobile-header-display":"","site-post-title":"","ast-breadcrumbs-content":"","ast-featured-img":"","footer-sml-layout":"","theme-transparent-header-meta":"default","adv-header-id-meta":"","stick-header-meta":"","header-above-stick-meta":"","header-main-stick-meta":"","header-below-stick-meta":"","astra-migrate-meta-layouts":"set","ast-page-background-enabled":"default","ast-page-background-meta":{"desktop":{"background-color":"var(--ast-global-color-4)","background-image":"","background-repeat":"repeat","background-position":"center center","background-size":"auto","background-attachment":"scroll","background-type":"","background-media":"","overlay-type":"","overlay-color":"","overlay-opacity":"","overlay-gradient":""},"tablet":{"background-color":"","background-image":"","background-repeat":"repeat","background-position":"center center","background-size":"auto","background-attachment":"scroll","background-type":"","background-media":"","overlay-type":"","overlay-color":"","overlay-opacity":"","overlay-gradient":""},"mobile":{"background-color":"","background-image":"","background-repeat":"repeat","background-position":"center center","background-size":"auto","background-attachment":"scroll","background-type":"","background-media":"","overlay-type":"","overlay-color":"","overlay-opacity":"","overlay-gradient":""}},"ast-content-background-meta":{"desktop":{"background-color":"var(--ast-global-color-5)","background-image":"","background-repeat":"repeat","background-position":"center center","background-size":"auto","background-attachment":"scroll","background-type":"","background-media":"","overlay-type":"","overlay-color":"","overlay-opacity":"","overlay-gradient":""},"tablet":{"background-color":"var(--ast-global-color-5)","background-image":"","background-repeat":"repeat","background-position":"center center","background-size":"auto","background-attachment":"scroll","background-type":"","background-media":"","overlay-type":"","overlay-color":"","overlay-opacity":"","overlay-gradient":""},"mobile":{"background-color":"var(--ast-global-color-5)","background-image":"","background-repeat":"repeat","background-position":"center center","background-size":"auto","background-attachment":"scroll","background-type":"","background-media":"","overlay-type":"","overlay-color":"","overlay-opacity":"","overlay-gradient":""}},"footnotes":""},"class_list":["post-5182","page","type-page","status-publish","hentry"],"post_mailing_queue_ids":[],"_links":{"self":[{"href":"https:\/\/agora.xtec.cat\/ceip-v-aleixandre\/wp-json\/wp\/v2\/pages\/5182","targetHints":{"allow":["GET"]}}],"collection":[{"href":"https:\/\/agora.xtec.cat\/ceip-v-aleixandre\/wp-json\/wp\/v2\/pages"}],"about":[{"href":"https:\/\/agora.xtec.cat\/ceip-v-aleixandre\/wp-json\/wp\/v2\/types\/page"}],"author":[{"embeddable":true,"href":"https:\/\/agora.xtec.cat\/ceip-v-aleixandre\/wp-json\/wp\/v2\/users\/1"}],"replies":[{"embeddable":true,"href":"https:\/\/agora.xtec.cat\/ceip-v-aleixandre\/wp-json\/wp\/v2\/comments?post=5182"}],"version-history":[{"count":6,"href":"https:\/\/agora.xtec.cat\/ceip-v-aleixandre\/wp-json\/wp\/v2\/pages\/5182\/revisions"}],"predecessor-version":[{"id":5212,"href":"https:\/\/agora.xtec.cat\/ceip-v-aleixandre\/wp-json\/wp\/v2\/pages\/5182\/revisions\/5212"}],"wp:attachment":[{"href":"https:\/\/agora.xtec.cat\/ceip-v-aleixandre\/wp-json\/wp\/v2\/media?parent=5182"}],"curies":[{"name":"wp","href":"https:\/\/api.w.org\/{rel}","templated":true}]}}