{"id":5103,"date":"2026-01-09T16:08:37","date_gmt":"2026-01-09T15:08:37","guid":{"rendered":"https:\/\/agora.xtec.cat\/ceip-v-aleixandre\/?page_id=5103"},"modified":"2026-01-14T14:59:54","modified_gmt":"2026-01-14T13:59:54","slug":"transformacio-despais","status":"publish","type":"page","link":"https:\/\/agora.xtec.cat\/ceip-v-aleixandre\/transformacio-despais\/","title":{"rendered":"Espais Educatius"},"content":{"rendered":"<p style=\"text-align: justify;\"><b>Els nostres espais, els espais dels infants<\/b><\/p>\n<p style=\"text-align: justify;\"><span style=\"font-weight: 400;\">L\u2019escola \u00e9s molt m\u00e9s que un conjunt d\u2019edificis: \u00e9s un espai viu, on cada rac\u00f3 parla, acull i educa. Els espais de l\u2019escola estan pensats perqu\u00e8 l\u2019infant se senti protagonista, perqu\u00e8 pugui cr\u00e9ixer, explorar, imaginar i compartir. <\/span><span style=\"font-weight: 400;\">Cadascun dels edificis i espais que conformen el nostre centre contribueix, amb la seva atmosfera, a fer que l\u2019aprenentatge sigui una experi\u00e8ncia plena i significativa.<\/span><\/p>\n<p style=\"text-align: justify;\"><span style=\"font-weight: 400;\">A l\u2019Edifici d\u2019Educaci\u00f3 infantil hi ha les aules d\u2019I3, I4 i I5. S\u00f3n espais acollidors, lluminosos, oberts i amplis, i cada detall est\u00e0 pensat per fomentar el benestar, l\u2019autonomia i la curiositat. <\/span><span style=\"font-weight: 400;\">A l\u2019edifici principal hi ha les aules d\u2019Educaci\u00f3 prim\u00e0ria i les estances administratives i de serveis. Tant les aules, situades al primer i segon pis, com els espais comuns i sales de trobada ofereixen un clima harm\u00f2nic, c\u00e0lid i proper que acull i inspira. La tria de materials, la selecci\u00f3 de mobiliari i la distribuci\u00f3 de les estances estan especialment pensades per adaptar-se a cada situaci\u00f3 i donar resposta al ritme de cada infant.<\/span><\/p>\n<p style=\"text-align: justify;\"><span style=\"font-weight: 400;\">Els espais exteriors pretenen donar continu\u00eftat al que ocorre a l\u2019interior. S\u00f3n espais oberts, assolellats i plens de vida, amb diferents zones que conviden a la calma, la connexi\u00f3 amb la natura o l\u2019activitat f\u00edsica. \u00c9s un lloc on trobar-se, experimentar i aprendre a trav\u00e9s del moviment i la interacci\u00f3 amb l\u2019entorn.<\/span><\/p>\n<p style=\"text-align: justify;\"><b>Visita els nostres espais del cicle de petits, mitjans i grans&#8230;<\/b><\/p>\n<p>&nbsp;<\/p>\n<p style=\"text-align: justify;\">\n","protected":false},"excerpt":{"rendered":"<p>Els nostres espais, els espais dels infants L\u2019escola \u00e9s molt m\u00e9s que un conjunt d\u2019edificis: \u00e9s un espai viu, on cada rac\u00f3 parla, acull i educa. Els espais de l\u2019escola estan pensats perqu\u00e8 l\u2019infant se senti protagonista, perqu\u00e8 pugui cr\u00e9ixer, explorar, imaginar i compartir. Cadascun dels edificis i espais que conformen el nostre centre contribueix, [&hellip;]<\/p>\n","protected":false},"author":1,"featured_media":0,"parent":0,"menu_order":0,"comment_status":"closed","ping_status":"closed","template":"","meta":{"_bbp_topic_count":0,"_bbp_reply_count":0,"_bbp_total_topic_count":0,"_bbp_total_reply_count":0,"_bbp_voice_count":0,"_bbp_anonymous_reply_count":0,"_bbp_topic_count_hidden":0,"_bbp_reply_count_hidden":0,"_bbp_forum_subforum_count":0,"site-sidebar-layout":"default","site-content-layout":"","ast-site-content-layout":"default","site-content-style":"default","site-sidebar-style":"default","ast-global-header-display":"","ast-banner-title-visibility":"","ast-main-header-display":"","ast-hfb-above-header-display":"","ast-hfb-below-header-display":"","ast-hfb-mobile-header-display":"","site-post-title":"","ast-breadcrumbs-content":"","ast-featured-img":"","footer-sml-layout":"","theme-transparent-header-meta":"default","adv-header-id-meta":"","stick-header-meta":"","header-above-stick-meta":"","header-main-stick-meta":"","header-below-stick-meta":"","astra-migrate-meta-layouts":"set","ast-page-background-enabled":"default","ast-page-background-meta":{"desktop":{"background-color":"var(--ast-global-color-4)","background-image":"","background-repeat":"repeat","background-position":"center center","background-size":"auto","background-attachment":"scroll","background-type":"","background-media":"","overlay-type":"","overlay-color":"","overlay-opacity":"","overlay-gradient":""},"tablet":{"background-color":"","background-image":"","background-repeat":"repeat","background-position":"center center","background-size":"auto","background-attachment":"scroll","background-type":"","background-media":"","overlay-type":"","overlay-color":"","overlay-opacity":"","overlay-gradient":""},"mobile":{"background-color":"","background-image":"","background-repeat":"repeat","background-position":"center center","background-size":"auto","background-attachment":"scroll","background-type":"","background-media":"","overlay-type":"","overlay-color":"","overlay-opacity":"","overlay-gradient":""}},"ast-content-background-meta":{"desktop":{"background-color":"var(--ast-global-color-5)","background-image":"","background-repeat":"repeat","background-position":"center center","background-size":"auto","background-attachment":"scroll","background-type":"","background-media":"","overlay-type":"","overlay-color":"","overlay-opacity":"","overlay-gradient":""},"tablet":{"background-color":"var(--ast-global-color-5)","background-image":"","background-repeat":"repeat","background-position":"center center","background-size":"auto","background-attachment":"scroll","background-type":"","background-media":"","overlay-type":"","overlay-color":"","overlay-opacity":"","overlay-gradient":""},"mobile":{"background-color":"var(--ast-global-color-5)","background-image":"","background-repeat":"repeat","background-position":"center center","background-size":"auto","background-attachment":"scroll","background-type":"","background-media":"","overlay-type":"","overlay-color":"","overlay-opacity":"","overlay-gradient":""}},"footnotes":""},"class_list":["post-5103","page","type-page","status-publish","hentry"],"post_mailing_queue_ids":[],"_links":{"self":[{"href":"https:\/\/agora.xtec.cat\/ceip-v-aleixandre\/wp-json\/wp\/v2\/pages\/5103","targetHints":{"allow":["GET"]}}],"collection":[{"href":"https:\/\/agora.xtec.cat\/ceip-v-aleixandre\/wp-json\/wp\/v2\/pages"}],"about":[{"href":"https:\/\/agora.xtec.cat\/ceip-v-aleixandre\/wp-json\/wp\/v2\/types\/page"}],"author":[{"embeddable":true,"href":"https:\/\/agora.xtec.cat\/ceip-v-aleixandre\/wp-json\/wp\/v2\/users\/1"}],"replies":[{"embeddable":true,"href":"https:\/\/agora.xtec.cat\/ceip-v-aleixandre\/wp-json\/wp\/v2\/comments?post=5103"}],"version-history":[{"count":4,"href":"https:\/\/agora.xtec.cat\/ceip-v-aleixandre\/wp-json\/wp\/v2\/pages\/5103\/revisions"}],"predecessor-version":[{"id":5149,"href":"https:\/\/agora.xtec.cat\/ceip-v-aleixandre\/wp-json\/wp\/v2\/pages\/5103\/revisions\/5149"}],"wp:attachment":[{"href":"https:\/\/agora.xtec.cat\/ceip-v-aleixandre\/wp-json\/wp\/v2\/media?parent=5103"}],"curies":[{"name":"wp","href":"https:\/\/api.w.org\/{rel}","templated":true}]}}