{"id":4472,"date":"2024-02-15T15:18:40","date_gmt":"2024-02-15T14:18:40","guid":{"rendered":"https:\/\/agora.xtec.cat\/ceip-v-aleixandre\/?page_id=4472"},"modified":"2026-02-13T16:31:31","modified_gmt":"2026-02-13T15:31:31","slug":"lenfocament-pedagogic-de-lescola-va","status":"publish","type":"page","link":"https:\/\/agora.xtec.cat\/ceip-v-aleixandre\/projecte-educatiu\/lenfocament-pedagogic-de-lescola-va\/","title":{"rendered":"Sistematitzaci\u00f3 del llenguatge"},"content":{"rendered":"<p><span style=\"font-weight: 400;\">El llenguatge \u00e9s clau per comunicar i \u00e9s amb la comunicaci\u00f3 que podem resoldre les situacions que ens envolten, des de la part m\u00e9s emocional i individual a la part m\u00e9s funcional i col\u00b7lectiva.\u00a0<\/span><\/p>\n<p><b>Tenint en compte la diversitat ling\u00fc\u00edstica del nostre alumnat, cal fer un treball molt sistem\u00e0tic al llarg de tota l\u2019escolaritzaci\u00f3 de la llengua catalana, com a llengua vehicular al centre. <\/b><span style=\"font-weight: 400;\">Inicialment duem a terme un treball molt concret de l\u2019expressi\u00f3 oral i fonol\u00f2gic a l\u2019educaci\u00f3 infantil i quan aquest est\u00e0 integrat duem a terme un treball m\u00e9s d\u2019escriptura i de lectura.\u00a0<\/span><\/p>\n<p><span style=\"font-family: inherit; font-size: 1em;\"><span style=\"font-weight: 400;\">Per altra banda<\/span><b> la llengua anglesa, llengua estrangera que duem a terme al centre des d&#8217;Educaci\u00f3 Infantil 3 anys,<\/b><span style=\"font-weight: 400;\"> esdev\u00e9 una eina cabdal per tal de comunicar-se de forma funcional amb altres persones, amplia el seu horitz\u00f3 i esdev\u00e9 un vehicle que permet un major acc\u00e9s als saber, tot oferint espais al centre on aquesta t\u00e9 un \u00fas social.<\/span><\/span><\/p>\n<p>Podeu veure una mostra en aquest <strong>v\u00eddeo:<\/strong><\/p>\n<div style=\"position: relative; width: 100%; height: 0; padding-top: 56.2500%; padding-bottom: 0; box-shadow: 0 2px 8px 0 rgba(63,69,81,0.16); margin-top: 1.6em; margin-bottom: 0.9em; overflow: hidden; border-radius: 8px; will-change: transform;\"><iframe style=\"position: absolute; width: 100%; height: 100%; top: 0; left: 0; border: none; padding: 0; margin: 0;\" src=\"https:\/\/www.canva.com\/design\/DAF9bxGSwYI\/xYZn8MVYcDqLm708bS1Nqw\/watch?embed\" allowfullscreen=\"allowfullscreen\"><br \/>\n<\/iframe><\/div>\n<p>&nbsp;<\/p>\n","protected":false},"excerpt":{"rendered":"<p>El llenguatge \u00e9s clau per comunicar i \u00e9s amb la comunicaci\u00f3 que podem resoldre les situacions que ens envolten, des de la part m\u00e9s emocional i individual a la part m\u00e9s funcional i col\u00b7lectiva.\u00a0 Tenint en compte la diversitat ling\u00fc\u00edstica del nostre alumnat, cal fer un treball molt sistem\u00e0tic al llarg de tota l\u2019escolaritzaci\u00f3 de [&hellip;]<\/p>\n","protected":false},"author":1,"featured_media":0,"parent":64,"menu_order":0,"comment_status":"closed","ping_status":"closed","template":"","meta":{"_bbp_topic_count":0,"_bbp_reply_count":0,"_bbp_total_topic_count":0,"_bbp_total_reply_count":0,"_bbp_voice_count":0,"_bbp_anonymous_reply_count":0,"_bbp_topic_count_hidden":0,"_bbp_reply_count_hidden":0,"_bbp_forum_subforum_count":0,"site-sidebar-layout":"default","site-content-layout":"","ast-site-content-layout":"default","site-content-style":"default","site-sidebar-style":"default","ast-global-header-display":"","ast-banner-title-visibility":"","ast-main-header-display":"","ast-hfb-above-header-display":"","ast-hfb-below-header-display":"","ast-hfb-mobile-header-display":"","site-post-title":"","ast-breadcrumbs-content":"","ast-featured-img":"","footer-sml-layout":"","theme-transparent-header-meta":"default","adv-header-id-meta":"","stick-header-meta":"","header-above-stick-meta":"","header-main-stick-meta":"","header-below-stick-meta":"","astra-migrate-meta-layouts":"set","ast-page-background-enabled":"default","ast-page-background-meta":{"desktop":{"background-color":"var(--ast-global-color-4)","background-image":"","background-repeat":"repeat","background-position":"center center","background-size":"auto","background-attachment":"scroll","background-type":"","background-media":"","overlay-type":"","overlay-color":"","overlay-opacity":"","overlay-gradient":""},"tablet":{"background-color":"","background-image":"","background-repeat":"repeat","background-position":"center center","background-size":"auto","background-attachment":"scroll","background-type":"","background-media":"","overlay-type":"","overlay-color":"","overlay-opacity":"","overlay-gradient":""},"mobile":{"background-color":"","background-image":"","background-repeat":"repeat","background-position":"center center","background-size":"auto","background-attachment":"scroll","background-type":"","background-media":"","overlay-type":"","overlay-color":"","overlay-opacity":"","overlay-gradient":""}},"ast-content-background-meta":{"desktop":{"background-color":"var(--ast-global-color-5)","background-image":"","background-repeat":"repeat","background-position":"center center","background-size":"auto","background-attachment":"scroll","background-type":"","background-media":"","overlay-type":"","overlay-color":"","overlay-opacity":"","overlay-gradient":""},"tablet":{"background-color":"var(--ast-global-color-5)","background-image":"","background-repeat":"repeat","background-position":"center center","background-size":"auto","background-attachment":"scroll","background-type":"","background-media":"","overlay-type":"","overlay-color":"","overlay-opacity":"","overlay-gradient":""},"mobile":{"background-color":"var(--ast-global-color-5)","background-image":"","background-repeat":"repeat","background-position":"center center","background-size":"auto","background-attachment":"scroll","background-type":"","background-media":"","overlay-type":"","overlay-color":"","overlay-opacity":"","overlay-gradient":""}},"footnotes":""},"class_list":["post-4472","page","type-page","status-publish","hentry"],"post_mailing_queue_ids":[],"_links":{"self":[{"href":"https:\/\/agora.xtec.cat\/ceip-v-aleixandre\/wp-json\/wp\/v2\/pages\/4472","targetHints":{"allow":["GET"]}}],"collection":[{"href":"https:\/\/agora.xtec.cat\/ceip-v-aleixandre\/wp-json\/wp\/v2\/pages"}],"about":[{"href":"https:\/\/agora.xtec.cat\/ceip-v-aleixandre\/wp-json\/wp\/v2\/types\/page"}],"author":[{"embeddable":true,"href":"https:\/\/agora.xtec.cat\/ceip-v-aleixandre\/wp-json\/wp\/v2\/users\/1"}],"replies":[{"embeddable":true,"href":"https:\/\/agora.xtec.cat\/ceip-v-aleixandre\/wp-json\/wp\/v2\/comments?post=4472"}],"version-history":[{"count":6,"href":"https:\/\/agora.xtec.cat\/ceip-v-aleixandre\/wp-json\/wp\/v2\/pages\/4472\/revisions"}],"predecessor-version":[{"id":5408,"href":"https:\/\/agora.xtec.cat\/ceip-v-aleixandre\/wp-json\/wp\/v2\/pages\/4472\/revisions\/5408"}],"up":[{"embeddable":true,"href":"https:\/\/agora.xtec.cat\/ceip-v-aleixandre\/wp-json\/wp\/v2\/pages\/64"}],"wp:attachment":[{"href":"https:\/\/agora.xtec.cat\/ceip-v-aleixandre\/wp-json\/wp\/v2\/media?parent=4472"}],"curies":[{"name":"wp","href":"https:\/\/api.w.org\/{rel}","templated":true}]}}