{"id":28,"date":"2014-09-18T12:29:35","date_gmt":"2014-09-18T12:29:35","guid":{"rendered":"http:\/\/agora.xtec.cat\/ceip-v-aleixandre\/?page_id=28"},"modified":"2026-01-12T15:35:40","modified_gmt":"2026-01-12T14:35:40","slug":"consell-escolar","status":"publish","type":"page","link":"https:\/\/agora.xtec.cat\/ceip-v-aleixandre\/lescola\/consell-escolar\/","title":{"rendered":"Consell escolar"},"content":{"rendered":"<p>El consell Escolar est\u00e0 composat per:<br \/>\n&#8211; President o presidenta, que ser\u00e0 exercida pel titular de la direcci\u00f3 o en abs\u00e8ncia d\u2019aquest pel cap d\u2019estudis.<br \/>\n&#8211; Secretari o Secret\u00e0ria, que ser\u00e0 exercida pel titular de la secretaria, que actuar\u00e0 nom\u00e9s amb veu.<br \/>\n&#8211; Vocals, la resta de components: Cap d\u2019Estudis, un representant de l\u2019Ajuntament, cinc mestres elegits pel claustre, quatre representants elegits per les fam\u00edlies, un representant del personal PAE, un representant del personal PAS i una representant de l\u2019AFA.<\/p>\n<p>La composici\u00f3 actual del Consell Escolar \u00e9s la seg\u00fcent:<\/p>\n<table style=\"width: 94.5939%; height: 304px;\">\n<tbody>\n<tr style=\"height: 32px;\">\n<td style=\"text-align: left; width: 49.2436%; height: 32px;\">Presidenta<\/td>\n<td style=\"width: 158.386%; height: 32px;\">Montse Font<\/td>\n<\/tr>\n<tr style=\"height: 32px;\">\n<td style=\"width: 49.2436%; height: 32px;\">Cap d&#8217;Estudis<\/td>\n<td style=\"width: 158.386%; height: 32px;\">N\u00faria Grande<\/td>\n<\/tr>\n<tr style=\"height: 32px;\">\n<td style=\"width: 49.2436%; height: 32px;\">Secret\u00e0ria<\/td>\n<td style=\"width: 158.386%; height: 32px;\">Carolina Contreras<\/td>\n<\/tr>\n<tr style=\"height: 48px;\">\n<td style=\"width: 49.2436%; height: 48px;\">Representant de l&#8217;Ajuntament<\/td>\n<td style=\"width: 158.386%; height: 48px;\">Soledad Rosende<\/td>\n<\/tr>\n<tr style=\"height: 48px;\">\n<td style=\"width: 49.2436%; height: 48px;\">Representants del professorat<\/td>\n<td style=\"width: 158.386%; height: 48px;\">Patr\u00edcia Llord\u00e9n, J\u00e9ssica G\u00f3mez, Paula Os\u00e9s i Maria Jos\u00e9 Carrasco<\/td>\n<\/tr>\n<tr style=\"height: 32px;\">\n<td style=\"width: 49.2436%; height: 32px;\">Representants de pares i mares<\/td>\n<td style=\"width: 158.386%; height: 32px;\">Aida Ortega, Estel.la Gim\u00e9nez, Rosa Bala\u00f1\u00e0 i Amal Khssaimi<\/td>\n<\/tr>\n<tr style=\"height: 48px;\">\n<td style=\"width: 49.2436%; height: 48px;\">Representant del\u00a0 PAE<\/td>\n<td style=\"width: 158.386%; height: 48px;\">Francisca Bernardo<\/td>\n<\/tr>\n<tr style=\"height: 32px;\">\n<td style=\"width: 49.2436%; height: 32px;\">Representant del PAS<\/td>\n<td style=\"width: 158.386%; height: 32px;\">Olga Carlos<\/td>\n<\/tr>\n<tr>\n<td style=\"width: 49.2436%;\">Representant de l&#8217;AFA<\/td>\n<td style=\"width: 158.386%;\">Ana Maria Mill\u00e1n<\/td>\n<\/tr>\n<\/tbody>\n<\/table>\n<p>Les tasques pr\u00f2pies del Consell Escolar s\u00f3n aquestes:<\/p>\n<p>&#8211; Aprovar i avaluar els projectes i normes que afavoreixin l&#8217;aprenentatge de tots els alumnes.<br \/>\n&#8211; Aprovar el Pla anual i la mem\u00f2ria del curs.<br \/>\n&#8211; Con\u00e8ixer les candidatures a la direcci\u00f3 i els projectes de direcci\u00f3 presentats pels candidats.<br \/>\n&#8211; Participar en la selecci\u00f3 del director\/a del centre i ser informat del nomenament i cessament dels altres membres de l&#8217;equip directiu, i si s&#8217;escau proposar la revocaci\u00f3 del nomenament del director\/a.<br \/>\n&#8211; Ser informat de tot el proc\u00e9s de preinscripci\u00f3 i matriculaci\u00f3. Atendre les possibles reclamacions a la publicaci\u00f3 de les llistes baremades.<br \/>\n&#8211; Proposar mesures i iniciatives que afavoreixin la conviv\u00e8ncia en el centre, la igualtat entre homes i dones i la resoluci\u00f3 pac\u00edfica de conflictes en tots els \u00e0mbits de la vida personal, familiar i social.<br \/>\n&#8211; Promoure la conservaci\u00f3, la renovaci\u00f3 de les instal\u00b7lacions i l&#8217; equipament escolar.<br \/>\n&#8211; Marcar les pautes per la col\u00b7laboraci\u00f3, amb finalitats educatives i culturals, amb les Administracions locals, amb altres centres, entitats i organismes.<br \/>\n&#8211; Analitzar i valorar el funcionament general del centre i aprovar la mem\u00f2ria.<\/p>\n<p><strong>FEM COMUNITAT EDUCATIVA, FEM VICENTE!<\/strong><\/p>\n","protected":false},"excerpt":{"rendered":"<p>El consell Escolar est\u00e0 composat per: &#8211; President o presidenta, que ser\u00e0 exercida pel titular de la direcci\u00f3 o en abs\u00e8ncia d\u2019aquest pel cap d\u2019estudis. &#8211; Secretari o Secret\u00e0ria, que ser\u00e0 exercida pel titular de la secretaria, que actuar\u00e0 nom\u00e9s amb veu. &#8211; Vocals, la resta de components: Cap d\u2019Estudis, un representant de l\u2019Ajuntament, cinc [&hellip;]<\/p>\n","protected":false},"author":2,"featured_media":0,"parent":22,"menu_order":30,"comment_status":"closed","ping_status":"closed","template":"","meta":{"_bbp_topic_count":0,"_bbp_reply_count":0,"_bbp_total_topic_count":0,"_bbp_total_reply_count":0,"_bbp_voice_count":0,"_bbp_anonymous_reply_count":0,"_bbp_topic_count_hidden":0,"_bbp_reply_count_hidden":0,"_bbp_forum_subforum_count":0,"site-sidebar-layout":"default","site-content-layout":"","ast-site-content-layout":"default","site-content-style":"default","site-sidebar-style":"default","ast-global-header-display":"","ast-banner-title-visibility":"","ast-main-header-display":"","ast-hfb-above-header-display":"","ast-hfb-below-header-display":"","ast-hfb-mobile-header-display":"","site-post-title":"","ast-breadcrumbs-content":"","ast-featured-img":"","footer-sml-layout":"","theme-transparent-header-meta":"default","adv-header-id-meta":"","stick-header-meta":"","header-above-stick-meta":"","header-main-stick-meta":"","header-below-stick-meta":"","astra-migrate-meta-layouts":"set","ast-page-background-enabled":"default","ast-page-background-meta":{"desktop":{"background-color":"var(--ast-global-color-4)","background-image":"","background-repeat":"repeat","background-position":"center center","background-size":"auto","background-attachment":"scroll","background-type":"","background-media":"","overlay-type":"","overlay-color":"","overlay-opacity":"","overlay-gradient":""},"tablet":{"background-color":"","background-image":"","background-repeat":"repeat","background-position":"center center","background-size":"auto","background-attachment":"scroll","background-type":"","background-media":"","overlay-type":"","overlay-color":"","overlay-opacity":"","overlay-gradient":""},"mobile":{"background-color":"","background-image":"","background-repeat":"repeat","background-position":"center center","background-size":"auto","background-attachment":"scroll","background-type":"","background-media":"","overlay-type":"","overlay-color":"","overlay-opacity":"","overlay-gradient":""}},"ast-content-background-meta":{"desktop":{"background-color":"var(--ast-global-color-5)","background-image":"","background-repeat":"repeat","background-position":"center center","background-size":"auto","background-attachment":"scroll","background-type":"","background-media":"","overlay-type":"","overlay-color":"","overlay-opacity":"","overlay-gradient":""},"tablet":{"background-color":"var(--ast-global-color-5)","background-image":"","background-repeat":"repeat","background-position":"center center","background-size":"auto","background-attachment":"scroll","background-type":"","background-media":"","overlay-type":"","overlay-color":"","overlay-opacity":"","overlay-gradient":""},"mobile":{"background-color":"var(--ast-global-color-5)","background-image":"","background-repeat":"repeat","background-position":"center center","background-size":"auto","background-attachment":"scroll","background-type":"","background-media":"","overlay-type":"","overlay-color":"","overlay-opacity":"","overlay-gradient":""}},"footnotes":""},"class_list":["post-28","page","type-page","status-publish","hentry"],"post_mailing_queue_ids":[],"_links":{"self":[{"href":"https:\/\/agora.xtec.cat\/ceip-v-aleixandre\/wp-json\/wp\/v2\/pages\/28","targetHints":{"allow":["GET"]}}],"collection":[{"href":"https:\/\/agora.xtec.cat\/ceip-v-aleixandre\/wp-json\/wp\/v2\/pages"}],"about":[{"href":"https:\/\/agora.xtec.cat\/ceip-v-aleixandre\/wp-json\/wp\/v2\/types\/page"}],"author":[{"embeddable":true,"href":"https:\/\/agora.xtec.cat\/ceip-v-aleixandre\/wp-json\/wp\/v2\/users\/2"}],"replies":[{"embeddable":true,"href":"https:\/\/agora.xtec.cat\/ceip-v-aleixandre\/wp-json\/wp\/v2\/comments?post=28"}],"version-history":[{"count":6,"href":"https:\/\/agora.xtec.cat\/ceip-v-aleixandre\/wp-json\/wp\/v2\/pages\/28\/revisions"}],"predecessor-version":[{"id":5123,"href":"https:\/\/agora.xtec.cat\/ceip-v-aleixandre\/wp-json\/wp\/v2\/pages\/28\/revisions\/5123"}],"up":[{"embeddable":true,"href":"https:\/\/agora.xtec.cat\/ceip-v-aleixandre\/wp-json\/wp\/v2\/pages\/22"}],"wp:attachment":[{"href":"https:\/\/agora.xtec.cat\/ceip-v-aleixandre\/wp-json\/wp\/v2\/media?parent=28"}],"curies":[{"name":"wp","href":"https:\/\/api.w.org\/{rel}","templated":true}]}}