{"id":223,"date":"2015-10-01T17:36:33","date_gmt":"2015-10-01T16:36:33","guid":{"rendered":"http:\/\/agora.xtec.cat\/ceip-v-aleixandre\/?page_id=223"},"modified":"2026-01-12T15:49:05","modified_gmt":"2026-01-12T14:49:05","slug":"equip-huma","status":"publish","type":"page","link":"https:\/\/agora.xtec.cat\/ceip-v-aleixandre\/lescola\/equip-huma\/","title":{"rendered":"Equip Hum\u00e0"},"content":{"rendered":"<p><strong>CURS 2025- 26<\/strong><\/p>\n<table style=\"width: 96.4361%; height: 949px;\">\n<tbody>\n<tr style=\"height: 32px;\">\n<td style=\"height: 96px; width: 32.7654%;\" colspan=\"2\" rowspan=\"3\"><strong>EQUIP DIRECTIU<\/strong><\/td>\n<td style=\"height: 32px; width: 17.7758%;\" colspan=\"2\">Directora<\/td>\n<td style=\"height: 32px; width: 125.345%;\">Montse Font<\/td>\n<\/tr>\n<tr style=\"height: 32px;\">\n<td style=\"height: 32px; width: 17.7758%;\" colspan=\"2\">Cap d&#8217;estudis<\/td>\n<td style=\"height: 32px; width: 125.345%;\">N\u00faria Grande<\/td>\n<\/tr>\n<tr style=\"height: 32px;\">\n<td style=\"height: 32px; width: 17.7758%;\" colspan=\"2\">Secret\u00e0ria<\/td>\n<td style=\"height: 32px; width: 125.345%;\">Carolina Contreras<\/td>\n<\/tr>\n<tr style=\"height: 32px;\">\n<td style=\"height: 32px; width: 175.886%;\" colspan=\"5\"><\/td>\n<\/tr>\n<tr style=\"height: 32px;\">\n<td style=\"height: 96px; width: 32.7654%;\" colspan=\"2\" rowspan=\"3\"><strong>EQUIP DE COORDINACI\u00d3<\/strong><\/td>\n<td style=\"height: 32px; width: 17.7758%;\" colspan=\"2\">PETITS (I3-I4-I5)<\/td>\n<td style=\"height: 32px; width: 125.345%;\">Feli Hernanz<\/td>\n<\/tr>\n<tr style=\"height: 32px;\">\n<td style=\"height: 32px; width: 17.7758%;\" colspan=\"2\">MITJANS (1r-2n-3r)<\/td>\n<td style=\"height: 32px; width: 125.345%;\">Clara Bordoy<\/td>\n<\/tr>\n<tr style=\"height: 32px;\">\n<td style=\"height: 32px; width: 17.7758%;\" colspan=\"2\">GRANS (4t-5\u00e8-6\u00e8)<\/td>\n<td style=\"height: 32px; width: 125.345%;\">Patr\u00edcia Llord\u00e9n<\/td>\n<\/tr>\n<tr style=\"height: 32px;\">\n<td style=\"height: 32px; width: 175.886%;\" colspan=\"5\"><\/td>\n<\/tr>\n<tr style=\"height: 32px;\">\n<td style=\"height: 379px; width: 19.6425%;\" rowspan=\"13\"><strong>TUTORIES<\/strong><\/td>\n<td style=\"height: 32px; width: 29.41%;\" colspan=\"2\">I-3<\/td>\n<td style=\"height: 32px; width: 126.834%;\" colspan=\"2\">Merc\u00e8 Tarrida<\/td>\n<\/tr>\n<tr style=\"height: 32px;\">\n<td style=\"height: 32px; width: 29.41%;\" colspan=\"2\">I-4<\/td>\n<td style=\"height: 32px; width: 126.834%;\" colspan=\"2\">Feli Hernanz<\/td>\n<\/tr>\n<tr style=\"height: 32px;\">\n<td style=\"height: 32px; width: 29.41%;\" colspan=\"2\">I-5 A<\/td>\n<td style=\"height: 32px; width: 126.834%;\" colspan=\"2\">Jenni Lohse<\/td>\n<\/tr>\n<tr style=\"height: 33px;\">\n<td style=\"width: 29.41%; height: 33px;\" colspan=\"2\">I-5 B<\/td>\n<td style=\"width: 126.834%; height: 33px;\" colspan=\"2\">N\u00faria Sol\u00e9<\/td>\n<\/tr>\n<tr style=\"height: 33px;\">\n<td style=\"width: 29.41%; height: 33px;\" colspan=\"2\">1r A<\/td>\n<td style=\"width: 126.834%; height: 33px;\" colspan=\"2\">M. Jos\u00e9 Carrasco<\/td>\n<\/tr>\n<tr style=\"height: 33px;\">\n<td style=\"width: 29.41%; height: 33px;\" colspan=\"2\">1r B<\/td>\n<td style=\"width: 126.834%; height: 33px;\" colspan=\"2\">Ainhoa Gim\u00e9nez<\/td>\n<\/tr>\n<tr style=\"height: 32px;\">\n<td style=\"height: 10px; width: 29.41%;\" colspan=\"2\">2n<\/td>\n<td style=\"height: 10px; width: 126.834%;\" colspan=\"2\">J\u00e9ssica G\u00f3mez<\/td>\n<\/tr>\n<tr style=\"height: 32px;\">\n<td style=\"width: 29.41%; height: 32px;\" colspan=\"2\">3r A<\/td>\n<td style=\"width: 126.834%; height: 32px;\" colspan=\"2\">Paula Os\u00e9s<\/td>\n<\/tr>\n<tr style=\"height: 32px;\">\n<td style=\"height: 29px; width: 29.41%;\" colspan=\"2\">3r B<\/td>\n<td style=\"height: 29px; width: 126.834%;\" colspan=\"2\">Clara Bordoy<\/td>\n<\/tr>\n<tr style=\"height: 32px;\">\n<td style=\"height: 32px; width: 29.41%;\" colspan=\"2\">4t<\/td>\n<td style=\"height: 32px; width: 126.834%;\" colspan=\"2\">Txell Gibert<\/td>\n<\/tr>\n<tr style=\"height: 32px;\">\n<td style=\"height: 32px; width: 29.41%;\" colspan=\"2\">5\u00e8<\/td>\n<td style=\"height: 32px; width: 126.834%;\" colspan=\"2\">Patr\u00edcia Llord\u00e9n<\/td>\n<\/tr>\n<tr style=\"height: 33px;\">\n<td style=\"height: 33px; width: 29.41%;\" colspan=\"2\">6\u00e8 A<\/td>\n<td style=\"height: 33px; width: 126.834%;\" colspan=\"2\">Nerea Alemany<\/td>\n<\/tr>\n<tr style=\"height: 16px;\">\n<td style=\"width: 29.41%; height: 16px;\" colspan=\"2\">6\u00e8 B<\/td>\n<td style=\"width: 126.834%; height: 16px;\" colspan=\"2\">Loli Ruiz (Al\u00edcia Monsech)<\/td>\n<\/tr>\n<tr style=\"height: 32px;\">\n<td style=\"height: 32px; width: 175.886%;\" colspan=\"5\"><\/td>\n<\/tr>\n<tr style=\"height: 32px;\">\n<td style=\"height: 282px; width: 32.7654%;\" colspan=\"2\" rowspan=\"10\"><strong>ESPECIALISTES<\/strong><\/td>\n<td style=\"height: 32px; width: 17.7758%;\" colspan=\"2\">Angl\u00e8s<\/td>\n<td style=\"height: 32px; width: 125.345%;\">Carla Bolt\u00e0 i Carlos Romero<\/td>\n<\/tr>\n<tr style=\"height: 32px;\">\n<td style=\"height: 32px; width: 17.7758%;\" colspan=\"2\">M\u00fasica<\/td>\n<td style=\"height: 32px; width: 125.345%;\">Ivan Heredia<\/td>\n<\/tr>\n<tr style=\"height: 47px;\">\n<td style=\"height: 37px; width: 17.7758%;\" colspan=\"2\">Educaci\u00f3 F\u00edsica<\/td>\n<td style=\"height: 37px; width: 125.345%;\">Sergi Casas<\/td>\n<\/tr>\n<tr style=\"height: 32px;\">\n<td style=\"height: 33px; width: 17.7758%;\" colspan=\"2\">Religi\u00f3<\/td>\n<td style=\"height: 33px; width: 125.345%;\">Carla Bolt\u00e0<\/td>\n<\/tr>\n<tr style=\"height: 32px;\">\n<td style=\"height: 10px; width: 17.7758%;\" colspan=\"2\">Educaci\u00f3 Especial<\/td>\n<td style=\"height: 10px; width: 125.345%; text-align: left;\">Laura Fern\u00e0ndez, Montse Font, Guillem Luna, Jennifer Lohse i Lydia Gris<\/td>\n<\/tr>\n<tr style=\"height: 32px;\">\n<td style=\"height: 32px; width: 17.7758%;\" colspan=\"2\">TEI<\/td>\n<td style=\"height: 32px; width: 125.345%;\">Azahara Santana i Xantal L\u00f3pez<\/td>\n<\/tr>\n<tr style=\"height: 32px;\">\n<td style=\"height: 32px; width: 17.7758%;\" colspan=\"2\">Mestres de suport<\/td>\n<td style=\"height: 32px; width: 125.345%;\">Isabel Arjona, Carolina Contreras, N\u00faria Grande, Maria<br \/>\nMir\u00f3 i Miriam Est\u00e9vez.<\/td>\n<\/tr>\n<tr style=\"height: 32px;\">\n<td style=\"height: 32px; width: 17.7758%;\" colspan=\"2\">Vetlladores<\/td>\n<td style=\"height: 32px; width: 125.345%;\">Inma Rey i Montse Valls<\/td>\n<\/tr>\n<tr style=\"height: 32px;\">\n<td style=\"height: 10px; width: 17.7758%;\" colspan=\"2\">Educadora d&#8217;Educaci\u00f3 Especial<\/td>\n<td style=\"height: 10px; width: 125.345%;\">Paqui Bernardo<\/td>\n<\/tr>\n<tr style=\"height: 32px;\">\n<td style=\"height: 32px; width: 17.7758%;\" colspan=\"2\">TIS<\/td>\n<td style=\"height: 32px; width: 125.345%;\">Marc Fontanet<\/td>\n<\/tr>\n<\/tbody>\n<\/table>\n<table style=\"height: 66px; width: 84.3241%;\">\n<tbody>\n<tr style=\"height: 33px;\">\n<td style=\"width: 24.3642%; height: 66px;\" rowspan=\"2\"><strong>PERSONAL NO DOCENT<\/strong><\/td>\n<td style=\"width: 25.6003%; height: 33px;\">Administrativa<\/td>\n<td style=\"width: 124.195%; height: 33px;\">Olga Carlos<\/td>\n<\/tr>\n<tr style=\"height: 33px;\">\n<td style=\"width: 25.6003%; height: 33px;\">Conserge<\/td>\n<td style=\"width: 124.195%; height: 33px;\">Josep Llu\u00eds G\u00f3mez<\/td>\n<\/tr>\n<\/tbody>\n<\/table>\n","protected":false},"excerpt":{"rendered":"<p>CURS 2025- 26 EQUIP DIRECTIU Directora Montse Font Cap d&#8217;estudis N\u00faria Grande Secret\u00e0ria Carolina Contreras EQUIP DE COORDINACI\u00d3 PETITS (I3-I4-I5) Feli Hernanz MITJANS (1r-2n-3r) Clara Bordoy GRANS (4t-5\u00e8-6\u00e8) Patr\u00edcia Llord\u00e9n TUTORIES I-3 Merc\u00e8 Tarrida I-4 Feli Hernanz I-5 A Jenni Lohse I-5 B N\u00faria Sol\u00e9 1r A M. Jos\u00e9 Carrasco 1r B Ainhoa Gim\u00e9nez 2n [&hellip;]<\/p>\n","protected":false},"author":1,"featured_media":0,"parent":22,"menu_order":30,"comment_status":"closed","ping_status":"closed","template":"","meta":{"_bbp_topic_count":0,"_bbp_reply_count":0,"_bbp_total_topic_count":0,"_bbp_total_reply_count":0,"_bbp_voice_count":0,"_bbp_anonymous_reply_count":0,"_bbp_topic_count_hidden":0,"_bbp_reply_count_hidden":0,"_bbp_forum_subforum_count":0,"site-sidebar-layout":"default","site-content-layout":"","ast-site-content-layout":"default","site-content-style":"default","site-sidebar-style":"default","ast-global-header-display":"","ast-banner-title-visibility":"","ast-main-header-display":"","ast-hfb-above-header-display":"","ast-hfb-below-header-display":"","ast-hfb-mobile-header-display":"","site-post-title":"","ast-breadcrumbs-content":"","ast-featured-img":"","footer-sml-layout":"","theme-transparent-header-meta":"default","adv-header-id-meta":"","stick-header-meta":"","header-above-stick-meta":"","header-main-stick-meta":"","header-below-stick-meta":"","astra-migrate-meta-layouts":"set","ast-page-background-enabled":"default","ast-page-background-meta":{"desktop":{"background-color":"var(--ast-global-color-4)","background-image":"","background-repeat":"repeat","background-position":"center center","background-size":"auto","background-attachment":"scroll","background-type":"","background-media":"","overlay-type":"","overlay-color":"","overlay-opacity":"","overlay-gradient":""},"tablet":{"background-color":"","background-image":"","background-repeat":"repeat","background-position":"center center","background-size":"auto","background-attachment":"scroll","background-type":"","background-media":"","overlay-type":"","overlay-color":"","overlay-opacity":"","overlay-gradient":""},"mobile":{"background-color":"","background-image":"","background-repeat":"repeat","background-position":"center center","background-size":"auto","background-attachment":"scroll","background-type":"","background-media":"","overlay-type":"","overlay-color":"","overlay-opacity":"","overlay-gradient":""}},"ast-content-background-meta":{"desktop":{"background-color":"var(--ast-global-color-5)","background-image":"","background-repeat":"repeat","background-position":"center center","background-size":"auto","background-attachment":"scroll","background-type":"","background-media":"","overlay-type":"","overlay-color":"","overlay-opacity":"","overlay-gradient":""},"tablet":{"background-color":"var(--ast-global-color-5)","background-image":"","background-repeat":"repeat","background-position":"center center","background-size":"auto","background-attachment":"scroll","background-type":"","background-media":"","overlay-type":"","overlay-color":"","overlay-opacity":"","overlay-gradient":""},"mobile":{"background-color":"var(--ast-global-color-5)","background-image":"","background-repeat":"repeat","background-position":"center center","background-size":"auto","background-attachment":"scroll","background-type":"","background-media":"","overlay-type":"","overlay-color":"","overlay-opacity":"","overlay-gradient":""}},"footnotes":""},"class_list":["post-223","page","type-page","status-publish","hentry"],"post_mailing_queue_ids":[],"_links":{"self":[{"href":"https:\/\/agora.xtec.cat\/ceip-v-aleixandre\/wp-json\/wp\/v2\/pages\/223","targetHints":{"allow":["GET"]}}],"collection":[{"href":"https:\/\/agora.xtec.cat\/ceip-v-aleixandre\/wp-json\/wp\/v2\/pages"}],"about":[{"href":"https:\/\/agora.xtec.cat\/ceip-v-aleixandre\/wp-json\/wp\/v2\/types\/page"}],"author":[{"embeddable":true,"href":"https:\/\/agora.xtec.cat\/ceip-v-aleixandre\/wp-json\/wp\/v2\/users\/1"}],"replies":[{"embeddable":true,"href":"https:\/\/agora.xtec.cat\/ceip-v-aleixandre\/wp-json\/wp\/v2\/comments?post=223"}],"version-history":[{"count":6,"href":"https:\/\/agora.xtec.cat\/ceip-v-aleixandre\/wp-json\/wp\/v2\/pages\/223\/revisions"}],"predecessor-version":[{"id":1341,"href":"https:\/\/agora.xtec.cat\/ceip-v-aleixandre\/wp-json\/wp\/v2\/pages\/223\/revisions\/1341"}],"up":[{"embeddable":true,"href":"https:\/\/agora.xtec.cat\/ceip-v-aleixandre\/wp-json\/wp\/v2\/pages\/22"}],"wp:attachment":[{"href":"https:\/\/agora.xtec.cat\/ceip-v-aleixandre\/wp-json\/wp\/v2\/media?parent=223"}],"curies":[{"name":"wp","href":"https:\/\/api.w.org\/{rel}","templated":true}]}}