{"id":6984,"date":"2025-10-03T15:49:22","date_gmt":"2025-10-03T13:49:22","guid":{"rendered":"https:\/\/agora.xtec.cat\/ceip-turodelcargol\/?page_id=6984"},"modified":"2025-10-03T15:49:23","modified_gmt":"2025-10-03T13:49:23","slug":"curriculum","status":"publish","type":"page","link":"https:\/\/agora.xtec.cat\/ceip-turodelcargol\/curriculum\/","title":{"rendered":"Curr\u00edculum"},"content":{"rendered":"\n<p>Us compartim un <strong>visualitzador interactiu del curr\u00edculum<\/strong> que us permetr\u00e0 con\u00e8ixer, d\u2019una manera clara i senzilla, <strong>les compet\u00e8ncies i els sabers que es treballen a cada curs<\/strong>. Aquesta eina us ajudar\u00e0 a <strong>seguir de prop l\u2019aprenentatge<\/strong> dels vostres fills i filles i a <strong>entendre millor els objectius<\/strong> que guien el nostre dia a dia a l\u2019aula.<\/p>\n\n\n\n<p><a href=\"https:\/\/sites.google.com\/view\/curriculumedubasica\/inici\">https:\/\/sites.google.com\/view\/curriculumedubasica\/inici<\/a><\/p>\n\n\n\n<p>Us compartim tamb\u00e9 dues infografies relacionades amb les \u00e0rees de Llengua i Matem\u00e0tiques.<\/p>\n\n\n\n<p><img loading=\"lazy\" decoding=\"async\" width=\"400\" height=\"225\" class=\"wp-image-6986\" style=\"width: 400px;\" src=\"https:\/\/agora.xtec.cat\/ceip-turodelcargol\/wp-content\/uploads\/usu1548\/2025\/10\/infografia_lleng_pri-scaled.jpg\" alt=\"\" srcset=\"https:\/\/agora.xtec.cat\/ceip-turodelcargol\/wp-content\/uploads\/usu1548\/2025\/10\/infografia_lleng_pri-scaled.jpg 2560w, https:\/\/agora.xtec.cat\/ceip-turodelcargol\/wp-content\/uploads\/usu1548\/2025\/10\/infografia_lleng_pri-300x169.jpg 300w, https:\/\/agora.xtec.cat\/ceip-turodelcargol\/wp-content\/uploads\/usu1548\/2025\/10\/infografia_lleng_pri-1024x576.jpg 1024w, https:\/\/agora.xtec.cat\/ceip-turodelcargol\/wp-content\/uploads\/usu1548\/2025\/10\/infografia_lleng_pri-768x432.jpg 768w, https:\/\/agora.xtec.cat\/ceip-turodelcargol\/wp-content\/uploads\/usu1548\/2025\/10\/infografia_lleng_pri-1536x864.jpg 1536w, https:\/\/agora.xtec.cat\/ceip-turodelcargol\/wp-content\/uploads\/usu1548\/2025\/10\/infografia_lleng_pri-2048x1152.jpg 2048w\" sizes=\"auto, (max-width: 400px) 100vw, 400px\" \/>    <img loading=\"lazy\" decoding=\"async\" width=\"300\" height=\"225\" class=\"wp-image-6985\" style=\"width: 300px;\" src=\"https:\/\/agora.xtec.cat\/ceip-turodelcargol\/wp-content\/uploads\/usu1548\/2025\/10\/Info_curriculum_primaria_mates.png\" alt=\"\" srcset=\"https:\/\/agora.xtec.cat\/ceip-turodelcargol\/wp-content\/uploads\/usu1548\/2025\/10\/Info_curriculum_primaria_mates.png 1024w, https:\/\/agora.xtec.cat\/ceip-turodelcargol\/wp-content\/uploads\/usu1548\/2025\/10\/Info_curriculum_primaria_mates-300x225.png 300w, https:\/\/agora.xtec.cat\/ceip-turodelcargol\/wp-content\/uploads\/usu1548\/2025\/10\/Info_curriculum_primaria_mates-768x576.png 768w\" sizes=\"auto, (max-width: 300px) 100vw, 300px\" \/><\/p>\n","protected":false},"excerpt":{"rendered":"<p>Us compartim un visualitzador interactiu del curr\u00edculum que us permetr\u00e0 con\u00e8ixer, d\u2019una manera clara i senzilla, les compet\u00e8ncies i els sabers que es treballen a cada curs. Aquesta eina us ajudar\u00e0 a seguir de prop l\u2019aprenentatge dels vostres fills i filles i a entendre millor els objectius que guien el nostre dia a dia a [&hellip;]<\/p>\n","protected":false},"author":1,"featured_media":0,"parent":0,"menu_order":0,"comment_status":"closed","ping_status":"close","template":"","meta":{"_bbp_topic_count":0,"_bbp_reply_count":0,"_bbp_total_topic_count":0,"_bbp_total_reply_count":0,"_bbp_voice_count":0,"_bbp_anonymous_reply_count":0,"_bbp_topic_count_hidden":0,"_bbp_reply_count_hidden":0,"_bbp_forum_subforum_count":0,"site-sidebar-layout":"default","site-content-layout":"","ast-site-content-layout":"default","site-content-style":"default","site-sidebar-style":"default","ast-global-header-display":"","ast-banner-title-visibility":"","ast-main-header-display":"","ast-hfb-above-header-display":"","ast-hfb-below-header-display":"","ast-hfb-mobile-header-display":"","site-post-title":"","ast-breadcrumbs-content":"","ast-featured-img":"","footer-sml-layout":"","theme-transparent-header-meta":"","adv-header-id-meta":"","stick-header-meta":"","header-above-stick-meta":"","header-main-stick-meta":"","header-below-stick-meta":"","astra-migrate-meta-layouts":"set","ast-page-background-enabled":"default","ast-page-background-meta":{"desktop":{"background-color":"var(--ast-global-color-4)","background-image":"","background-repeat":"repeat","background-position":"center center","background-size":"auto","background-attachment":"scroll","background-type":"","background-media":"","overlay-type":"","overlay-color":"","overlay-opacity":"","overlay-gradient":""},"tablet":{"background-color":"","background-image":"","background-repeat":"repeat","background-position":"center center","background-size":"auto","background-attachment":"scroll","background-type":"","background-media":"","overlay-type":"","overlay-color":"","overlay-opacity":"","overlay-gradient":""},"mobile":{"background-color":"","background-image":"","background-repeat":"repeat","background-position":"center center","background-size":"auto","background-attachment":"scroll","background-type":"","background-media":"","overlay-type":"","overlay-color":"","overlay-opacity":"","overlay-gradient":""}},"ast-content-background-meta":{"desktop":{"background-color":"var(--ast-global-color-5)","background-image":"","background-repeat":"repeat","background-position":"center center","background-size":"auto","background-attachment":"scroll","background-type":"","background-media":"","overlay-type":"","overlay-color":"","overlay-opacity":"","overlay-gradient":""},"tablet":{"background-color":"var(--ast-global-color-5)","background-image":"","background-repeat":"repeat","background-position":"center center","background-size":"auto","background-attachment":"scroll","background-type":"","background-media":"","overlay-type":"","overlay-color":"","overlay-opacity":"","overlay-gradient":""},"mobile":{"background-color":"var(--ast-global-color-5)","background-image":"","background-repeat":"repeat","background-position":"center center","background-size":"auto","background-attachment":"scroll","background-type":"","background-media":"","overlay-type":"","overlay-color":"","overlay-opacity":"","overlay-gradient":""}},"footnotes":""},"class_list":["post-6984","page","type-page","status-publish","hentry"],"post_mailing_queue_ids":[],"_links":{"self":[{"href":"https:\/\/agora.xtec.cat\/ceip-turodelcargol\/wp-json\/wp\/v2\/pages\/6984","targetHints":{"allow":["GET"]}}],"collection":[{"href":"https:\/\/agora.xtec.cat\/ceip-turodelcargol\/wp-json\/wp\/v2\/pages"}],"about":[{"href":"https:\/\/agora.xtec.cat\/ceip-turodelcargol\/wp-json\/wp\/v2\/types\/page"}],"author":[{"embeddable":true,"href":"https:\/\/agora.xtec.cat\/ceip-turodelcargol\/wp-json\/wp\/v2\/users\/1"}],"replies":[{"embeddable":true,"href":"https:\/\/agora.xtec.cat\/ceip-turodelcargol\/wp-json\/wp\/v2\/comments?post=6984"}],"version-history":[{"count":1,"href":"https:\/\/agora.xtec.cat\/ceip-turodelcargol\/wp-json\/wp\/v2\/pages\/6984\/revisions"}],"predecessor-version":[{"id":6988,"href":"https:\/\/agora.xtec.cat\/ceip-turodelcargol\/wp-json\/wp\/v2\/pages\/6984\/revisions\/6988"}],"wp:attachment":[{"href":"https:\/\/agora.xtec.cat\/ceip-turodelcargol\/wp-json\/wp\/v2\/media?parent=6984"}],"curies":[{"name":"wp","href":"https:\/\/api.w.org\/{rel}","templated":true}]}}