{"id":28,"date":"2014-09-18T12:29:35","date_gmt":"2014-09-18T11:29:35","guid":{"rendered":"http:\/\/agora.xtec.cat\/ceip-turodelcargol\/?page_id=28"},"modified":"2025-07-07T10:18:02","modified_gmt":"2025-07-07T08:18:02","slug":"consell-escolar","status":"publish","type":"page","link":"https:\/\/agora.xtec.cat\/ceip-turodelcargol\/lescola\/consell-escolar\/","title":{"rendered":"Consell escolar"},"content":{"rendered":"<p>El Consell Escolar \u00e9s<span style=\"color: #33cccc;\"> l&#8217;<\/span><span style=\"color: #1fa799;\">\u00f2rgan de participaci\u00f3 de la comunitat escolar en el govern de l&#8217;escola<\/span> i l&#8217;\u00f2rgan de programaci\u00f3, seguiment i avaluaci\u00f3 general de les seves activitats.<\/p>\n<p>Actualment el Consell Escolar est\u00e0 compost per:<\/p>\n<ul>\n<li>La directora de l&#8217;escola\u00a0que n&#8217;\u00e9s la presidenta: Mireia Campos<\/li>\n<li>La cap d&#8217;estudis: Georgina Gonz\u00e0lez<\/li>\n<li>La secret\u00e0ria de l&#8217;escola que actua de Secret\u00e0ria del Consell, amb veu per\u00f2 sense vot: Maria Palliser<\/li>\n<li>Representants dels mestres: B\u00e0rbara Herreros, Olga Carreras i Nerea Mellado.<\/li>\n<li>Representants dels pares i mares:\u00a0 Jordi Llinares i Matilde P\u00e9rez.<\/li>\n<li>Representant de l&#8217;AFA: Marta Narberhaus.<\/li>\n<li>Un representant de l&#8217;Ajuntament: Teresa Juanmart\u00ed<\/li>\n<li>Representant PAS: Miguel Gim\u00e9nez.<\/li>\n<li>Representant PAE: Andrea Argil\u00e9s.<\/li>\n<\/ul>\n<p>Quan en l&#8217;ordre del dia s&#8217;incloguin temes o q\u00fcestions relacionades amb l&#8217;activitat normal del centre i que estiguin sota la tutela o responsabilitat immediata d&#8217;algun membre de la comunitat educativa que no sigui membre del consell, se&#8217;l podr\u00e0 convocar a la sessi\u00f3 per tal que informi sobre el tema o la q\u00fcesti\u00f3 corresponent.<\/p>\n<p><span style=\"color: #1fa799;\"><b>Procediment d&#8217;elecci\u00f3 del CE<\/b><\/span><\/p>\n<p>Les eleccions s\u00f3n convocades pel director\/a amb quinze dies d&#8217;antelaci\u00f3, dins les dates que a aquest respecte fixi amb car\u00e0cter general el Departament d&#8217;Ensenyament.<\/p>\n<p>El Consell Escolar del centre es reuneix preceptivament una vegada al trimestre i sempre que el convoca el seu president o ho sol.licita almenys un ter\u00e7 dels seus membres. A m\u00e9s preceptivament, es far\u00e0 una reuni\u00f3 a l&#8217;inici del curs i una al final.<\/p>\n<p>Hom procurar\u00e0 que les decisions en s\u00ed de consell escolar es prenguin per consens. Si no \u00e9s possible arribar a un acord, es determinar\u00e0 la decisi\u00f3 per majoria dels membres presents, llevat dels casos que la normativa determini una altra majoria qualificada.<\/p>\n<p>La convocat\u00f2ria de les reunions ordin\u00e0ries i extraordin\u00e0ries ser\u00e0 tramesa pel\/per la \u00a0director\/a, amb antelaci\u00f3 suficient, juntament amb la documentaci\u00f3 necess\u00e0ria que hagi de ser objecte de debat, i, en el seu cas, d&#8217;aprovaci\u00f3.<\/p>\n<p>Tots els pares\/mares de l&#8217;escola que desitgin posar-se en contacte amb qualsevol dels representants dels pares\/mares al consell escolar podr\u00e0 fer-ho enviant un correu electr\u00f2nic a la seg\u00fcent adre\u00e7a: <a href=\"mailto:representantsconselleturo@gmail.com\"><strong>representantsconselleturo@gmail.com<\/strong><\/a><\/p>\n","protected":false},"excerpt":{"rendered":"<p>El Consell Escolar \u00e9s l&#8217;\u00f2rgan de participaci\u00f3 de la comunitat escolar en el govern de l&#8217;escola i l&#8217;\u00f2rgan de programaci\u00f3, seguiment i avaluaci\u00f3 general de les seves activitats. Actualment el Consell Escolar est\u00e0 compost per: La directora de l&#8217;escola\u00a0que n&#8217;\u00e9s la presidenta: Mireia Campos La cap d&#8217;estudis: Georgina Gonz\u00e0lez La secret\u00e0ria de l&#8217;escola que actua [&hellip;]<\/p>\n","protected":false},"author":1,"featured_media":0,"parent":22,"menu_order":30,"comment_status":"closed","ping_status":"closed","template":"","meta":{"_bbp_topic_count":0,"_bbp_reply_count":0,"_bbp_total_topic_count":0,"_bbp_total_reply_count":0,"_bbp_voice_count":0,"_bbp_anonymous_reply_count":0,"_bbp_topic_count_hidden":0,"_bbp_reply_count_hidden":0,"_bbp_forum_subforum_count":0,"site-sidebar-layout":"default","site-content-layout":"","ast-site-content-layout":"default","site-content-style":"default","site-sidebar-style":"default","ast-global-header-display":"","ast-banner-title-visibility":"","ast-main-header-display":"","ast-hfb-above-header-display":"","ast-hfb-below-header-display":"","ast-hfb-mobile-header-display":"","site-post-title":"","ast-breadcrumbs-content":"","ast-featured-img":"","footer-sml-layout":"","theme-transparent-header-meta":"","adv-header-id-meta":"","stick-header-meta":"","header-above-stick-meta":"","header-main-stick-meta":"","header-below-stick-meta":"","astra-migrate-meta-layouts":"set","ast-page-background-enabled":"default","ast-page-background-meta":{"desktop":{"background-color":"var(--ast-global-color-4)","background-image":"","background-repeat":"repeat","background-position":"center center","background-size":"auto","background-attachment":"scroll","background-type":"","background-media":"","overlay-type":"","overlay-color":"","overlay-opacity":"","overlay-gradient":""},"tablet":{"background-color":"","background-image":"","background-repeat":"repeat","background-position":"center center","background-size":"auto","background-attachment":"scroll","background-type":"","background-media":"","overlay-type":"","overlay-color":"","overlay-opacity":"","overlay-gradient":""},"mobile":{"background-color":"","background-image":"","background-repeat":"repeat","background-position":"center center","background-size":"auto","background-attachment":"scroll","background-type":"","background-media":"","overlay-type":"","overlay-color":"","overlay-opacity":"","overlay-gradient":""}},"ast-content-background-meta":{"desktop":{"background-color":"var(--ast-global-color-5)","background-image":"","background-repeat":"repeat","background-position":"center center","background-size":"auto","background-attachment":"scroll","background-type":"","background-media":"","overlay-type":"","overlay-color":"","overlay-opacity":"","overlay-gradient":""},"tablet":{"background-color":"var(--ast-global-color-5)","background-image":"","background-repeat":"repeat","background-position":"center center","background-size":"auto","background-attachment":"scroll","background-type":"","background-media":"","overlay-type":"","overlay-color":"","overlay-opacity":"","overlay-gradient":""},"mobile":{"background-color":"var(--ast-global-color-5)","background-image":"","background-repeat":"repeat","background-position":"center center","background-size":"auto","background-attachment":"scroll","background-type":"","background-media":"","overlay-type":"","overlay-color":"","overlay-opacity":"","overlay-gradient":""}},"footnotes":""},"class_list":["post-28","page","type-page","status-publish","hentry"],"post_mailing_queue_ids":[],"_links":{"self":[{"href":"https:\/\/agora.xtec.cat\/ceip-turodelcargol\/wp-json\/wp\/v2\/pages\/28","targetHints":{"allow":["GET"]}}],"collection":[{"href":"https:\/\/agora.xtec.cat\/ceip-turodelcargol\/wp-json\/wp\/v2\/pages"}],"about":[{"href":"https:\/\/agora.xtec.cat\/ceip-turodelcargol\/wp-json\/wp\/v2\/types\/page"}],"author":[{"embeddable":true,"href":"https:\/\/agora.xtec.cat\/ceip-turodelcargol\/wp-json\/wp\/v2\/users\/1"}],"replies":[{"embeddable":true,"href":"https:\/\/agora.xtec.cat\/ceip-turodelcargol\/wp-json\/wp\/v2\/comments?post=28"}],"version-history":[{"count":6,"href":"https:\/\/agora.xtec.cat\/ceip-turodelcargol\/wp-json\/wp\/v2\/pages\/28\/revisions"}],"predecessor-version":[{"id":6670,"href":"https:\/\/agora.xtec.cat\/ceip-turodelcargol\/wp-json\/wp\/v2\/pages\/28\/revisions\/6670"}],"up":[{"embeddable":true,"href":"https:\/\/agora.xtec.cat\/ceip-turodelcargol\/wp-json\/wp\/v2\/pages\/22"}],"wp:attachment":[{"href":"https:\/\/agora.xtec.cat\/ceip-turodelcargol\/wp-json\/wp\/v2\/media?parent=28"}],"curies":[{"name":"wp","href":"https:\/\/api.w.org\/{rel}","templated":true}]}}