{"id":918,"date":"2014-11-24T13:52:14","date_gmt":"2014-11-24T12:52:14","guid":{"rendered":"http:\/\/agora.xtec.cat\/ceip-turocanmates\/?page_id=918"},"modified":"2022-02-19T23:11:17","modified_gmt":"2022-02-19T22:11:17","slug":"serveis","status":"publish","type":"page","link":"https:\/\/agora.xtec.cat\/ceip-turocanmates\/afa\/serveis\/","title":{"rendered":"Serveis"},"content":{"rendered":"<h5>Quins serveis oferim?<\/h5>\n<p>L&#8217;AFA ofereix a l&#8217;escola Tur\u00f3 de Can Mates, a trav\u00e9s de l&#8217;empresa La Vostra Cuina S.L., els seg\u00fcents serveis:<\/p>\n<ul>\n<li style=\"list-style-type: none;\">\n<ul>\n<li>Servei d&#8217; Acollida matinal entre les 7:45 a 9:00.<\/li>\n<li>Menjador.<\/li>\n<li>Activitats extraescolars (de dilluns a dijous)<\/li>\n<li>Casals en per\u00edodes vacacionals<\/li>\n<\/ul>\n<\/li>\n<\/ul>\n","protected":false},"excerpt":{"rendered":"<p>Quins serveis oferim?<br \/>\nL&#8217;AFA ofereix a l&#8217;escola Tur\u00f3 de Can Mates, a trav\u00e9s de l&#8217;empresa La Vostra Cuina S.L., els seg\u00fcents serveis:<\/p>\n<ul>\n<li style=\"list-style-type: none;\">\n<ul>\n<li>Servei d&#8217; Acollida matinal entre les 7:45 a 9:00.<\/li>\n<li>Menjador.<\/li>\n<li>Activitats extraescolars (de dilluns a dijous)<\/li>\n<li>Casals en per\u00edodes vacacionals<\/li>\n<\/ul>\n<\/li>\n<\/ul>\n","protected":false},"author":1,"featured_media":0,"parent":911,"menu_order":20,"comment_status":"open","ping_status":"closed","template":"page-templates\/side-menu.php","meta":{"_bbp_topic_count":0,"_bbp_reply_count":0,"_bbp_total_topic_count":0,"_bbp_total_reply_count":0,"_bbp_voice_count":0,"_bbp_anonymous_reply_count":0,"_bbp_topic_count_hidden":0,"_bbp_reply_count_hidden":0,"_bbp_forum_subforum_count":0,"footnotes":""},"class_list":["post-918","page","type-page","status-publish","hentry"],"post_mailing_queue_ids":[],"_links":{"self":[{"href":"https:\/\/agora.xtec.cat\/ceip-turocanmates\/wp-json\/wp\/v2\/pages\/918","targetHints":{"allow":["GET"]}}],"collection":[{"href":"https:\/\/agora.xtec.cat\/ceip-turocanmates\/wp-json\/wp\/v2\/pages"}],"about":[{"href":"https:\/\/agora.xtec.cat\/ceip-turocanmates\/wp-json\/wp\/v2\/types\/page"}],"author":[{"embeddable":true,"href":"https:\/\/agora.xtec.cat\/ceip-turocanmates\/wp-json\/wp\/v2\/users\/1"}],"replies":[{"embeddable":true,"href":"https:\/\/agora.xtec.cat\/ceip-turocanmates\/wp-json\/wp\/v2\/comments?post=918"}],"version-history":[{"count":4,"href":"https:\/\/agora.xtec.cat\/ceip-turocanmates\/wp-json\/wp\/v2\/pages\/918\/revisions"}],"predecessor-version":[{"id":3596,"href":"https:\/\/agora.xtec.cat\/ceip-turocanmates\/wp-json\/wp\/v2\/pages\/918\/revisions\/3596"}],"up":[{"embeddable":true,"href":"https:\/\/agora.xtec.cat\/ceip-turocanmates\/wp-json\/wp\/v2\/pages\/911"}],"wp:attachment":[{"href":"https:\/\/agora.xtec.cat\/ceip-turocanmates\/wp-json\/wp\/v2\/media?parent=918"}],"curies":[{"name":"wp","href":"https:\/\/api.w.org\/{rel}","templated":true}]}}