{"id":80,"date":"2014-09-18T14:09:48","date_gmt":"2014-09-18T13:09:48","guid":{"rendered":"http:\/\/agora.xtec.cat\/ceip-tuixent\/?page_id=80"},"modified":"2016-03-06T18:25:15","modified_gmt":"2016-03-06T17:25:15","slug":"transport-escolar","status":"publish","type":"page","link":"https:\/\/agora.xtec.cat\/ceip-tuixent\/serveis\/transport-escolar\/","title":{"rendered":"Transport Escolar"},"content":{"rendered":"<p>Disposem d&#8217;un servei de transport escolar diari. <\/p>\n<p>Es tracta d&#8217;un servei de transport escolar que permet que tots els alumnes de prim\u00e0ria de la vall puguin assistir a l&#8217;escola de Tuixent i, alhora, que els de secund\u00e0ria puguin anar di\u00e0riament a La Seu.<\/p>\n","protected":false},"excerpt":{"rendered":"<p>Disposem d&#8217;un servei de transport escolar diari.<br \/>\nEs tracta d&#8217;un servei de transport escolar que permet que tots els alumnes de prim\u00e0ria de la vall puguin assistir a l&#8217;escola de Tuixent i, alhora, que els de secund\u00e0ria puguin anar di\u00e0riament a La Seu.<\/p>\n","protected":false},"author":1,"featured_media":0,"parent":66,"menu_order":40,"comment_status":"closed","ping_status":"closed","template":"page-templates\/side-menu.php","meta":{"_bbp_topic_count":0,"_bbp_reply_count":0,"_bbp_total_topic_count":0,"_bbp_total_reply_count":0,"_bbp_voice_count":0,"_bbp_anonymous_reply_count":0,"_bbp_topic_count_hidden":0,"_bbp_reply_count_hidden":0,"_bbp_forum_subforum_count":0,"footnotes":""},"class_list":["post-80","page","type-page","status-publish","hentry"],"post_mailing_queue_ids":[],"_links":{"self":[{"href":"https:\/\/agora.xtec.cat\/ceip-tuixent\/wp-json\/wp\/v2\/pages\/80","targetHints":{"allow":["GET"]}}],"collection":[{"href":"https:\/\/agora.xtec.cat\/ceip-tuixent\/wp-json\/wp\/v2\/pages"}],"about":[{"href":"https:\/\/agora.xtec.cat\/ceip-tuixent\/wp-json\/wp\/v2\/types\/page"}],"author":[{"embeddable":true,"href":"https:\/\/agora.xtec.cat\/ceip-tuixent\/wp-json\/wp\/v2\/users\/1"}],"replies":[{"embeddable":true,"href":"https:\/\/agora.xtec.cat\/ceip-tuixent\/wp-json\/wp\/v2\/comments?post=80"}],"version-history":[{"count":3,"href":"https:\/\/agora.xtec.cat\/ceip-tuixent\/wp-json\/wp\/v2\/pages\/80\/revisions"}],"predecessor-version":[{"id":588,"href":"https:\/\/agora.xtec.cat\/ceip-tuixent\/wp-json\/wp\/v2\/pages\/80\/revisions\/588"}],"up":[{"embeddable":true,"href":"https:\/\/agora.xtec.cat\/ceip-tuixent\/wp-json\/wp\/v2\/pages\/66"}],"wp:attachment":[{"href":"https:\/\/agora.xtec.cat\/ceip-tuixent\/wp-json\/wp\/v2\/media?parent=80"}],"curies":[{"name":"wp","href":"https:\/\/api.w.org\/{rel}","templated":true}]}}