{"id":9756,"date":"2018-03-14T10:44:57","date_gmt":"2018-03-14T09:44:57","guid":{"rendered":"http:\/\/agora.xtec.cat\/ceip-torrojaimiret\/?page_id=9756"},"modified":"2020-03-17T12:05:25","modified_gmt":"2020-03-17T11:05:25","slug":"3-etwinning-project","status":"publish","type":"page","link":"https:\/\/agora.xtec.cat\/ceip-torrojaimiret\/pla-experimental-de-llengues-estrangeres-pele\/3-etwinning-project\/","title":{"rendered":"3. e-Twinning Project"},"content":{"rendered":"<p><b>El professorat del centre utilitza aquesta plataforma per realitzar treballs en xarxa amb altres centres de la Uni\u00f3 Europea, emprant la llengua anglesa com a mitj\u00e0 de comunicaci\u00f3.<\/b><\/p>\n<p><b>Adjuntem algun exemple:<\/b><\/p>\n<p>Els alumnes de 5\u00e8 i 6\u00e8 de l\u2019Escola Torroja i Miret i els alumnes de l\u2019escola Dean Field Community Primary School de Halifax (Regne Unit), realitzen un projecte d\u2019intercanvi d\u2019experi\u00e8ncies, costums i tradicions dels nostres pa\u00efsos tot utilitzant i aprenent la llengua estrangera (angl\u00e8s) i el castell\u00e0 per mitj\u00e0 de correspond\u00e8ncia escrita. El projecte t\u00e9 com a objectiu principal millorar les compet\u00e8ncies comunicatives dels alumnes. Alguns dels objectius clau que es pretenen aconseguir amb aquest projecte s\u00f3n els seg\u00fcents.<\/p>\n<p>\u2013 Millorar el nivell d\u2019expressi\u00f3 i comprensi\u00f3 escrita.<br \/>\n\u2013 Practicar tipologies textuals senzilles: carta, descripcions, narracions\u2026<br \/>\n\u2013 Motivar l\u2019alumnat per l\u2019aprenentatge de la llengua anglesa<br \/>\n\u2013 Descobrir la cultura i tradicions d\u2019un altre pa\u00eds o regi\u00f3.<\/p>\n","protected":false},"excerpt":{"rendered":"<p>El professorat del centre utilitza aquesta plataforma per realitzar treballs en xarxa amb altres centres de la Uni\u00f3 Europea, emprant la llengua anglesa com a mitj\u00e0 de comunicaci\u00f3. Adjuntem algun exemple: Els alumnes de 5\u00e8 i 6\u00e8 de l\u2019Escola Torroja i Miret i els alumnes de l\u2019escola Dean Field Community Primary School de Halifax (Regne [&hellip;]<\/p>\n","protected":false},"author":37,"featured_media":0,"parent":1276,"menu_order":3,"comment_status":"closed","ping_status":"closed","template":"page-templates\/side-menu.php","meta":{"_bbp_topic_count":0,"_bbp_reply_count":0,"_bbp_total_topic_count":0,"_bbp_total_reply_count":0,"_bbp_voice_count":0,"_bbp_anonymous_reply_count":0,"_bbp_topic_count_hidden":0,"_bbp_reply_count_hidden":0,"_bbp_forum_subforum_count":0,"site-sidebar-layout":"default","site-content-layout":"","ast-site-content-layout":"","site-content-style":"default","site-sidebar-style":"default","ast-global-header-display":"","ast-banner-title-visibility":"","ast-main-header-display":"","ast-hfb-above-header-display":"","ast-hfb-below-header-display":"","ast-hfb-mobile-header-display":"","site-post-title":"","ast-breadcrumbs-content":"","ast-featured-img":"","footer-sml-layout":"","theme-transparent-header-meta":"","adv-header-id-meta":"","stick-header-meta":"","header-above-stick-meta":"","header-main-stick-meta":"","header-below-stick-meta":"","astra-migrate-meta-layouts":"default","ast-page-background-enabled":"default","ast-page-background-meta":{"desktop":{"background-color":"var(--ast-global-color-4)","background-image":"","background-repeat":"repeat","background-position":"center center","background-size":"auto","background-attachment":"scroll","background-type":"","background-media":"","overlay-type":"","overlay-color":"","overlay-opacity":"","overlay-gradient":""},"tablet":{"background-color":"","background-image":"","background-repeat":"repeat","background-position":"center center","background-size":"auto","background-attachment":"scroll","background-type":"","background-media":"","overlay-type":"","overlay-color":"","overlay-opacity":"","overlay-gradient":""},"mobile":{"background-color":"","background-image":"","background-repeat":"repeat","background-position":"center center","background-size":"auto","background-attachment":"scroll","background-type":"","background-media":"","overlay-type":"","overlay-color":"","overlay-opacity":"","overlay-gradient":""}},"ast-content-background-meta":{"desktop":{"background-color":"var(--ast-global-color-5)","background-image":"","background-repeat":"repeat","background-position":"center center","background-size":"auto","background-attachment":"scroll","background-type":"","background-media":"","overlay-type":"","overlay-color":"","overlay-opacity":"","overlay-gradient":""},"tablet":{"background-color":"var(--ast-global-color-5)","background-image":"","background-repeat":"repeat","background-position":"center center","background-size":"auto","background-attachment":"scroll","background-type":"","background-media":"","overlay-type":"","overlay-color":"","overlay-opacity":"","overlay-gradient":""},"mobile":{"background-color":"var(--ast-global-color-5)","background-image":"","background-repeat":"repeat","background-position":"center center","background-size":"auto","background-attachment":"scroll","background-type":"","background-media":"","overlay-type":"","overlay-color":"","overlay-opacity":"","overlay-gradient":""}},"footnotes":""},"class_list":["post-9756","page","type-page","status-publish","hentry"],"post_mailing_queue_ids":[],"_links":{"self":[{"href":"https:\/\/agora.xtec.cat\/ceip-torrojaimiret\/wp-json\/wp\/v2\/pages\/9756","targetHints":{"allow":["GET"]}}],"collection":[{"href":"https:\/\/agora.xtec.cat\/ceip-torrojaimiret\/wp-json\/wp\/v2\/pages"}],"about":[{"href":"https:\/\/agora.xtec.cat\/ceip-torrojaimiret\/wp-json\/wp\/v2\/types\/page"}],"author":[{"embeddable":true,"href":"https:\/\/agora.xtec.cat\/ceip-torrojaimiret\/wp-json\/wp\/v2\/users\/37"}],"replies":[{"embeddable":true,"href":"https:\/\/agora.xtec.cat\/ceip-torrojaimiret\/wp-json\/wp\/v2\/comments?post=9756"}],"version-history":[{"count":3,"href":"https:\/\/agora.xtec.cat\/ceip-torrojaimiret\/wp-json\/wp\/v2\/pages\/9756\/revisions"}],"predecessor-version":[{"id":12657,"href":"https:\/\/agora.xtec.cat\/ceip-torrojaimiret\/wp-json\/wp\/v2\/pages\/9756\/revisions\/12657"}],"up":[{"embeddable":true,"href":"https:\/\/agora.xtec.cat\/ceip-torrojaimiret\/wp-json\/wp\/v2\/pages\/1276"}],"wp:attachment":[{"href":"https:\/\/agora.xtec.cat\/ceip-torrojaimiret\/wp-json\/wp\/v2\/media?parent=9756"}],"curies":[{"name":"wp","href":"https:\/\/api.w.org\/{rel}","templated":true}]}}

<p><b>El professorat del centre utilitza aquesta plataforma per realitzar treballs en xarxa amb altres centres de la Unió Europea, emprant la llengua anglesa com a mitjà de comunicació.</b></p>
<p><b>Adjuntem algun exemple:</b></p>
<p>Els alumnes de 5è i 6è de l’Escola Torroja i Miret i els alumnes de l’escola Dean Field Community Primary School de Halifax (Regne Unit), realitzen un projecte d’intercanvi d’experiències, costums i tradicions dels nostres països tot utilitzant i aprenent la llengua estrangera (anglès) i el castellà per mitjà de correspondència escrita. El projecte té com a objectiu principal millorar les competències comunicatives dels alumnes. Alguns dels objectius clau que es pretenen aconseguir amb aquest projecte són els següents.</p>
<p>– Millorar el nivell d’expressió i comprensió escrita.<br />
– Practicar tipologies textuals senzilles: carta, descripcions, narracions…<br />
– Motivar l’alumnat per l’aprenentatge de la llengua anglesa<br />
– Descobrir la cultura i tradicions d’un altre país o regió.</p>

<p>El professorat del centre utilitza aquesta plataforma per realitzar treballs en xarxa amb altres centres de la Unió Europea, emprant la llengua anglesa com a mitjà de comunicació. Adjuntem algun exemple: Els alumnes de 5è i 6è de l’Escola Torroja i Miret i els alumnes de l’escola Dean Field Community Primary School de Halifax (Regne [&hellip;]</p>
