{"id":4541,"date":"2014-02-19T15:14:36","date_gmt":"2014-02-19T14:14:36","guid":{"rendered":"http:\/\/blocs.xtec.cat\/ceiptorrojaimiret\/?page_id=4541"},"modified":"2020-03-17T12:39:23","modified_gmt":"2020-03-17T11:39:23","slug":"escola-verda","status":"publish","type":"page","link":"https:\/\/agora.xtec.cat\/ceip-torrojaimiret\/projecte-educatiu-2\/projectes\/escola-verda\/","title":{"rendered":"b) Escola Verda"},"content":{"rendered":"<p>Pret\u00e9n fomentar l&#8217;adquisici\u00f3 de valors i h\u00e0bits de respecte i cura vers el nostre medi ambient i la seva sostenibilitat.<\/p>\n<p>Es porten a terme accions com la recollida selectiva, l&#8217;estalvi energ\u00e8tic, la reducci\u00f3 de residus, l&#8217;\u00fas sostenible dels recursos, la cura de l&#8217;entorn, apadrinament de plantes, l&#8217;hort escolar&#8230;<\/p>\n<p><a href=\"http:\/\/blocs.xtec.cat\/ceiptorrojaimiret\/files\/2014\/02\/placa-escola-verda-petita.jpg\"><img loading=\"lazy\" decoding=\"async\" class=\"wp-image-4654 size-medium aligncenter\" src=\"http:\/\/blocs.xtec.cat\/ceiptorrojaimiret\/files\/2014\/02\/placa-escola-verda-petita-300x200.jpg\" alt=\"\" width=\"300\" height=\"200\" \/><\/a><\/p>\n<p style=\"text-align: center;\">Som Escola Verda!!!!<\/p>\n<p><a href=\"http:\/\/blocs.xtec.cat\/ceiptorrojaimiret\/files\/2014\/02\/14.-Hort-petita.jpg\"><img loading=\"lazy\" decoding=\"async\" class=\"wp-image-4666 size-medium aligncenter\" src=\"http:\/\/blocs.xtec.cat\/ceiptorrojaimiret\/files\/2014\/02\/14.-Hort-petita-300x236.jpg\" alt=\"\" width=\"300\" height=\"236\" \/><\/a><\/p>\n<p style=\"text-align: center;\">Els nostres alumnes aprenen a tenir cura del nostre hort.<\/p>\n<p><strong>Hort de prim\u00e0ria<\/strong><\/p>\n<p><a href=\"http:\/\/blocs.xtec.cat\/ceiptorrojaimiret\/files\/2014\/02\/hort-primaria-2OK.jpg\"><img loading=\"lazy\" decoding=\"async\" class=\"aligncenter size-full wp-image-8101\" src=\"http:\/\/blocs.xtec.cat\/ceiptorrojaimiret\/files\/2014\/02\/hort-primaria-2OK.jpg\" alt=\"hort-primaria-2ok\" width=\"448\" height=\"336\" \/><\/a><\/p>\n<p><a href=\"http:\/\/blocs.xtec.cat\/ceiptorrojaimiret\/files\/2014\/02\/hort-primaria-OK.jpg\"><img loading=\"lazy\" decoding=\"async\" class=\"aligncenter size-full wp-image-8102\" src=\"http:\/\/blocs.xtec.cat\/ceiptorrojaimiret\/files\/2014\/02\/hort-primaria-OK.jpg\" alt=\"hort-primaria-ok\" width=\"448\" height=\"336\" \/><\/a><\/p>\n","protected":false},"excerpt":{"rendered":"<p>Pret\u00e9n fomentar l&#8217;adquisici\u00f3 de valors i h\u00e0bits de respecte i cura vers el nostre medi ambient i la seva sostenibilitat. Es porten a terme accions com la recollida selectiva, l&#8217;estalvi energ\u00e8tic, la reducci\u00f3 de residus, l&#8217;\u00fas sostenible dels recursos, la cura de l&#8217;entorn, apadrinament de plantes, l&#8217;hort escolar&#8230; Som Escola Verda!!!! Els nostres alumnes aprenen [&hellip;]<\/p>\n","protected":false},"author":1,"featured_media":0,"parent":1266,"menu_order":2,"comment_status":"open","ping_status":"open","template":"page-templates\/side-menu.php","meta":{"_bbp_topic_count":0,"_bbp_reply_count":0,"_bbp_total_topic_count":0,"_bbp_total_reply_count":0,"_bbp_voice_count":0,"_bbp_anonymous_reply_count":0,"_bbp_topic_count_hidden":0,"_bbp_reply_count_hidden":0,"_bbp_forum_subforum_count":0,"site-sidebar-layout":"default","site-content-layout":"","ast-site-content-layout":"","site-content-style":"default","site-sidebar-style":"default","ast-global-header-display":"","ast-banner-title-visibility":"","ast-main-header-display":"","ast-hfb-above-header-display":"","ast-hfb-below-header-display":"","ast-hfb-mobile-header-display":"","site-post-title":"","ast-breadcrumbs-content":"","ast-featured-img":"","footer-sml-layout":"","theme-transparent-header-meta":"","adv-header-id-meta":"","stick-header-meta":"","header-above-stick-meta":"","header-main-stick-meta":"","header-below-stick-meta":"","astra-migrate-meta-layouts":"default","ast-page-background-enabled":"default","ast-page-background-meta":{"desktop":{"background-color":"var(--ast-global-color-4)","background-image":"","background-repeat":"repeat","background-position":"center center","background-size":"auto","background-attachment":"scroll","background-type":"","background-media":"","overlay-type":"","overlay-color":"","overlay-opacity":"","overlay-gradient":""},"tablet":{"background-color":"","background-image":"","background-repeat":"repeat","background-position":"center center","background-size":"auto","background-attachment":"scroll","background-type":"","background-media":"","overlay-type":"","overlay-color":"","overlay-opacity":"","overlay-gradient":""},"mobile":{"background-color":"","background-image":"","background-repeat":"repeat","background-position":"center center","background-size":"auto","background-attachment":"scroll","background-type":"","background-media":"","overlay-type":"","overlay-color":"","overlay-opacity":"","overlay-gradient":""}},"ast-content-background-meta":{"desktop":{"background-color":"var(--ast-global-color-5)","background-image":"","background-repeat":"repeat","background-position":"center center","background-size":"auto","background-attachment":"scroll","background-type":"","background-media":"","overlay-type":"","overlay-color":"","overlay-opacity":"","overlay-gradient":""},"tablet":{"background-color":"var(--ast-global-color-5)","background-image":"","background-repeat":"repeat","background-position":"center center","background-size":"auto","background-attachment":"scroll","background-type":"","background-media":"","overlay-type":"","overlay-color":"","overlay-opacity":"","overlay-gradient":""},"mobile":{"background-color":"var(--ast-global-color-5)","background-image":"","background-repeat":"repeat","background-position":"center center","background-size":"auto","background-attachment":"scroll","background-type":"","background-media":"","overlay-type":"","overlay-color":"","overlay-opacity":"","overlay-gradient":""}},"footnotes":""},"class_list":["post-4541","page","type-page","status-publish","hentry"],"post_mailing_queue_ids":[],"_links":{"self":[{"href":"https:\/\/agora.xtec.cat\/ceip-torrojaimiret\/wp-json\/wp\/v2\/pages\/4541","targetHints":{"allow":["GET"]}}],"collection":[{"href":"https:\/\/agora.xtec.cat\/ceip-torrojaimiret\/wp-json\/wp\/v2\/pages"}],"about":[{"href":"https:\/\/agora.xtec.cat\/ceip-torrojaimiret\/wp-json\/wp\/v2\/types\/page"}],"author":[{"embeddable":true,"href":"https:\/\/agora.xtec.cat\/ceip-torrojaimiret\/wp-json\/wp\/v2\/users\/1"}],"replies":[{"embeddable":true,"href":"https:\/\/agora.xtec.cat\/ceip-torrojaimiret\/wp-json\/wp\/v2\/comments?post=4541"}],"version-history":[{"count":3,"href":"https:\/\/agora.xtec.cat\/ceip-torrojaimiret\/wp-json\/wp\/v2\/pages\/4541\/revisions"}],"predecessor-version":[{"id":12701,"href":"https:\/\/agora.xtec.cat\/ceip-torrojaimiret\/wp-json\/wp\/v2\/pages\/4541\/revisions\/12701"}],"up":[{"embeddable":true,"href":"https:\/\/agora.xtec.cat\/ceip-torrojaimiret\/wp-json\/wp\/v2\/pages\/1266"}],"wp:attachment":[{"href":"https:\/\/agora.xtec.cat\/ceip-torrojaimiret\/wp-json\/wp\/v2\/media?parent=4541"}],"curies":[{"name":"wp","href":"https:\/\/api.w.org\/{rel}","templated":true}]}}

<p>Pretén fomentar l&#8217;adquisició de valors i hàbits de respecte i cura vers el nostre medi ambient i la seva sostenibilitat.</p>
<p>Es porten a terme accions com la recollida selectiva, l&#8217;estalvi energètic, la reducció de residus, l&#8217;ús sostenible dels recursos, la cura de l&#8217;entorn, apadrinament de plantes, l&#8217;hort escolar&#8230;</p>
<p><a href="http://blocs.xtec.cat/ceiptorrojaimiret/files/2014/02/placa-escola-verda-petita.jpg"><img loading="lazy" decoding="async" class="wp-image-4654 size-medium aligncenter" src="http://blocs.xtec.cat/ceiptorrojaimiret/files/2014/02/placa-escola-verda-petita-300x200.jpg" alt="" width="300" height="200" /></a></p>
<p style="text-align: center;">Som Escola Verda!!!!</p>
<p><a href="http://blocs.xtec.cat/ceiptorrojaimiret/files/2014/02/14.-Hort-petita.jpg"><img loading="lazy" decoding="async" class="wp-image-4666 size-medium aligncenter" src="http://blocs.xtec.cat/ceiptorrojaimiret/files/2014/02/14.-Hort-petita-300x236.jpg" alt="" width="300" height="236" /></a></p>
<p style="text-align: center;">Els nostres alumnes aprenen a tenir cura del nostre hort.</p>
<p><strong>Hort de primària</strong></p>
<p><a href="http://blocs.xtec.cat/ceiptorrojaimiret/files/2014/02/hort-primaria-2OK.jpg"><img loading="lazy" decoding="async" class="aligncenter size-full wp-image-8101" src="http://blocs.xtec.cat/ceiptorrojaimiret/files/2014/02/hort-primaria-2OK.jpg" alt="hort-primaria-2ok" width="448" height="336" /></a></p>
<p><a href="http://blocs.xtec.cat/ceiptorrojaimiret/files/2014/02/hort-primaria-OK.jpg"><img loading="lazy" decoding="async" class="aligncenter size-full wp-image-8102" src="http://blocs.xtec.cat/ceiptorrojaimiret/files/2014/02/hort-primaria-OK.jpg" alt="hort-primaria-ok" width="448" height="336" /></a></p>

<p>Pretén fomentar l&#8217;adquisició de valors i hàbits de respecte i cura vers el nostre medi ambient i la seva sostenibilitat. Es porten a terme accions com la recollida selectiva, l&#8217;estalvi energètic, la reducció de residus, l&#8217;ús sostenible dels recursos, la cura de l&#8217;entorn, apadrinament de plantes, l&#8217;hort escolar&#8230; Som Escola Verda!!!! Els nostres alumnes aprenen [&hellip;]</p>
