{"id":4532,"date":"2014-02-19T15:08:35","date_gmt":"2014-02-19T14:08:35","guid":{"rendered":"http:\/\/blocs.xtec.cat\/ceiptorrojaimiret\/?page_id=4532"},"modified":"2020-03-23T15:13:04","modified_gmt":"2020-03-23T14:13:04","slug":"programa-si-salut-integral","status":"publish","type":"page","link":"https:\/\/agora.xtec.cat\/ceip-torrojaimiret\/projecte-educatiu-2\/projectes\/programa-si-salut-integral\/","title":{"rendered":"d) Programa SI (Salut Integral)"},"content":{"rendered":"<div class=\"entry-content\" style=\"text-align: justify;\">\n<p>L&#8217;escola fonamentalment participa en dos programes vinculats amb la millora de la salut dels nostres alumnes: el Programa de Salut Integral (SI) i el Pla de consum de fruita.<\/p>\n<p>El<strong>\u00a0Programa de Salut Integral<\/strong>\u00a0neix de la voluntat del Dr. Valent\u00ed Fuster de difondre entre la societat h\u00e0bits de vida saludables que puguin contribuir a millorar la salut cardiovascular i tenir una bona qualitat de vida. Est\u00e0 creat per la Fundaci\u00f3 SHE i avalat pel Departament d\u2019Ensenyament com un Projecte d\u2019Innovaci\u00f3.<\/p>\n<p>&nbsp;<\/p>\n<\/div>\n<p><a href=\"https:\/\/agora.xtec.cat\/ceip-torrojaimiret\/wp-content\/uploads\/usu1688\/2020\/01\/SI1.jpg\"><img loading=\"lazy\" decoding=\"async\" class=\"alignnone wp-image-12055\" src=\"https:\/\/agora.xtec.cat\/ceip-torrojaimiret\/wp-content\/uploads\/usu1688\/2020\/01\/SI1-1024x766.jpg\" alt=\"\" width=\"300\" height=\"224\" srcset=\"https:\/\/agora.xtec.cat\/ceip-torrojaimiret\/wp-content\/uploads\/usu1688\/2020\/01\/SI1-1024x766.jpg 1024w, https:\/\/agora.xtec.cat\/ceip-torrojaimiret\/wp-content\/uploads\/usu1688\/2020\/01\/SI1-300x224.jpg 300w, https:\/\/agora.xtec.cat\/ceip-torrojaimiret\/wp-content\/uploads\/usu1688\/2020\/01\/SI1-768x574.jpg 768w, https:\/\/agora.xtec.cat\/ceip-torrojaimiret\/wp-content\/uploads\/usu1688\/2020\/01\/SI1-200x150.jpg 200w, https:\/\/agora.xtec.cat\/ceip-torrojaimiret\/wp-content\/uploads\/usu1688\/2020\/01\/SI1.jpg 1262w\" sizes=\"auto, (max-width: 300px) 100vw, 300px\" \/> <\/a><a href=\"https:\/\/agora.xtec.cat\/ceip-torrojaimiret\/wp-content\/uploads\/usu1688\/2020\/01\/SI2.jpg\"><img loading=\"lazy\" decoding=\"async\" class=\"alignnone wp-image-12056\" src=\"https:\/\/agora.xtec.cat\/ceip-torrojaimiret\/wp-content\/uploads\/usu1688\/2020\/01\/SI2-1024x766.jpg\" alt=\"\" width=\"300\" height=\"225\" srcset=\"https:\/\/agora.xtec.cat\/ceip-torrojaimiret\/wp-content\/uploads\/usu1688\/2020\/01\/SI2-1024x766.jpg 1024w, https:\/\/agora.xtec.cat\/ceip-torrojaimiret\/wp-content\/uploads\/usu1688\/2020\/01\/SI2-300x224.jpg 300w, https:\/\/agora.xtec.cat\/ceip-torrojaimiret\/wp-content\/uploads\/usu1688\/2020\/01\/SI2-768x574.jpg 768w, https:\/\/agora.xtec.cat\/ceip-torrojaimiret\/wp-content\/uploads\/usu1688\/2020\/01\/SI2-200x150.jpg 200w, https:\/\/agora.xtec.cat\/ceip-torrojaimiret\/wp-content\/uploads\/usu1688\/2020\/01\/SI2.jpg 1262w\" sizes=\"auto, (max-width: 300px) 100vw, 300px\" \/><\/a><\/p>\n<p>&nbsp;<\/p>\n<div class=\"entry-content\" style=\"text-align: justify;\">\n<p>Tenint en compte els factors principals de risc cardiovascular, i seguint una visi\u00f3 global de promoci\u00f3 de la salut\u00a0<strong>(Salut Integral)\u00a0<\/strong>que vagi m\u00e9s enll\u00e0 de la prevenci\u00f3 de l\u2019obesitat, hi incideix en quatre components b\u00e0sics i interrelacionats entre si:<\/p>\n<ul>\n<li>Adquisici\u00f3 d\u2019h\u00e0bits d\u2019alimentaci\u00f3 saludable<\/li>\n<li>Desenvolupament de l\u2019activitat f\u00edsica<\/li>\n<li>Coneixement del funcionament del cos<\/li>\n<li>Gesti\u00f3 de les emocions i foment de la responsabilitat social com a factors de protecci\u00f3 davant les addiccions i al consum de subst\u00e0ncies estranyes per a l\u2019organisme (tabac, alcohol i drogues).<\/li>\n<\/ul>\n<p><a href=\"http:\/\/programasi.org\/ca\/\" target=\"_blank\" rel=\"noopener noreferrer\"><img loading=\"lazy\" decoding=\"async\" class=\"aligncenter size-full wp-image-8089\" src=\"http:\/\/blocs.xtec.cat\/ceiptorrojaimiret\/files\/2014\/02\/programa-si-ok.jpg\" alt=\"programa-si-ok\" width=\"314\" height=\"153\" \/><\/a><\/p>\n<p>&nbsp;<\/p>\n<p>&nbsp;<\/p>\n<p><strong>Programa de consum de fruita i hortalisses a les escoles de la Uni\u00f3 Europea<\/strong><\/p>\n<p><a href=\"https:\/\/agora.xtec.cat\/ceip-torrojaimiret\/wp-content\/uploads\/usu1688\/2019\/12\/Tr\u00edptic-PE-Fruita-Uni\u00f3-Europea.pdf\" target=\"_blank\" rel=\"noopener noreferrer\"><img loading=\"lazy\" decoding=\"async\" class=\"wp-image-11929 aligncenter\" src=\"https:\/\/agora.xtec.cat\/ceip-torrojaimiret\/wp-content\/uploads\/usu1688\/2019\/12\/fruita-escola-1024x724.jpg\" alt=\"\" width=\"661\" height=\"467\" srcset=\"https:\/\/agora.xtec.cat\/ceip-torrojaimiret\/wp-content\/uploads\/usu1688\/2019\/12\/fruita-escola-1024x724.jpg 1024w, https:\/\/agora.xtec.cat\/ceip-torrojaimiret\/wp-content\/uploads\/usu1688\/2019\/12\/fruita-escola-300x212.jpg 300w, https:\/\/agora.xtec.cat\/ceip-torrojaimiret\/wp-content\/uploads\/usu1688\/2019\/12\/fruita-escola-768x543.jpg 768w, https:\/\/agora.xtec.cat\/ceip-torrojaimiret\/wp-content\/uploads\/usu1688\/2019\/12\/fruita-escola.jpg 1118w\" sizes=\"auto, (max-width: 661px) 100vw, 661px\" \/><\/a><\/p>\n<p><strong>MENGEM FRUITA!!<\/strong><br \/>\nL\u2019Escola ja fa anys que ha vingut participant en el Pla de Consum de fruita a l\u2019escola organitzat pel Departament d\u2019Agricultura, Ramaderia i Pesca i el Departament d\u2019Ensenyament i ara ho far\u00e0 en el Programa de Consum de Fruita i Hortalisses a les Escoles de la Uni\u00f3 Europea.Amb aquest pla es volen potenciar els seg\u00fcents objectius:<\/p>\n<p>\u2022 Oferir fruita gratu\u00efta com a complement en els esmorzars dins del centre escolar.<br \/>\n\u2022 Informar sobre els beneficis d\u2019incrementar el consum de fruites, verdures i hortalisses, i sobre la seva diversitat, caracter\u00edstiques, producci\u00f3, l\u2019estacionalitat, etc.<br \/>\n\u2022 Proposar el consum de fruites com una alternativa excel\u2022lent al consum d\u2019altres aliments amb menys qualitat nutricional.<\/p>\n<p>Es pretenen fomentar accions que afavoreixin la salut dels infants, com ara augmentar el consum de fruites i verdures, fruita seca, llegum, aigua i joc actiu. I reduir el consum de llaminadures begudes refrescants, brioixeria i videojocs sedentaris.<\/p>\n<\/div>\n","protected":false},"excerpt":{"rendered":"<p>L&#8217;escola fonamentalment participa en dos programes vinculats amb la millora de la salut dels nostres alumnes: el Programa de Salut Integral (SI) i el Pla de consum de fruita. El\u00a0Programa de Salut Integral\u00a0neix de la voluntat del Dr. Valent\u00ed Fuster de difondre entre la societat h\u00e0bits de vida saludables que puguin contribuir a millorar la [&hellip;]<\/p>\n","protected":false},"author":1,"featured_media":0,"parent":1266,"menu_order":4,"comment_status":"open","ping_status":"open","template":"page-templates\/side-menu.php","meta":{"_bbp_topic_count":0,"_bbp_reply_count":0,"_bbp_total_topic_count":0,"_bbp_total_reply_count":0,"_bbp_voice_count":0,"_bbp_anonymous_reply_count":0,"_bbp_topic_count_hidden":0,"_bbp_reply_count_hidden":0,"_bbp_forum_subforum_count":0,"site-sidebar-layout":"default","site-content-layout":"","ast-site-content-layout":"","site-content-style":"default","site-sidebar-style":"default","ast-global-header-display":"","ast-banner-title-visibility":"","ast-main-header-display":"","ast-hfb-above-header-display":"","ast-hfb-below-header-display":"","ast-hfb-mobile-header-display":"","site-post-title":"","ast-breadcrumbs-content":"","ast-featured-img":"","footer-sml-layout":"","theme-transparent-header-meta":"","adv-header-id-meta":"","stick-header-meta":"","header-above-stick-meta":"","header-main-stick-meta":"","header-below-stick-meta":"","astra-migrate-meta-layouts":"default","ast-page-background-enabled":"default","ast-page-background-meta":{"desktop":{"background-color":"var(--ast-global-color-4)","background-image":"","background-repeat":"repeat","background-position":"center center","background-size":"auto","background-attachment":"scroll","background-type":"","background-media":"","overlay-type":"","overlay-color":"","overlay-opacity":"","overlay-gradient":""},"tablet":{"background-color":"","background-image":"","background-repeat":"repeat","background-position":"center center","background-size":"auto","background-attachment":"scroll","background-type":"","background-media":"","overlay-type":"","overlay-color":"","overlay-opacity":"","overlay-gradient":""},"mobile":{"background-color":"","background-image":"","background-repeat":"repeat","background-position":"center center","background-size":"auto","background-attachment":"scroll","background-type":"","background-media":"","overlay-type":"","overlay-color":"","overlay-opacity":"","overlay-gradient":""}},"ast-content-background-meta":{"desktop":{"background-color":"var(--ast-global-color-5)","background-image":"","background-repeat":"repeat","background-position":"center center","background-size":"auto","background-attachment":"scroll","background-type":"","background-media":"","overlay-type":"","overlay-color":"","overlay-opacity":"","overlay-gradient":""},"tablet":{"background-color":"var(--ast-global-color-5)","background-image":"","background-repeat":"repeat","background-position":"center center","background-size":"auto","background-attachment":"scroll","background-type":"","background-media":"","overlay-type":"","overlay-color":"","overlay-opacity":"","overlay-gradient":""},"mobile":{"background-color":"var(--ast-global-color-5)","background-image":"","background-repeat":"repeat","background-position":"center center","background-size":"auto","background-attachment":"scroll","background-type":"","background-media":"","overlay-type":"","overlay-color":"","overlay-opacity":"","overlay-gradient":""}},"footnotes":""},"class_list":["post-4532","page","type-page","status-publish","hentry"],"post_mailing_queue_ids":[],"_links":{"self":[{"href":"https:\/\/agora.xtec.cat\/ceip-torrojaimiret\/wp-json\/wp\/v2\/pages\/4532","targetHints":{"allow":["GET"]}}],"collection":[{"href":"https:\/\/agora.xtec.cat\/ceip-torrojaimiret\/wp-json\/wp\/v2\/pages"}],"about":[{"href":"https:\/\/agora.xtec.cat\/ceip-torrojaimiret\/wp-json\/wp\/v2\/types\/page"}],"author":[{"embeddable":true,"href":"https:\/\/agora.xtec.cat\/ceip-torrojaimiret\/wp-json\/wp\/v2\/users\/1"}],"replies":[{"embeddable":true,"href":"https:\/\/agora.xtec.cat\/ceip-torrojaimiret\/wp-json\/wp\/v2\/comments?post=4532"}],"version-history":[{"count":3,"href":"https:\/\/agora.xtec.cat\/ceip-torrojaimiret\/wp-json\/wp\/v2\/pages\/4532\/revisions"}],"predecessor-version":[{"id":12598,"href":"https:\/\/agora.xtec.cat\/ceip-torrojaimiret\/wp-json\/wp\/v2\/pages\/4532\/revisions\/12598"}],"up":[{"embeddable":true,"href":"https:\/\/agora.xtec.cat\/ceip-torrojaimiret\/wp-json\/wp\/v2\/pages\/1266"}],"wp:attachment":[{"href":"https:\/\/agora.xtec.cat\/ceip-torrojaimiret\/wp-json\/wp\/v2\/media?parent=4532"}],"curies":[{"name":"wp","href":"https:\/\/api.w.org\/{rel}","templated":true}]}}

<div class="entry-content" style="text-align: justify;">
<p>L&#8217;escola fonamentalment participa en dos programes vinculats amb la millora de la salut dels nostres alumnes: el Programa de Salut Integral (SI) i el Pla de consum de fruita.</p>
<p>El<strong> Programa de Salut Integral</strong> neix de la voluntat del Dr. Valentí Fuster de difondre entre la societat hàbits de vida saludables que puguin contribuir a millorar la salut cardiovascular i tenir una bona qualitat de vida. Està creat per la Fundació SHE i avalat pel Departament d’Ensenyament com un Projecte d’Innovació.</p>
<p>&nbsp;</p>
</div>
<p><a href="https://agora.xtec.cat/ceip-torrojaimiret/wp-content/uploads/usu1688/2020/01/SI1.jpg"><img loading="lazy" decoding="async" class="alignnone wp-image-12055" src="https://agora.xtec.cat/ceip-torrojaimiret/wp-content/uploads/usu1688/2020/01/SI1-1024x766.jpg" alt="" width="300" height="224" srcset="https://agora.xtec.cat/ceip-torrojaimiret/wp-content/uploads/usu1688/2020/01/SI1-1024x766.jpg 1024w, https://agora.xtec.cat/ceip-torrojaimiret/wp-content/uploads/usu1688/2020/01/SI1-300x224.jpg 300w, https://agora.xtec.cat/ceip-torrojaimiret/wp-content/uploads/usu1688/2020/01/SI1-768x574.jpg 768w, https://agora.xtec.cat/ceip-torrojaimiret/wp-content/uploads/usu1688/2020/01/SI1-200x150.jpg 200w, https://agora.xtec.cat/ceip-torrojaimiret/wp-content/uploads/usu1688/2020/01/SI1.jpg 1262w" sizes="auto, (max-width: 300px) 100vw, 300px" /> </a><a href="https://agora.xtec.cat/ceip-torrojaimiret/wp-content/uploads/usu1688/2020/01/SI2.jpg"><img loading="lazy" decoding="async" class="alignnone wp-image-12056" src="https://agora.xtec.cat/ceip-torrojaimiret/wp-content/uploads/usu1688/2020/01/SI2-1024x766.jpg" alt="" width="300" height="225" srcset="https://agora.xtec.cat/ceip-torrojaimiret/wp-content/uploads/usu1688/2020/01/SI2-1024x766.jpg 1024w, https://agora.xtec.cat/ceip-torrojaimiret/wp-content/uploads/usu1688/2020/01/SI2-300x224.jpg 300w, https://agora.xtec.cat/ceip-torrojaimiret/wp-content/uploads/usu1688/2020/01/SI2-768x574.jpg 768w, https://agora.xtec.cat/ceip-torrojaimiret/wp-content/uploads/usu1688/2020/01/SI2-200x150.jpg 200w, https://agora.xtec.cat/ceip-torrojaimiret/wp-content/uploads/usu1688/2020/01/SI2.jpg 1262w" sizes="auto, (max-width: 300px) 100vw, 300px" /></a></p>
<p>&nbsp;</p>
<div class="entry-content" style="text-align: justify;">
<p>Tenint en compte els factors principals de risc cardiovascular, i seguint una visió global de promoció de la salut <strong>(Salut Integral) </strong>que vagi més enllà de la prevenció de l’obesitat, hi incideix en quatre components bàsics i interrelacionats entre si:</p>
<ul>
<li>Adquisició d’hàbits d’alimentació saludable</li>
<li>Desenvolupament de l’activitat física</li>
<li>Coneixement del funcionament del cos</li>
<li>Gestió de les emocions i foment de la responsabilitat social com a factors de protecció davant les addiccions i al consum de substàncies estranyes per a l’organisme (tabac, alcohol i drogues).</li>
</ul>
<p><a href="http://programasi.org/ca/" target="_blank" rel="noopener noreferrer"><img loading="lazy" decoding="async" class="aligncenter size-full wp-image-8089" src="http://blocs.xtec.cat/ceiptorrojaimiret/files/2014/02/programa-si-ok.jpg" alt="programa-si-ok" width="314" height="153" /></a></p>
<p>&nbsp;</p>
<p>&nbsp;</p>
<p><strong>Programa de consum de fruita i hortalisses a les escoles de la Unió Europea</strong></p>
<p><a href="https://agora.xtec.cat/ceip-torrojaimiret/wp-content/uploads/usu1688/2019/12/Tríptic-PE-Fruita-Unió-Europea.pdf" target="_blank" rel="noopener noreferrer"><img loading="lazy" decoding="async" class="wp-image-11929 aligncenter" src="https://agora.xtec.cat/ceip-torrojaimiret/wp-content/uploads/usu1688/2019/12/fruita-escola-1024x724.jpg" alt="" width="661" height="467" srcset="https://agora.xtec.cat/ceip-torrojaimiret/wp-content/uploads/usu1688/2019/12/fruita-escola-1024x724.jpg 1024w, https://agora.xtec.cat/ceip-torrojaimiret/wp-content/uploads/usu1688/2019/12/fruita-escola-300x212.jpg 300w, https://agora.xtec.cat/ceip-torrojaimiret/wp-content/uploads/usu1688/2019/12/fruita-escola-768x543.jpg 768w, https://agora.xtec.cat/ceip-torrojaimiret/wp-content/uploads/usu1688/2019/12/fruita-escola.jpg 1118w" sizes="auto, (max-width: 661px) 100vw, 661px" /></a></p>
<p><strong>MENGEM FRUITA!!</strong><br />
L’Escola ja fa anys que ha vingut participant en el Pla de Consum de fruita a l’escola organitzat pel Departament d’Agricultura, Ramaderia i Pesca i el Departament d’Ensenyament i ara ho farà en el Programa de Consum de Fruita i Hortalisses a les Escoles de la Unió Europea.Amb aquest pla es volen potenciar els següents objectius:</p>
<p>• Oferir fruita gratuïta com a complement en els esmorzars dins del centre escolar.<br />
• Informar sobre els beneficis d’incrementar el consum de fruites, verdures i hortalisses, i sobre la seva diversitat, característiques, producció, l’estacionalitat, etc.<br />
• Proposar el consum de fruites com una alternativa excel•lent al consum d’altres aliments amb menys qualitat nutricional.</p>
<p>Es pretenen fomentar accions que afavoreixin la salut dels infants, com ara augmentar el consum de fruites i verdures, fruita seca, llegum, aigua i joc actiu. I reduir el consum de llaminadures begudes refrescants, brioixeria i videojocs sedentaris.</p>
</div>

<p>L&#8217;escola fonamentalment participa en dos programes vinculats amb la millora de la salut dels nostres alumnes: el Programa de Salut Integral (SI) i el Pla de consum de fruita. El Programa de Salut Integral neix de la voluntat del Dr. Valentí Fuster de difondre entre la societat hàbits de vida saludables que puguin contribuir a millorar la [&hellip;]</p>
