{"id":4528,"date":"2014-02-19T15:07:20","date_gmt":"2014-02-19T14:07:20","guid":{"rendered":"http:\/\/blocs.xtec.cat\/ceiptorrojaimiret\/?page_id=4528"},"modified":"2020-03-16T11:16:11","modified_gmt":"2020-03-16T10:16:11","slug":"tallers-matematics","status":"publish","type":"page","link":"https:\/\/agora.xtec.cat\/ceip-torrojaimiret\/lescola\/families\/tallers-matematics\/","title":{"rendered":"c) Tallers matem\u00e0tics"},"content":{"rendered":"<div style=\"text-align: left;\">\n<p>Pretenen treballar el curr\u00edculum matem\u00e0tic d\u2019una manera pr\u00e0ctica i l\u00fadica amb la participaci\u00f3 de les fam\u00edlies. Es treballa la matem\u00e0tica aplicada a jocs i situacions d\u2019inter\u00e8s per l\u2019alumnat.<\/p>\n<p><a href=\"http:\/\/blocs.xtec.cat\/ceiptorrojaimiret\/files\/2014\/02\/mates.jpg\"><img loading=\"lazy\" decoding=\"async\" class=\"aligncenter size-full wp-image-4573\" src=\"http:\/\/blocs.xtec.cat\/ceiptorrojaimiret\/files\/2014\/02\/mates.jpg\" alt=\"mates\" width=\"300\" height=\"168\" \/><\/a><\/p>\n<p>A trav\u00e9s de jocs i activitats creativitats i amb l&#8217;ajuda de pares i mares voluntaris, cada setmana es treballen continguts matem\u00e0tics de manera pr\u00e0ctica amb petits grups d&#8217;alumnes de cada classe del parvulari.<\/p>\n<p><a href=\"http:\/\/blocs.xtec.cat\/ceiptorrojaimiret\/files\/2014\/02\/5.-tallers-mates-petita.jpg\"><img loading=\"lazy\" decoding=\"async\" class=\"size-full wp-image-4658 aligncenter\" src=\"http:\/\/blocs.xtec.cat\/ceiptorrojaimiret\/files\/2014\/02\/5.-tallers-mates-petita.jpg\" alt=\"Aix\u00ed \u00e9s com treballem les matem\u00e0tiques!\" width=\"192\" height=\"144\" \/><\/a><\/p>\n<\/div>\n<p>Els jocs com el d\u00f2mino, les cartes, el parx\u00eds&#8230; ajuden a pensar i usar la numeraci\u00f3, el c\u00e0lcul i la resoluci\u00f3 de problemes de manera pr\u00e0ctica i l\u00fadica. Tamb\u00e9 es treballen normes de conviv\u00e8ncia com aprendre a respectar torns, a dialogar, a usar habilitats socials&#8230; en petits grups i amb l&#8217;ajut de persones significatives (pares i mares).<\/p>\n<p style=\"text-align: center;\"><a href=\"http:\/\/blocs.xtec.cat\/ceiptorrojaimiret\/files\/2014\/02\/mates2.jpg\"><img loading=\"lazy\" decoding=\"async\" class=\"aligncenter size-full wp-image-4574\" src=\"http:\/\/blocs.xtec.cat\/ceiptorrojaimiret\/files\/2014\/02\/mates2.jpg\" alt=\"mates2\" width=\"259\" height=\"194\" \/><\/a><\/p>\n<p>&nbsp;<\/p>\n","protected":false},"excerpt":{"rendered":"<p>Pretenen treballar el curr\u00edculum matem\u00e0tic d\u2019una manera pr\u00e0ctica i l\u00fadica amb la participaci\u00f3 de les fam\u00edlies. Es treballa la matem\u00e0tica aplicada a jocs i situacions d\u2019inter\u00e8s per l\u2019alumnat. A trav\u00e9s de jocs i activitats creativitats i amb l&#8217;ajuda de pares i mares voluntaris, cada setmana es treballen continguts matem\u00e0tics de manera pr\u00e0ctica amb petits grups [&hellip;]<\/p>\n","protected":false},"author":1,"featured_media":0,"parent":1268,"menu_order":3,"comment_status":"open","ping_status":"open","template":"page-templates\/side-menu.php","meta":{"_bbp_topic_count":0,"_bbp_reply_count":0,"_bbp_total_topic_count":0,"_bbp_total_reply_count":0,"_bbp_voice_count":0,"_bbp_anonymous_reply_count":0,"_bbp_topic_count_hidden":0,"_bbp_reply_count_hidden":0,"_bbp_forum_subforum_count":0,"site-sidebar-layout":"default","site-content-layout":"","ast-site-content-layout":"","site-content-style":"default","site-sidebar-style":"default","ast-global-header-display":"","ast-banner-title-visibility":"","ast-main-header-display":"","ast-hfb-above-header-display":"","ast-hfb-below-header-display":"","ast-hfb-mobile-header-display":"","site-post-title":"","ast-breadcrumbs-content":"","ast-featured-img":"","footer-sml-layout":"","theme-transparent-header-meta":"","adv-header-id-meta":"","stick-header-meta":"","header-above-stick-meta":"","header-main-stick-meta":"","header-below-stick-meta":"","astra-migrate-meta-layouts":"default","ast-page-background-enabled":"default","ast-page-background-meta":{"desktop":{"background-color":"var(--ast-global-color-4)","background-image":"","background-repeat":"repeat","background-position":"center center","background-size":"auto","background-attachment":"scroll","background-type":"","background-media":"","overlay-type":"","overlay-color":"","overlay-opacity":"","overlay-gradient":""},"tablet":{"background-color":"","background-image":"","background-repeat":"repeat","background-position":"center center","background-size":"auto","background-attachment":"scroll","background-type":"","background-media":"","overlay-type":"","overlay-color":"","overlay-opacity":"","overlay-gradient":""},"mobile":{"background-color":"","background-image":"","background-repeat":"repeat","background-position":"center center","background-size":"auto","background-attachment":"scroll","background-type":"","background-media":"","overlay-type":"","overlay-color":"","overlay-opacity":"","overlay-gradient":""}},"ast-content-background-meta":{"desktop":{"background-color":"var(--ast-global-color-5)","background-image":"","background-repeat":"repeat","background-position":"center center","background-size":"auto","background-attachment":"scroll","background-type":"","background-media":"","overlay-type":"","overlay-color":"","overlay-opacity":"","overlay-gradient":""},"tablet":{"background-color":"var(--ast-global-color-5)","background-image":"","background-repeat":"repeat","background-position":"center center","background-size":"auto","background-attachment":"scroll","background-type":"","background-media":"","overlay-type":"","overlay-color":"","overlay-opacity":"","overlay-gradient":""},"mobile":{"background-color":"var(--ast-global-color-5)","background-image":"","background-repeat":"repeat","background-position":"center center","background-size":"auto","background-attachment":"scroll","background-type":"","background-media":"","overlay-type":"","overlay-color":"","overlay-opacity":"","overlay-gradient":""}},"footnotes":""},"class_list":["post-4528","page","type-page","status-publish","hentry"],"post_mailing_queue_ids":[],"_links":{"self":[{"href":"https:\/\/agora.xtec.cat\/ceip-torrojaimiret\/wp-json\/wp\/v2\/pages\/4528","targetHints":{"allow":["GET"]}}],"collection":[{"href":"https:\/\/agora.xtec.cat\/ceip-torrojaimiret\/wp-json\/wp\/v2\/pages"}],"about":[{"href":"https:\/\/agora.xtec.cat\/ceip-torrojaimiret\/wp-json\/wp\/v2\/types\/page"}],"author":[{"embeddable":true,"href":"https:\/\/agora.xtec.cat\/ceip-torrojaimiret\/wp-json\/wp\/v2\/users\/1"}],"replies":[{"embeddable":true,"href":"https:\/\/agora.xtec.cat\/ceip-torrojaimiret\/wp-json\/wp\/v2\/comments?post=4528"}],"version-history":[{"count":3,"href":"https:\/\/agora.xtec.cat\/ceip-torrojaimiret\/wp-json\/wp\/v2\/pages\/4528\/revisions"}],"predecessor-version":[{"id":12620,"href":"https:\/\/agora.xtec.cat\/ceip-torrojaimiret\/wp-json\/wp\/v2\/pages\/4528\/revisions\/12620"}],"up":[{"embeddable":true,"href":"https:\/\/agora.xtec.cat\/ceip-torrojaimiret\/wp-json\/wp\/v2\/pages\/1268"}],"wp:attachment":[{"href":"https:\/\/agora.xtec.cat\/ceip-torrojaimiret\/wp-json\/wp\/v2\/media?parent=4528"}],"curies":[{"name":"wp","href":"https:\/\/api.w.org\/{rel}","templated":true}]}}