{"id":20226,"date":"2023-11-29T16:28:14","date_gmt":"2023-11-29T15:28:14","guid":{"rendered":"https:\/\/agora.xtec.cat\/ceip-torrojaimiret\/?page_id=20226"},"modified":"2023-11-30T09:46:53","modified_gmt":"2023-11-30T08:46:53","slug":"l-projecte-erasmus-2022-2027","status":"publish","type":"page","link":"https:\/\/agora.xtec.cat\/ceip-torrojaimiret\/projecte-educatiu-2\/projectes\/l-projecte-erasmus-2022-2027\/","title":{"rendered":"l) Projecte Erasmus+ (2022-2027)"},"content":{"rendered":"<p style=\"text-align: justify;\"><a href=\"https:\/\/agora.xtec.cat\/ceip-torrojaimiret\/wp-content\/uploads\/usu1688\/2023\/11\/IMG_20231121_103600-scaled.jpg\"><img loading=\"lazy\" decoding=\"async\" class=\" wp-image-20152 alignright\" src=\"https:\/\/agora.xtec.cat\/ceip-torrojaimiret\/wp-content\/uploads\/usu1688\/2023\/11\/IMG_20231121_103600-1024x759.jpg\" alt=\"\" width=\"349\" height=\"259\" srcset=\"https:\/\/agora.xtec.cat\/ceip-torrojaimiret\/wp-content\/uploads\/usu1688\/2023\/11\/IMG_20231121_103600-1024x759.jpg 1024w, https:\/\/agora.xtec.cat\/ceip-torrojaimiret\/wp-content\/uploads\/usu1688\/2023\/11\/IMG_20231121_103600-300x222.jpg 300w, https:\/\/agora.xtec.cat\/ceip-torrojaimiret\/wp-content\/uploads\/usu1688\/2023\/11\/IMG_20231121_103600-768x569.jpg 768w, https:\/\/agora.xtec.cat\/ceip-torrojaimiret\/wp-content\/uploads\/usu1688\/2023\/11\/IMG_20231121_103600-1536x1139.jpg 1536w, https:\/\/agora.xtec.cat\/ceip-torrojaimiret\/wp-content\/uploads\/usu1688\/2023\/11\/IMG_20231121_103600-2048x1519.jpg 2048w\" sizes=\"auto, (max-width: 349px) 100vw, 349px\" \/><\/a>L\u2019escola Torroja i Miret ha rebut l\u2019Acreditaci\u00f3 Erasmus+ per poder realitzar mobilitats, com ara Job Shadowing (visites a centres escolars per veure el seu funcionament) o cursos de formaci\u00f3 (per millorar el nivell de lengua anglesa, recursos TAC o d\u2019altres tasques positives per a l\u2019aula), per escoles de tota Europa que tamb\u00e9 participen en aquest programa. Despr\u00e9s de participar en dos projectes Erasmus que van tenir lloc del 2018 al 2020 i del 2020 al 2022, ara l\u2019escola ha aconseguit aquesta acreditaci\u00f3 que s\u2019allargar\u00e0 fins al 2027.<\/p>\n<p style=\"text-align: justify;\">Alguns dels objectius d\u2019aquest programa s\u00f3n millorar les compet\u00e8ncies digitals de l\u2019alumnat per accedir a l\u2019aprenentatge i per crear continguts, millorar la compet\u00e8ncia digital docent per aplicar-lo a l\u2019aprenentatge de l\u2019aula, augmentar el percentatge d\u2019alumnat i fam\u00edlies que implementin h\u00e0bits de reciclatge i consum responsable de manera activa, posar en funcionament l\u2019hort escolar i desenvolupar pr\u00e0ctiques d\u2019observaci\u00f3 del medi natural i el cultiu sostenible per part de tot l\u2019alumnat del centre, consolidar el projecte d\u2019internacionalitzaci\u00f3 del centre, millorar la pedagogia i organitzaci\u00f3 escolar per fer una escola m\u00e9s inclusiva, dissenyar i posar en funcionament espais de participaci\u00f3 i cooperaci\u00f3 entre diferents membres de la comunitat educativa o millorar la compet\u00e8ncia ling\u00fc\u00edstica dels docents mitjan\u00e7ant mobilitats.<\/p>\n<p>&nbsp;<\/p>\n<figure id=\"attachment_20221\" aria-describedby=\"caption-attachment-20221\" style=\"width: 198px\" class=\"wp-caption alignleft\"><a href=\"https:\/\/agora.xtec.cat\/ceip-torrojaimiret\/general\/job-shadowing-a-alemanya\/\"><img loading=\"lazy\" decoding=\"async\" class=\"wp-image-20221\" src=\"https:\/\/agora.xtec.cat\/ceip-torrojaimiret\/wp-content\/uploads\/usu1688\/2023\/11\/1671778063906-768x1024.jpg\" alt=\"\" width=\"198\" height=\"264\" srcset=\"https:\/\/agora.xtec.cat\/ceip-torrojaimiret\/wp-content\/uploads\/usu1688\/2023\/11\/1671778063906-768x1024.jpg 768w, https:\/\/agora.xtec.cat\/ceip-torrojaimiret\/wp-content\/uploads\/usu1688\/2023\/11\/1671778063906-225x300.jpg 225w, https:\/\/agora.xtec.cat\/ceip-torrojaimiret\/wp-content\/uploads\/usu1688\/2023\/11\/1671778063906-1152x1536.jpg 1152w, https:\/\/agora.xtec.cat\/ceip-torrojaimiret\/wp-content\/uploads\/usu1688\/2023\/11\/1671778063906.jpg 1536w\" sizes=\"auto, (max-width: 198px) 100vw, 198px\" \/><\/a><figcaption id=\"caption-attachment-20221\" class=\"wp-caption-text\">Job Shadowing a Alemanya<\/figcaption><\/figure>\n<figure id=\"attachment_19813\" aria-describedby=\"caption-attachment-19813\" style=\"width: 198px\" class=\"wp-caption alignleft\"><a href=\"https:\/\/agora.xtec.cat\/ceip-torrojaimiret\/general\/erasmus-visitem-un-centre-escolar-a-torre-del-greco-italia\/\"><img loading=\"lazy\" decoding=\"async\" class=\"wp-image-19813\" src=\"https:\/\/agora.xtec.cat\/ceip-torrojaimiret\/wp-content\/uploads\/usu1688\/2023\/05\/1682368987552.jpg\" alt=\"\" width=\"198\" height=\"264\" srcset=\"https:\/\/agora.xtec.cat\/ceip-torrojaimiret\/wp-content\/uploads\/usu1688\/2023\/05\/1682368987552.jpg 768w, https:\/\/agora.xtec.cat\/ceip-torrojaimiret\/wp-content\/uploads\/usu1688\/2023\/05\/1682368987552-225x300.jpg 225w\" sizes=\"auto, (max-width: 198px) 100vw, 198px\" \/><\/a><figcaption id=\"caption-attachment-19813\" class=\"wp-caption-text\">Job Shadowing a It\u00e0lia<\/figcaption><\/figure>\n<figure id=\"attachment_20102\" aria-describedby=\"caption-attachment-20102\" style=\"width: 198px\" class=\"wp-caption alignleft\"><a href=\"https:\/\/agora.xtec.cat\/ceip-torrojaimiret\/general\/mobilitat-erasmus-a-dublin\/\"><img loading=\"lazy\" decoding=\"async\" class=\"wp-image-20102\" src=\"https:\/\/agora.xtec.cat\/ceip-torrojaimiret\/wp-content\/uploads\/usu1688\/2023\/10\/1698672471551.jpg\" alt=\"\" width=\"198\" height=\"264\" srcset=\"https:\/\/agora.xtec.cat\/ceip-torrojaimiret\/wp-content\/uploads\/usu1688\/2023\/10\/1698672471551.jpg 750w, https:\/\/agora.xtec.cat\/ceip-torrojaimiret\/wp-content\/uploads\/usu1688\/2023\/10\/1698672471551-225x300.jpg 225w\" sizes=\"auto, (max-width: 198px) 100vw, 198px\" \/><\/a><figcaption id=\"caption-attachment-20102\" class=\"wp-caption-text\">Curs formaci\u00f3 a Irlanda<\/figcaption><\/figure>\n<figure id=\"attachment_20215\" aria-describedby=\"caption-attachment-20215\" style=\"width: 352px\" class=\"wp-caption alignleft\"><a href=\"https:\/\/agora.xtec.cat\/ceip-torrojaimiret\/general\/projecte-erasmus-visita-de-mestres-portugueses-a-la-nostra-escola\/\"><img loading=\"lazy\" decoding=\"async\" class=\"wp-image-20215 \" src=\"https:\/\/agora.xtec.cat\/ceip-torrojaimiret\/wp-content\/uploads\/usu1688\/2023\/05\/66513d91-21ac-45cd-ac6b-549260d3b623-1024x768.jpg\" alt=\"\" width=\"352\" height=\"264\" srcset=\"https:\/\/agora.xtec.cat\/ceip-torrojaimiret\/wp-content\/uploads\/usu1688\/2023\/05\/66513d91-21ac-45cd-ac6b-549260d3b623-1024x768.jpg 1024w, https:\/\/agora.xtec.cat\/ceip-torrojaimiret\/wp-content\/uploads\/usu1688\/2023\/05\/66513d91-21ac-45cd-ac6b-549260d3b623-300x225.jpg 300w, https:\/\/agora.xtec.cat\/ceip-torrojaimiret\/wp-content\/uploads\/usu1688\/2023\/05\/66513d91-21ac-45cd-ac6b-549260d3b623-768x576.jpg 768w, https:\/\/agora.xtec.cat\/ceip-torrojaimiret\/wp-content\/uploads\/usu1688\/2023\/05\/66513d91-21ac-45cd-ac6b-549260d3b623-1536x1152.jpg 1536w, https:\/\/agora.xtec.cat\/ceip-torrojaimiret\/wp-content\/uploads\/usu1688\/2023\/05\/66513d91-21ac-45cd-ac6b-549260d3b623-200x150.jpg 200w, https:\/\/agora.xtec.cat\/ceip-torrojaimiret\/wp-content\/uploads\/usu1688\/2023\/05\/66513d91-21ac-45cd-ac6b-549260d3b623.jpg 2048w\" sizes=\"auto, (max-width: 352px) 100vw, 352px\" \/><\/a><figcaption id=\"caption-attachment-20215\" class=\"wp-caption-text\">Visita al nostre centre (Portugal)<\/figcaption><\/figure>\n<p><a href=\"https:\/\/agora.xtec.cat\/ceip-torrojaimiret\/general\/job-shadowing-a-alemanya\/\">\u00a0<\/a> <a style=\"font-weight: bold; font-family: inherit; font-size: 1em;\" href=\"https:\/\/agora.xtec.cat\/ceip-torrojaimiret\/general\/erasmus-visitem-un-centre-escolar-a-torre-del-greco-italia\/\"> \u00a0<\/a><\/p>\n","protected":false},"excerpt":{"rendered":"<p>L\u2019escola Torroja i Miret ha rebut l\u2019Acreditaci\u00f3 Erasmus+ per poder realitzar mobilitats, com ara Job Shadowing (visites a centres escolars per veure el seu funcionament) o cursos de formaci\u00f3 (per millorar el nivell de lengua anglesa, recursos TAC o d\u2019altres tasques positives per a l\u2019aula), per escoles de tota Europa que tamb\u00e9 participen en aquest [&hellip;]<\/p>\n","protected":false},"author":37,"featured_media":0,"parent":1266,"menu_order":12,"comment_status":"closed","ping_status":"closed","template":"page-templates\/side-menu.php","meta":{"_bbp_topic_count":0,"_bbp_reply_count":0,"_bbp_total_topic_count":0,"_bbp_total_reply_count":0,"_bbp_voice_count":0,"_bbp_anonymous_reply_count":0,"_bbp_topic_count_hidden":0,"_bbp_reply_count_hidden":0,"_bbp_forum_subforum_count":0,"site-sidebar-layout":"default","site-content-layout":"","ast-site-content-layout":"","site-content-style":"default","site-sidebar-style":"default","ast-global-header-display":"","ast-banner-title-visibility":"","ast-main-header-display":"","ast-hfb-above-header-display":"","ast-hfb-below-header-display":"","ast-hfb-mobile-header-display":"","site-post-title":"","ast-breadcrumbs-content":"","ast-featured-img":"","footer-sml-layout":"","theme-transparent-header-meta":"","adv-header-id-meta":"","stick-header-meta":"","header-above-stick-meta":"","header-main-stick-meta":"","header-below-stick-meta":"","astra-migrate-meta-layouts":"default","ast-page-background-enabled":"default","ast-page-background-meta":{"desktop":{"background-color":"var(--ast-global-color-4)","background-image":"","background-repeat":"repeat","background-position":"center center","background-size":"auto","background-attachment":"scroll","background-type":"","background-media":"","overlay-type":"","overlay-color":"","overlay-opacity":"","overlay-gradient":""},"tablet":{"background-color":"","background-image":"","background-repeat":"repeat","background-position":"center center","background-size":"auto","background-attachment":"scroll","background-type":"","background-media":"","overlay-type":"","overlay-color":"","overlay-opacity":"","overlay-gradient":""},"mobile":{"background-color":"","background-image":"","background-repeat":"repeat","background-position":"center center","background-size":"auto","background-attachment":"scroll","background-type":"","background-media":"","overlay-type":"","overlay-color":"","overlay-opacity":"","overlay-gradient":""}},"ast-content-background-meta":{"desktop":{"background-color":"var(--ast-global-color-5)","background-image":"","background-repeat":"repeat","background-position":"center center","background-size":"auto","background-attachment":"scroll","background-type":"","background-media":"","overlay-type":"","overlay-color":"","overlay-opacity":"","overlay-gradient":""},"tablet":{"background-color":"var(--ast-global-color-5)","background-image":"","background-repeat":"repeat","background-position":"center center","background-size":"auto","background-attachment":"scroll","background-type":"","background-media":"","overlay-type":"","overlay-color":"","overlay-opacity":"","overlay-gradient":""},"mobile":{"background-color":"var(--ast-global-color-5)","background-image":"","background-repeat":"repeat","background-position":"center center","background-size":"auto","background-attachment":"scroll","background-type":"","background-media":"","overlay-type":"","overlay-color":"","overlay-opacity":"","overlay-gradient":""}},"footnotes":""},"class_list":["post-20226","page","type-page","status-publish","hentry"],"post_mailing_queue_ids":[],"_links":{"self":[{"href":"https:\/\/agora.xtec.cat\/ceip-torrojaimiret\/wp-json\/wp\/v2\/pages\/20226","targetHints":{"allow":["GET"]}}],"collection":[{"href":"https:\/\/agora.xtec.cat\/ceip-torrojaimiret\/wp-json\/wp\/v2\/pages"}],"about":[{"href":"https:\/\/agora.xtec.cat\/ceip-torrojaimiret\/wp-json\/wp\/v2\/types\/page"}],"author":[{"embeddable":true,"href":"https:\/\/agora.xtec.cat\/ceip-torrojaimiret\/wp-json\/wp\/v2\/users\/37"}],"replies":[{"embeddable":true,"href":"https:\/\/agora.xtec.cat\/ceip-torrojaimiret\/wp-json\/wp\/v2\/comments?post=20226"}],"version-history":[{"count":5,"href":"https:\/\/agora.xtec.cat\/ceip-torrojaimiret\/wp-json\/wp\/v2\/pages\/20226\/revisions"}],"predecessor-version":[{"id":20233,"href":"https:\/\/agora.xtec.cat\/ceip-torrojaimiret\/wp-json\/wp\/v2\/pages\/20226\/revisions\/20233"}],"up":[{"embeddable":true,"href":"https:\/\/agora.xtec.cat\/ceip-torrojaimiret\/wp-json\/wp\/v2\/pages\/1266"}],"wp:attachment":[{"href":"https:\/\/agora.xtec.cat\/ceip-torrojaimiret\/wp-json\/wp\/v2\/media?parent=20226"}],"curies":[{"name":"wp","href":"https:\/\/api.w.org\/{rel}","templated":true}]}}

<p style="text-align: justify;"><a href="https://agora.xtec.cat/ceip-torrojaimiret/wp-content/uploads/usu1688/2023/11/IMG_20231121_103600-scaled.jpg"><img loading="lazy" decoding="async" class=" wp-image-20152 alignright" src="https://agora.xtec.cat/ceip-torrojaimiret/wp-content/uploads/usu1688/2023/11/IMG_20231121_103600-1024x759.jpg" alt="" width="349" height="259" srcset="https://agora.xtec.cat/ceip-torrojaimiret/wp-content/uploads/usu1688/2023/11/IMG_20231121_103600-1024x759.jpg 1024w, https://agora.xtec.cat/ceip-torrojaimiret/wp-content/uploads/usu1688/2023/11/IMG_20231121_103600-300x222.jpg 300w, https://agora.xtec.cat/ceip-torrojaimiret/wp-content/uploads/usu1688/2023/11/IMG_20231121_103600-768x569.jpg 768w, https://agora.xtec.cat/ceip-torrojaimiret/wp-content/uploads/usu1688/2023/11/IMG_20231121_103600-1536x1139.jpg 1536w, https://agora.xtec.cat/ceip-torrojaimiret/wp-content/uploads/usu1688/2023/11/IMG_20231121_103600-2048x1519.jpg 2048w" sizes="auto, (max-width: 349px) 100vw, 349px" /></a>L’escola Torroja i Miret ha rebut l’Acreditació Erasmus+ per poder realitzar mobilitats, com ara Job Shadowing (visites a centres escolars per veure el seu funcionament) o cursos de formació (per millorar el nivell de lengua anglesa, recursos TAC o d’altres tasques positives per a l’aula), per escoles de tota Europa que també participen en aquest programa. Després de participar en dos projectes Erasmus que van tenir lloc del 2018 al 2020 i del 2020 al 2022, ara l’escola ha aconseguit aquesta acreditació que s’allargarà fins al 2027.</p>
<p style="text-align: justify;">Alguns dels objectius d’aquest programa són millorar les competències digitals de l’alumnat per accedir a l’aprenentatge i per crear continguts, millorar la competència digital docent per aplicar-lo a l’aprenentatge de l’aula, augmentar el percentatge d’alumnat i famílies que implementin hàbits de reciclatge i consum responsable de manera activa, posar en funcionament l’hort escolar i desenvolupar pràctiques d’observació del medi natural i el cultiu sostenible per part de tot l’alumnat del centre, consolidar el projecte d’internacionalització del centre, millorar la pedagogia i organització escolar per fer una escola més inclusiva, dissenyar i posar en funcionament espais de participació i cooperació entre diferents membres de la comunitat educativa o millorar la competència lingüística dels docents mitjançant mobilitats.</p>
<p>&nbsp;</p>
<figure id="attachment_20221" aria-describedby="caption-attachment-20221" style="width: 198px" class="wp-caption alignleft"><a href="https://agora.xtec.cat/ceip-torrojaimiret/general/job-shadowing-a-alemanya/"><img loading="lazy" decoding="async" class="wp-image-20221" src="https://agora.xtec.cat/ceip-torrojaimiret/wp-content/uploads/usu1688/2023/11/1671778063906-768x1024.jpg" alt="" width="198" height="264" srcset="https://agora.xtec.cat/ceip-torrojaimiret/wp-content/uploads/usu1688/2023/11/1671778063906-768x1024.jpg 768w, https://agora.xtec.cat/ceip-torrojaimiret/wp-content/uploads/usu1688/2023/11/1671778063906-225x300.jpg 225w, https://agora.xtec.cat/ceip-torrojaimiret/wp-content/uploads/usu1688/2023/11/1671778063906-1152x1536.jpg 1152w, https://agora.xtec.cat/ceip-torrojaimiret/wp-content/uploads/usu1688/2023/11/1671778063906.jpg 1536w" sizes="auto, (max-width: 198px) 100vw, 198px" /></a><figcaption id="caption-attachment-20221" class="wp-caption-text">Job Shadowing a Alemanya</figcaption></figure>
<figure id="attachment_19813" aria-describedby="caption-attachment-19813" style="width: 198px" class="wp-caption alignleft"><a href="https://agora.xtec.cat/ceip-torrojaimiret/general/erasmus-visitem-un-centre-escolar-a-torre-del-greco-italia/"><img loading="lazy" decoding="async" class="wp-image-19813" src="https://agora.xtec.cat/ceip-torrojaimiret/wp-content/uploads/usu1688/2023/05/1682368987552.jpg" alt="" width="198" height="264" srcset="https://agora.xtec.cat/ceip-torrojaimiret/wp-content/uploads/usu1688/2023/05/1682368987552.jpg 768w, https://agora.xtec.cat/ceip-torrojaimiret/wp-content/uploads/usu1688/2023/05/1682368987552-225x300.jpg 225w" sizes="auto, (max-width: 198px) 100vw, 198px" /></a><figcaption id="caption-attachment-19813" class="wp-caption-text">Job Shadowing a Itàlia</figcaption></figure>
<figure id="attachment_20102" aria-describedby="caption-attachment-20102" style="width: 198px" class="wp-caption alignleft"><a href="https://agora.xtec.cat/ceip-torrojaimiret/general/mobilitat-erasmus-a-dublin/"><img loading="lazy" decoding="async" class="wp-image-20102" src="https://agora.xtec.cat/ceip-torrojaimiret/wp-content/uploads/usu1688/2023/10/1698672471551.jpg" alt="" width="198" height="264" srcset="https://agora.xtec.cat/ceip-torrojaimiret/wp-content/uploads/usu1688/2023/10/1698672471551.jpg 750w, https://agora.xtec.cat/ceip-torrojaimiret/wp-content/uploads/usu1688/2023/10/1698672471551-225x300.jpg 225w" sizes="auto, (max-width: 198px) 100vw, 198px" /></a><figcaption id="caption-attachment-20102" class="wp-caption-text">Curs formació a Irlanda</figcaption></figure>
<figure id="attachment_20215" aria-describedby="caption-attachment-20215" style="width: 352px" class="wp-caption alignleft"><a href="https://agora.xtec.cat/ceip-torrojaimiret/general/projecte-erasmus-visita-de-mestres-portugueses-a-la-nostra-escola/"><img loading="lazy" decoding="async" class="wp-image-20215 " src="https://agora.xtec.cat/ceip-torrojaimiret/wp-content/uploads/usu1688/2023/05/66513d91-21ac-45cd-ac6b-549260d3b623-1024x768.jpg" alt="" width="352" height="264" srcset="https://agora.xtec.cat/ceip-torrojaimiret/wp-content/uploads/usu1688/2023/05/66513d91-21ac-45cd-ac6b-549260d3b623-1024x768.jpg 1024w, https://agora.xtec.cat/ceip-torrojaimiret/wp-content/uploads/usu1688/2023/05/66513d91-21ac-45cd-ac6b-549260d3b623-300x225.jpg 300w, https://agora.xtec.cat/ceip-torrojaimiret/wp-content/uploads/usu1688/2023/05/66513d91-21ac-45cd-ac6b-549260d3b623-768x576.jpg 768w, https://agora.xtec.cat/ceip-torrojaimiret/wp-content/uploads/usu1688/2023/05/66513d91-21ac-45cd-ac6b-549260d3b623-1536x1152.jpg 1536w, https://agora.xtec.cat/ceip-torrojaimiret/wp-content/uploads/usu1688/2023/05/66513d91-21ac-45cd-ac6b-549260d3b623-200x150.jpg 200w, https://agora.xtec.cat/ceip-torrojaimiret/wp-content/uploads/usu1688/2023/05/66513d91-21ac-45cd-ac6b-549260d3b623.jpg 2048w" sizes="auto, (max-width: 352px) 100vw, 352px" /></a><figcaption id="caption-attachment-20215" class="wp-caption-text">Visita al nostre centre (Portugal)</figcaption></figure>
<p><a href="https://agora.xtec.cat/ceip-torrojaimiret/general/job-shadowing-a-alemanya/"> </a> <a style="font-weight: bold; font-family: inherit; font-size: 1em;" href="https://agora.xtec.cat/ceip-torrojaimiret/general/erasmus-visitem-un-centre-escolar-a-torre-del-greco-italia/">  </a></p>

<p>L’escola Torroja i Miret ha rebut l’Acreditació Erasmus+ per poder realitzar mobilitats, com ara Job Shadowing (visites a centres escolars per veure el seu funcionament) o cursos de formació (per millorar el nivell de lengua anglesa, recursos TAC o d’altres tasques positives per a l’aula), per escoles de tota Europa que també participen en aquest [&hellip;]</p>
