{"id":1324,"date":"2012-03-28T12:42:40","date_gmt":"2012-03-28T11:42:40","guid":{"rendered":"http:\/\/blocs.xtec.cat\/ceiptorrojaimiret\/?page_id=1324"},"modified":"2025-11-24T13:10:57","modified_gmt":"2025-11-24T12:10:57","slug":"festes","status":"publish","type":"page","link":"https:\/\/agora.xtec.cat\/ceip-torrojaimiret\/lescola\/festes\/","title":{"rendered":"Festes"},"content":{"rendered":"<p><strong>Celebracions i Diades<\/strong><\/p>\n<p>A l&#8217;escola vivim amb entusiasme les nostres festes i tradicions, ja que considerem que aquestes formen part de la nostra cultura i patrimoni. Celebrem la Castanyada, el Nadal, la Festa Major, el Carnestoltes i la Festa d&#8217;estiu.<\/p>\n<p>Les Diades que celebrem s\u00f3n: el dia de la Pau, el dia de la Dona treballadora, el dia mundial de la Poesia, Sant Jordi, el dia mundial del Medi Ambient i les Jornades Culturals juntament amb la Setmana de la Salut.<\/p>\n<p><strong>Dia de la poesia<\/strong><\/p>\n<p>El 21 de mar\u00e7 les nostres alumnes de 5\u00e8 Naomi i Meritxell van anar a la resid\u00e8ncia de Vila-seca i van recitar uns poemes a la gent gran, van gaudir d&#8217;una diada molt emotiva.<\/p>\n<p><a href=\"http:\/\/blocs.xtec.cat\/ceiptorrojaimiret\/files\/2012\/03\/Dia-Mundial-de-la-Poesia-2017-WEB.jpg\"><img loading=\"lazy\" decoding=\"async\" class=\"aligncenter size-full wp-image-8236\" src=\"http:\/\/blocs.xtec.cat\/ceiptorrojaimiret\/files\/2012\/03\/Dia-Mundial-de-la-Poesia-2017-WEB.jpg\" alt=\"Dia Mundial de la Poesia 2017 WEB\" width=\"448\" height=\"317\" \/><\/a><\/p>\n<p><strong>Dia de la Pau<br \/>\n<\/strong><\/p>\n<p><a href=\"http:\/\/blocs.xtec.cat\/ceiptorrojaimiret\/files\/2012\/03\/IMG-20170130-WA0003.jpg\"><img loading=\"lazy\" decoding=\"async\" class=\"aligncenter size-large wp-image-8040\" src=\"http:\/\/blocs.xtec.cat\/ceiptorrojaimiret\/files\/2012\/03\/IMG-20170130-WA0003-1024x301.jpg\" alt=\"img-20170130-wa0003\" width=\"640\" height=\"188\" \/><\/a><\/p>\n<p><strong>Ball de sardanes<\/strong><\/p>\n<p><a href=\"http:\/\/blocs.xtec.cat\/ceiptorrojaimiret\/files\/2012\/03\/23.1.BALLADA-SARDANESdefinitiva.jpg\"><img loading=\"lazy\" decoding=\"async\" class=\"aligncenter size-full wp-image-7991\" src=\"http:\/\/blocs.xtec.cat\/ceiptorrojaimiret\/files\/2012\/03\/23.1.BALLADA-SARDANESdefinitiva.jpg\" alt=\"23-1-ballada-sardanesdefinitiva\" width=\"640\" height=\"480\" \/><\/a><\/p>\n<p><strong>Cantata de Sant Jordi<\/strong><\/p>\n<p><a href=\"https:\/\/agora.xtec.cat\/ceip-torrojaimiret\/wp-content\/uploads\/usu1688\/2025\/11\/1760044997245.jpg\"><img loading=\"lazy\" decoding=\"async\" class=\"aligncenter wp-image-21134\" src=\"https:\/\/agora.xtec.cat\/ceip-torrojaimiret\/wp-content\/uploads\/usu1688\/2025\/11\/1760044997245-300x169.jpg\" alt=\"\" width=\"639\" height=\"360\" srcset=\"https:\/\/agora.xtec.cat\/ceip-torrojaimiret\/wp-content\/uploads\/usu1688\/2025\/11\/1760044997245-300x169.jpg 300w, https:\/\/agora.xtec.cat\/ceip-torrojaimiret\/wp-content\/uploads\/usu1688\/2025\/11\/1760044997245-1024x576.jpg 1024w, https:\/\/agora.xtec.cat\/ceip-torrojaimiret\/wp-content\/uploads\/usu1688\/2025\/11\/1760044997245-768x432.jpg 768w, https:\/\/agora.xtec.cat\/ceip-torrojaimiret\/wp-content\/uploads\/usu1688\/2025\/11\/1760044997245-1536x864.jpg 1536w, https:\/\/agora.xtec.cat\/ceip-torrojaimiret\/wp-content\/uploads\/usu1688\/2025\/11\/1760044997245.jpg 1600w\" sizes=\"auto, (max-width: 639px) 100vw, 639px\" \/><\/a><\/p>\n","protected":false},"excerpt":{"rendered":"<p>Celebracions i Diades A l&#8217;escola vivim amb entusiasme les nostres festes i tradicions, ja que considerem que aquestes formen part de la nostra cultura i patrimoni. Celebrem la Castanyada, el Nadal, la Festa Major, el Carnestoltes i la Festa d&#8217;estiu. Les Diades que celebrem s\u00f3n: el dia de la Pau, el dia de la Dona [&hellip;]<\/p>\n","protected":false},"author":1,"featured_media":0,"parent":22,"menu_order":12,"comment_status":"open","ping_status":"open","template":"","meta":{"_bbp_topic_count":0,"_bbp_reply_count":0,"_bbp_total_topic_count":0,"_bbp_total_reply_count":0,"_bbp_voice_count":0,"_bbp_anonymous_reply_count":0,"_bbp_topic_count_hidden":0,"_bbp_reply_count_hidden":0,"_bbp_forum_subforum_count":0,"site-sidebar-layout":"default","site-content-layout":"","ast-site-content-layout":"default","site-content-style":"default","site-sidebar-style":"default","ast-global-header-display":"","ast-banner-title-visibility":"","ast-main-header-display":"","ast-hfb-above-header-display":"","ast-hfb-below-header-display":"","ast-hfb-mobile-header-display":"","site-post-title":"","ast-breadcrumbs-content":"","ast-featured-img":"","footer-sml-layout":"","theme-transparent-header-meta":"default","adv-header-id-meta":"","stick-header-meta":"","header-above-stick-meta":"","header-main-stick-meta":"","header-below-stick-meta":"","astra-migrate-meta-layouts":"set","ast-page-background-enabled":"default","ast-page-background-meta":{"desktop":{"background-color":"var(--ast-global-color-4)","background-image":"","background-repeat":"repeat","background-position":"center center","background-size":"auto","background-attachment":"scroll","background-type":"","background-media":"","overlay-type":"","overlay-color":"","overlay-opacity":"","overlay-gradient":""},"tablet":{"background-color":"","background-image":"","background-repeat":"repeat","background-position":"center center","background-size":"auto","background-attachment":"scroll","background-type":"","background-media":"","overlay-type":"","overlay-color":"","overlay-opacity":"","overlay-gradient":""},"mobile":{"background-color":"","background-image":"","background-repeat":"repeat","background-position":"center center","background-size":"auto","background-attachment":"scroll","background-type":"","background-media":"","overlay-type":"","overlay-color":"","overlay-opacity":"","overlay-gradient":""}},"ast-content-background-meta":{"desktop":{"background-color":"var(--ast-global-color-5)","background-image":"","background-repeat":"repeat","background-position":"center center","background-size":"auto","background-attachment":"scroll","background-type":"","background-media":"","overlay-type":"","overlay-color":"","overlay-opacity":"","overlay-gradient":""},"tablet":{"background-color":"var(--ast-global-color-5)","background-image":"","background-repeat":"repeat","background-position":"center center","background-size":"auto","background-attachment":"scroll","background-type":"","background-media":"","overlay-type":"","overlay-color":"","overlay-opacity":"","overlay-gradient":""},"mobile":{"background-color":"var(--ast-global-color-5)","background-image":"","background-repeat":"repeat","background-position":"center center","background-size":"auto","background-attachment":"scroll","background-type":"","background-media":"","overlay-type":"","overlay-color":"","overlay-opacity":"","overlay-gradient":""}},"footnotes":""},"class_list":["post-1324","page","type-page","status-publish","hentry"],"post_mailing_queue_ids":[],"_links":{"self":[{"href":"https:\/\/agora.xtec.cat\/ceip-torrojaimiret\/wp-json\/wp\/v2\/pages\/1324","targetHints":{"allow":["GET"]}}],"collection":[{"href":"https:\/\/agora.xtec.cat\/ceip-torrojaimiret\/wp-json\/wp\/v2\/pages"}],"about":[{"href":"https:\/\/agora.xtec.cat\/ceip-torrojaimiret\/wp-json\/wp\/v2\/types\/page"}],"author":[{"embeddable":true,"href":"https:\/\/agora.xtec.cat\/ceip-torrojaimiret\/wp-json\/wp\/v2\/users\/1"}],"replies":[{"embeddable":true,"href":"https:\/\/agora.xtec.cat\/ceip-torrojaimiret\/wp-json\/wp\/v2\/comments?post=1324"}],"version-history":[{"count":2,"href":"https:\/\/agora.xtec.cat\/ceip-torrojaimiret\/wp-json\/wp\/v2\/pages\/1324\/revisions"}],"predecessor-version":[{"id":21135,"href":"https:\/\/agora.xtec.cat\/ceip-torrojaimiret\/wp-json\/wp\/v2\/pages\/1324\/revisions\/21135"}],"up":[{"embeddable":true,"href":"https:\/\/agora.xtec.cat\/ceip-torrojaimiret\/wp-json\/wp\/v2\/pages\/22"}],"wp:attachment":[{"href":"https:\/\/agora.xtec.cat\/ceip-torrojaimiret\/wp-json\/wp\/v2\/media?parent=1324"}],"curies":[{"name":"wp","href":"https:\/\/api.w.org\/{rel}","templated":true}]}}

<p><strong>Celebracions i Diades</strong></p>
<p>A l&#8217;escola vivim amb entusiasme les nostres festes i tradicions, ja que considerem que aquestes formen part de la nostra cultura i patrimoni. Celebrem la Castanyada, el Nadal, la Festa Major, el Carnestoltes i la Festa d&#8217;estiu.</p>
<p>Les Diades que celebrem són: el dia de la Pau, el dia de la Dona treballadora, el dia mundial de la Poesia, Sant Jordi, el dia mundial del Medi Ambient i les Jornades Culturals juntament amb la Setmana de la Salut.</p>
<p><strong>Dia de la poesia</strong></p>
<p>El 21 de març les nostres alumnes de 5è Naomi i Meritxell van anar a la residència de Vila-seca i van recitar uns poemes a la gent gran, van gaudir d&#8217;una diada molt emotiva.</p>
<p><a href="http://blocs.xtec.cat/ceiptorrojaimiret/files/2012/03/Dia-Mundial-de-la-Poesia-2017-WEB.jpg"><img loading="lazy" decoding="async" class="aligncenter size-full wp-image-8236" src="http://blocs.xtec.cat/ceiptorrojaimiret/files/2012/03/Dia-Mundial-de-la-Poesia-2017-WEB.jpg" alt="Dia Mundial de la Poesia 2017 WEB" width="448" height="317" /></a></p>
<p><strong>Dia de la Pau<br />
</strong></p>
<p><a href="http://blocs.xtec.cat/ceiptorrojaimiret/files/2012/03/IMG-20170130-WA0003.jpg"><img loading="lazy" decoding="async" class="aligncenter size-large wp-image-8040" src="http://blocs.xtec.cat/ceiptorrojaimiret/files/2012/03/IMG-20170130-WA0003-1024x301.jpg" alt="img-20170130-wa0003" width="640" height="188" /></a></p>
<p><strong>Ball de sardanes</strong></p>
<p><a href="http://blocs.xtec.cat/ceiptorrojaimiret/files/2012/03/23.1.BALLADA-SARDANESdefinitiva.jpg"><img loading="lazy" decoding="async" class="aligncenter size-full wp-image-7991" src="http://blocs.xtec.cat/ceiptorrojaimiret/files/2012/03/23.1.BALLADA-SARDANESdefinitiva.jpg" alt="23-1-ballada-sardanesdefinitiva" width="640" height="480" /></a></p>
<p><strong>Cantata de Sant Jordi</strong></p>
<p><a href="https://agora.xtec.cat/ceip-torrojaimiret/wp-content/uploads/usu1688/2025/11/1760044997245.jpg"><img loading="lazy" decoding="async" class="aligncenter wp-image-21134" src="https://agora.xtec.cat/ceip-torrojaimiret/wp-content/uploads/usu1688/2025/11/1760044997245-300x169.jpg" alt="" width="639" height="360" srcset="https://agora.xtec.cat/ceip-torrojaimiret/wp-content/uploads/usu1688/2025/11/1760044997245-300x169.jpg 300w, https://agora.xtec.cat/ceip-torrojaimiret/wp-content/uploads/usu1688/2025/11/1760044997245-1024x576.jpg 1024w, https://agora.xtec.cat/ceip-torrojaimiret/wp-content/uploads/usu1688/2025/11/1760044997245-768x432.jpg 768w, https://agora.xtec.cat/ceip-torrojaimiret/wp-content/uploads/usu1688/2025/11/1760044997245-1536x864.jpg 1536w, https://agora.xtec.cat/ceip-torrojaimiret/wp-content/uploads/usu1688/2025/11/1760044997245.jpg 1600w" sizes="auto, (max-width: 639px) 100vw, 639px" /></a></p>

<p>Celebracions i Diades A l&#8217;escola vivim amb entusiasme les nostres festes i tradicions, ja que considerem que aquestes formen part de la nostra cultura i patrimoni. Celebrem la Castanyada, el Nadal, la Festa Major, el Carnestoltes i la Festa d&#8217;estiu. Les Diades que celebrem són: el dia de la Pau, el dia de la Dona [&hellip;]</p>
