{"id":1316,"date":"2012-03-28T12:40:18","date_gmt":"2012-03-28T11:40:18","guid":{"rendered":"http:\/\/blocs.xtec.cat\/ceiptorrojaimiret\/?page_id=1316"},"modified":"2012-03-28T12:40:18","modified_gmt":"2012-03-28T11:40:18","slug":"noticies","status":"publish","type":"page","link":"https:\/\/agora.xtec.cat\/ceip-torrojaimiret\/noticies\/","title":{"rendered":"Not\u00edcies"},"content":{"rendered":"<p><strong>L&#8217;Ajuntament de Vila-seca col\u00b7labora amb la nostra escola.<br \/>\n<\/strong><br \/>\nAgra\u00efm molt a l&#8217;Ajuntament de Vila-seca l&#8217;ajuda i col\u00b7laboraci\u00f3 en el desenvolupament del Projecte Educatiu d&#8217;Escola. Durant el curs 2017 l&#8217;escola ha rebut una subvenci\u00f3 de l&#8217;Ajuntament de Vila-seca de <strong>1830 euros<\/strong>. Amb aquesta subvenci\u00f3 s&#8217;han adquirit 25 taules i 25 cadires per renovar el mobiliari b\u00e0sic de les aules d&#8217;Educaci\u00f3 Prim\u00e0ria.<\/p>\n<p><strong>Premi Sambori: premi escolar de narrativa en catal\u00e0<br \/>\n<\/strong><\/p>\n<p> L&#8217;alumne de 4t <strong>Carles Lafont <\/strong>ha estat guardonat amb el <strong>2n premi<\/strong> de redacci\u00f3 d&#8217;escrits en catal\u00e0 SAMBORI d&#8217;Omnium Cultural.<br \/>\n\u00c9s un premi de narrativa en catal\u00e0 dirigit als alumnes de prim\u00e0ria, secund\u00e0ria i batxillerat de tots els Pa\u00efsos Catalans que t\u00e9 com a objectius promoure la participaci\u00f3 en un projecte com\u00fa i difondre l\u2019\u00fas del catal\u00e0 dins de l\u2019\u00e0mbit escolar, tot incentivant la imaginaci\u00f3, la creativitat i aquells valors pedag\u00f2gics que es treballen en cadascun dels centres.<br \/>\nLa participaci\u00f3, en aquest premi, ha anat en augment any rere any i en l&#8217;edici\u00f3 passada vam arribar a la participaci\u00f3 total de 130.000 alumnes que el converteix en el premi literari escolar amb m\u00e9s participaci\u00f3 d&#8217;Europa.<\/p>\n<p><a href=\"http:\/\/blocs.xtec.cat\/ceiptorrojaimiret\/files\/2012\/03\/Foto-Premi-Sambori-1.jpg\"><img loading=\"lazy\" decoding=\"async\" src=\"http:\/\/blocs.xtec.cat\/ceiptorrojaimiret\/files\/2012\/03\/Foto-Premi-Sambori-1.jpg\" alt=\"foto-premi-sambori-1\" width=\"448\" height=\"336\" class=\"aligncenter size-full wp-image-8178\" \/><\/a><\/p>\n<p><a href=\"http:\/\/blocs.xtec.cat\/ceiptorrojaimiret\/files\/2012\/03\/Foto-Premi-Sambori-2.jpg\"><img loading=\"lazy\" decoding=\"async\" src=\"http:\/\/blocs.xtec.cat\/ceiptorrojaimiret\/files\/2012\/03\/Foto-Premi-Sambori-2.jpg\" alt=\"foto-premi-sambori-2\" width=\"448\" height=\"336\" class=\"aligncenter size-full wp-image-8177\" \/><\/a><\/p>\n<p><strong>Escola Torroja i Miret, centre promotor dels Jocs del Mediterrani Tarragona 2017<br \/>\n<\/strong><br \/>\nEl dia 3 de desembre es va realitzar l\u2019acte de reconeixement a les escoles promotores dels Jocs del Mediterrani Tarragona 2017 on la nostra escola \u00e9s un dels centres reconeguts de la demarcaci\u00f3 de Tarragona i el <strong>centre de refer\u00e8ncia a Vila-seca.<\/strong><br \/>\nL\u2019objectiu del centre \u00e9s promocionar l\u2019esport, i en concret els Jocs del Mediterrani, amb diferents activitats al centre.<br \/>\nDurant l\u2019acte es va fer el lliurament als centres d\u2019una placa que els acredita com a centre promotor. L\u2019Alcalde de la ciutat, Josep F\u00e8lix Ballesteros va fer el lliurament de la placa de l&#8217;escola a N\u00faria Gomez com a mestra responsable del projecte.<\/p>\n<p>Al seg\u00fcent enlla\u00e7 trobareu m\u00e9s informaci\u00f3 sobre els Jocs del Mediterrani(p\u00e0gina oficial)<\/p>\n<p><a href=\"http:\/\/www.tarragona2018.cat\/\">Jocs del mediterrani<\/a><\/p>\n<p><a href=\"http:\/\/blocs.xtec.cat\/ceiptorrojaimiret\/files\/2015\/03\/Jocs-mediterrani-OK.jpg\"><img loading=\"lazy\" decoding=\"async\" src=\"http:\/\/blocs.xtec.cat\/ceiptorrojaimiret\/files\/2015\/03\/Jocs-mediterrani-OK.jpg\" alt=\"jocs-mediterrani-ok\" width=\"314\" height=\"235\" class=\"aligncenter size-full wp-image-8104\" \/><\/a><\/p>\n<p><strong>MINUT DE SILENCI<\/strong><\/p>\n<p>\u00c9s important ajudar a comprendre als infants, les not\u00edcies i informacions que els arriben dels mitjans de comunicaci\u00f3 relatives a atemptats i viol\u00e8ncia a la nostra societat. Volem compartir el nostre sentir i dol amb aquells i aquelles que pateixen. Un minut de silenci, escoltant una m\u00fasica que ens uneix. Tots i totes a favor de la Pau!<\/p>\n<p><a href=\"http:\/\/blocs.xtec.cat\/ceiptorrojaimiret\/files\/2012\/03\/minut-silenci-800x532.jpg\"><img loading=\"lazy\" decoding=\"async\" src=\"http:\/\/blocs.xtec.cat\/ceiptorrojaimiret\/files\/2012\/03\/minut-silenci-800x532.jpg\" alt=\"minut silenci (800x532)\" width=\"800\" height=\"532\" class=\"aligncenter size-full wp-image-6253\" \/><\/a><\/p>\n<p><strong>PRACTICANTS DE MAGISTERI A LA NOSTRA ESCOLA<\/strong><\/p>\n<p>Durant els darrers cursos la nostra escola ha estat elegida per molts\/es estudiants, que en un futur volen dedicar-se a la doc\u00e8ncia tant a l&#8217;educaci\u00f3 infantil com a la prim\u00e0ria, som centre de refer\u00e8ncia per adquirir l&#8217;experi\u00e8cia per desenvolupar la tasca docent.<\/p>\n","protected":false},"excerpt":{"rendered":"<p>L&#8217;Ajuntament de Vila-seca col\u00b7labora amb la nostra escola. Agra\u00efm molt a l&#8217;Ajuntament de Vila-seca l&#8217;ajuda i col\u00b7laboraci\u00f3 en el desenvolupament del Projecte Educatiu d&#8217;Escola. Durant el curs 2017 l&#8217;escola ha rebut una subvenci\u00f3 de l&#8217;Ajuntament de Vila-seca de 1830 euros. Amb aquesta subvenci\u00f3 s&#8217;han adquirit 25 taules i 25 cadires per renovar el mobiliari b\u00e0sic [&hellip;]<\/p>\n","protected":false},"author":1,"featured_media":0,"parent":0,"menu_order":0,"comment_status":"open","ping_status":"open","template":"","meta":{"_bbp_topic_count":0,"_bbp_reply_count":0,"_bbp_total_topic_count":0,"_bbp_total_reply_count":0,"_bbp_voice_count":0,"_bbp_anonymous_reply_count":0,"_bbp_topic_count_hidden":0,"_bbp_reply_count_hidden":0,"_bbp_forum_subforum_count":0,"site-sidebar-layout":"default","site-content-layout":"","ast-site-content-layout":"","site-content-style":"default","site-sidebar-style":"default","ast-global-header-display":"","ast-banner-title-visibility":"","ast-main-header-display":"","ast-hfb-above-header-display":"","ast-hfb-below-header-display":"","ast-hfb-mobile-header-display":"","site-post-title":"","ast-breadcrumbs-content":"","ast-featured-img":"","footer-sml-layout":"","theme-transparent-header-meta":"","adv-header-id-meta":"","stick-header-meta":"","header-above-stick-meta":"","header-main-stick-meta":"","header-below-stick-meta":"","astra-migrate-meta-layouts":"default","ast-page-background-enabled":"default","ast-page-background-meta":{"desktop":{"background-color":"var(--ast-global-color-4)","background-image":"","background-repeat":"repeat","background-position":"center center","background-size":"auto","background-attachment":"scroll","background-type":"","background-media":"","overlay-type":"","overlay-color":"","overlay-opacity":"","overlay-gradient":""},"tablet":{"background-color":"","background-image":"","background-repeat":"repeat","background-position":"center center","background-size":"auto","background-attachment":"scroll","background-type":"","background-media":"","overlay-type":"","overlay-color":"","overlay-opacity":"","overlay-gradient":""},"mobile":{"background-color":"","background-image":"","background-repeat":"repeat","background-position":"center center","background-size":"auto","background-attachment":"scroll","background-type":"","background-media":"","overlay-type":"","overlay-color":"","overlay-opacity":"","overlay-gradient":""}},"ast-content-background-meta":{"desktop":{"background-color":"var(--ast-global-color-5)","background-image":"","background-repeat":"repeat","background-position":"center center","background-size":"auto","background-attachment":"scroll","background-type":"","background-media":"","overlay-type":"","overlay-color":"","overlay-opacity":"","overlay-gradient":""},"tablet":{"background-color":"var(--ast-global-color-5)","background-image":"","background-repeat":"repeat","background-position":"center center","background-size":"auto","background-attachment":"scroll","background-type":"","background-media":"","overlay-type":"","overlay-color":"","overlay-opacity":"","overlay-gradient":""},"mobile":{"background-color":"var(--ast-global-color-5)","background-image":"","background-repeat":"repeat","background-position":"center center","background-size":"auto","background-attachment":"scroll","background-type":"","background-media":"","overlay-type":"","overlay-color":"","overlay-opacity":"","overlay-gradient":""}},"footnotes":""},"class_list":["post-1316","page","type-page","status-publish","hentry"],"post_mailing_queue_ids":[],"_links":{"self":[{"href":"https:\/\/agora.xtec.cat\/ceip-torrojaimiret\/wp-json\/wp\/v2\/pages\/1316","targetHints":{"allow":["GET"]}}],"collection":[{"href":"https:\/\/agora.xtec.cat\/ceip-torrojaimiret\/wp-json\/wp\/v2\/pages"}],"about":[{"href":"https:\/\/agora.xtec.cat\/ceip-torrojaimiret\/wp-json\/wp\/v2\/types\/page"}],"author":[{"embeddable":true,"href":"https:\/\/agora.xtec.cat\/ceip-torrojaimiret\/wp-json\/wp\/v2\/users\/1"}],"replies":[{"embeddable":true,"href":"https:\/\/agora.xtec.cat\/ceip-torrojaimiret\/wp-json\/wp\/v2\/comments?post=1316"}],"version-history":[{"count":0,"href":"https:\/\/agora.xtec.cat\/ceip-torrojaimiret\/wp-json\/wp\/v2\/pages\/1316\/revisions"}],"wp:attachment":[{"href":"https:\/\/agora.xtec.cat\/ceip-torrojaimiret\/wp-json\/wp\/v2\/media?parent=1316"}],"curies":[{"name":"wp","href":"https:\/\/api.w.org\/{rel}","templated":true}]}}

Notícies

<p><strong>L&#8217;Ajuntament de Vila-seca col·labora amb la nostra escola.<br />
</strong><br />
Agraïm molt a l&#8217;Ajuntament de Vila-seca l&#8217;ajuda i col·laboració en el desenvolupament del Projecte Educatiu d&#8217;Escola. Durant el curs 2017 l&#8217;escola ha rebut una subvenció de l&#8217;Ajuntament de Vila-seca de <strong>1830 euros</strong>. Amb aquesta subvenció s&#8217;han adquirit 25 taules i 25 cadires per renovar el mobiliari bàsic de les aules d&#8217;Educació Primària.</p>
<p><strong>Premi Sambori: premi escolar de narrativa en català<br />
</strong></p>
<p> L&#8217;alumne de 4t <strong>Carles Lafont </strong>ha estat guardonat amb el <strong>2n premi</strong> de redacció d&#8217;escrits en català SAMBORI d&#8217;Omnium Cultural.<br />
És un premi de narrativa en català dirigit als alumnes de primària, secundària i batxillerat de tots els Països Catalans que té com a objectius promoure la participació en un projecte comú i difondre l’ús del català dins de l’àmbit escolar, tot incentivant la imaginació, la creativitat i aquells valors pedagògics que es treballen en cadascun dels centres.<br />
La participació, en aquest premi, ha anat en augment any rere any i en l&#8217;edició passada vam arribar a la participació total de 130.000 alumnes que el converteix en el premi literari escolar amb més participació d&#8217;Europa.</p>
<p><a href="http://blocs.xtec.cat/ceiptorrojaimiret/files/2012/03/Foto-Premi-Sambori-1.jpg"><img loading="lazy" decoding="async" src="http://blocs.xtec.cat/ceiptorrojaimiret/files/2012/03/Foto-Premi-Sambori-1.jpg" alt="foto-premi-sambori-1" width="448" height="336" class="aligncenter size-full wp-image-8178" /></a></p>
<p><a href="http://blocs.xtec.cat/ceiptorrojaimiret/files/2012/03/Foto-Premi-Sambori-2.jpg"><img loading="lazy" decoding="async" src="http://blocs.xtec.cat/ceiptorrojaimiret/files/2012/03/Foto-Premi-Sambori-2.jpg" alt="foto-premi-sambori-2" width="448" height="336" class="aligncenter size-full wp-image-8177" /></a></p>
<p><strong>Escola Torroja i Miret, centre promotor dels Jocs del Mediterrani Tarragona 2017<br />
</strong><br />
El dia 3 de desembre es va realitzar l’acte de reconeixement a les escoles promotores dels Jocs del Mediterrani Tarragona 2017 on la nostra escola és un dels centres reconeguts de la demarcació de Tarragona i el <strong>centre de referència a Vila-seca.</strong><br />
L’objectiu del centre és promocionar l’esport, i en concret els Jocs del Mediterrani, amb diferents activitats al centre.<br />
Durant l’acte es va fer el lliurament als centres d’una placa que els acredita com a centre promotor. L’Alcalde de la ciutat, Josep Fèlix Ballesteros va fer el lliurament de la placa de l&#8217;escola a Núria Gomez com a mestra responsable del projecte.</p>
<p>Al següent enllaç trobareu més informació sobre els Jocs del Mediterrani(pàgina oficial)</p>
<p><a href="http://www.tarragona2018.cat/">Jocs del mediterrani</a></p>
<p><a href="http://blocs.xtec.cat/ceiptorrojaimiret/files/2015/03/Jocs-mediterrani-OK.jpg"><img loading="lazy" decoding="async" src="http://blocs.xtec.cat/ceiptorrojaimiret/files/2015/03/Jocs-mediterrani-OK.jpg" alt="jocs-mediterrani-ok" width="314" height="235" class="aligncenter size-full wp-image-8104" /></a></p>
<p><strong>MINUT DE SILENCI</strong></p>
<p>És important ajudar a comprendre als infants, les notícies i informacions que els arriben dels mitjans de comunicació relatives a atemptats i violència a la nostra societat. Volem compartir el nostre sentir i dol amb aquells i aquelles que pateixen. Un minut de silenci, escoltant una música que ens uneix. Tots i totes a favor de la Pau!</p>
<p><a href="http://blocs.xtec.cat/ceiptorrojaimiret/files/2012/03/minut-silenci-800x532.jpg"><img loading="lazy" decoding="async" src="http://blocs.xtec.cat/ceiptorrojaimiret/files/2012/03/minut-silenci-800x532.jpg" alt="minut silenci (800x532)" width="800" height="532" class="aligncenter size-full wp-image-6253" /></a></p>
<p><strong>PRACTICANTS DE MAGISTERI A LA NOSTRA ESCOLA</strong></p>
<p>Durant els darrers cursos la nostra escola ha estat elegida per molts/es estudiants, que en un futur volen dedicar-se a la docència tant a l&#8217;educació infantil com a la primària, som centre de referència per adquirir l&#8217;experiècia per desenvolupar la tasca docent.</p>

<p>L&#8217;Ajuntament de Vila-seca col·labora amb la nostra escola. Agraïm molt a l&#8217;Ajuntament de Vila-seca l&#8217;ajuda i col·laboració en el desenvolupament del Projecte Educatiu d&#8217;Escola. Durant el curs 2017 l&#8217;escola ha rebut una subvenció de l&#8217;Ajuntament de Vila-seca de 1830 euros. Amb aquesta subvenció s&#8217;han adquirit 25 taules i 25 cadires per renovar el mobiliari bàsic [&hellip;]</p>
