{"id":1272,"date":"2012-03-27T10:28:50","date_gmt":"2012-03-27T09:28:50","guid":{"rendered":"http:\/\/blocs.xtec.cat\/ceiptorrojaimiret\/?page_id=1272"},"modified":"2020-03-16T10:54:40","modified_gmt":"2020-03-16T09:54:40","slug":"projecte-vincles","status":"publish","type":"page","link":"https:\/\/agora.xtec.cat\/ceip-torrojaimiret\/projecte-educatiu-2\/projectes\/projecte-vincles\/","title":{"rendered":"a) Projecte Vincles"},"content":{"rendered":"<p>A trav\u00e9s d&#8217;aquest projecte es vol crear\u00a0un espai de col\u00b7laboraci\u00f3 entre la fam\u00edlia\u00a0i l\u2019escola. Cada curs es convida a que cada alumne\/a juntament amb la seva\u00a0fam\u00edlia comparteixi algun aspecte amb la resta del grup-classe.<\/p>\n<p><span style=\"color: #ff6600;\"><span style=\"text-decoration: underline;\"><strong>Vincles a P3:<\/strong><\/span> <strong>Hist\u00f2ries per compartir.<\/strong><\/span><\/p>\n<p><span style=\"color: #333333;\">Setmanalment un dels infants i les seves fam\u00edlies, esdevenen els <em><strong>&#8220;protagonistes de la setmana&#8221;<\/strong><\/em> a partir de la preparaci\u00f3 i posterior explicaci\u00f3 de &#8220;moments&#8221; emocionalment significatius viscuts per tots ells durant el seu per\u00edode infantil.<\/span><\/p>\n<p>La fam\u00edlia protagonista porta a l&#8217;escola:<\/p>\n<ul>\n<li>Alguns objectes significatius de la vida emocional de l&#8217;infant.<\/li>\n<li>Alguna foto\/ v\u00eddeo dels dies importants a nivell emocional.<\/li>\n<\/ul>\n<p>Posteriorment, l&#8217;\u2019infant explicar\u00e0 als seus companys\/es la seva experi\u00e8ncia en relaci\u00f3 als objectes i fotos que ha portat la fam\u00edlia a l\u2019escola. La mestra li far\u00e0 una foto i crear\u00e0 un rac\u00f3 especial dins l\u2019aula on el protagonista anir\u00e0 deixant les seves coses (un lloc visible dins l\u2019aula).<br \/>\nUn altre dia, un o m\u00e9s membres de la fam\u00edlia vindr\u00e0 una estona per compartir experi\u00e8ncies important de la vida de l\u2019infant amb la resta de companys\/es del grup-classe. Es donar\u00e0 un gui\u00f3 a la fam\u00edlia amb les dades per orientar-los en la seva exposici\u00f3.<\/p>\n<p><a href=\"http:\/\/agora.xtec.cat\/ceip-torrojaimiret\/wp-content\/uploads\/usu1688\/2012\/03\/IMG_20180129_154421.jpg\"><img loading=\"lazy\" decoding=\"async\" class=\"alignnone size-full wp-image-10008\" src=\"http:\/\/agora.xtec.cat\/ceip-torrojaimiret\/wp-content\/uploads\/usu1688\/2012\/03\/IMG_20180129_154421.jpg\" alt=\"\" width=\"448\" height=\"336\" srcset=\"https:\/\/agora.xtec.cat\/ceip-torrojaimiret\/wp-content\/uploads\/usu1688\/2012\/03\/IMG_20180129_154421.jpg 448w, https:\/\/agora.xtec.cat\/ceip-torrojaimiret\/wp-content\/uploads\/usu1688\/2012\/03\/IMG_20180129_154421-300x225.jpg 300w, https:\/\/agora.xtec.cat\/ceip-torrojaimiret\/wp-content\/uploads\/usu1688\/2012\/03\/IMG_20180129_154421-200x150.jpg 200w\" sizes=\"auto, (max-width: 448px) 100vw, 448px\" \/><\/a><\/p>\n<p><span style=\"color: #99cc00;\"><span style=\"text-decoration: underline;\"><strong>Vincles a P4: <\/strong><\/span><strong>Contes per compartir.<\/strong><\/span><span style=\"text-decoration: underline;\"><strong><br \/>\n<\/strong><\/span><\/p>\n<p>Setmanalment un dels infants i la seva fam\u00edlia, esdevenen els protagonistes a partir de la preparaci\u00f3 i posterior explicaci\u00f3 d\u2019un conte a la resta de la classe.<\/p>\n<p>La fam\u00edlia protagonista portar\u00e0 a \u00a0l\u2019escola un full en el que explicar\u00e0:<\/p>\n<ul>\n<li>El t\u00edtol del conte.<\/li>\n<li>El nom del narrador.<\/li>\n<li>El motiu pel qual han escollit aquest conte.<\/li>\n<\/ul>\n<p>L&#8217;infant protagonista anir\u00e0 explicant cada dia un trosset del conte que estan preparant a casa; per a fer-ho podr\u00e0 ajudar-se de dibuixos, objectes&#8230;<\/p>\n<p dir=\"ltr\">Finalment, un o m\u00e9s membres de la fam\u00edlia vindr\u00e0 una estona per compartir el conte que han preparat. En acabar la sessi\u00f3 la fam\u00edlia deixar\u00e0 un objecte a la taula dels <em>\u201ctresors de contes\u201d.<\/em><\/p>\n<p><a href=\"http:\/\/agora.xtec.cat\/ceip-torrojaimiret\/wp-content\/uploads\/usu1688\/2012\/03\/IMG_5862-1.jpg\"><img loading=\"lazy\" decoding=\"async\" class=\"alignnone size-full wp-image-10005\" src=\"http:\/\/agora.xtec.cat\/ceip-torrojaimiret\/wp-content\/uploads\/usu1688\/2012\/03\/IMG_5862-1.jpg\" alt=\"\" width=\"428\" height=\"336\" srcset=\"https:\/\/agora.xtec.cat\/ceip-torrojaimiret\/wp-content\/uploads\/usu1688\/2012\/03\/IMG_5862-1.jpg 428w, https:\/\/agora.xtec.cat\/ceip-torrojaimiret\/wp-content\/uploads\/usu1688\/2012\/03\/IMG_5862-1-300x236.jpg 300w\" sizes=\"auto, (max-width: 428px) 100vw, 428px\" \/><\/a><\/p>\n<p dir=\"ltr\"><span style=\"color: #993366;\"><span style=\"text-decoration: underline;\"><strong>Vincles a P5:<\/strong><\/span> <strong>Not\u00edcies per compartir.<\/strong><\/span><span style=\"text-decoration: underline;\"><strong><br \/>\n<\/strong><\/span><\/p>\n<p dir=\"ltr\">Durant una setmana un infant de la classe esdev\u00e9 el protagonista a partir de la explicaci\u00f3 a la resta de companys i companyes de \u201c not\u00edcies importants\u201d relacionades amb la seva vida. Al final de la setmana \u00e9s la fam\u00edlia la qu\u00e8 explica una not\u00edcia a la resta de la classe.<\/p>\n<p dir=\"ltr\">L\u2019infant explicar\u00e0 als seus companys\/es la seva experi\u00e8ncia en relaci\u00f3 a LES NOT\u00cdCIES \u00a0que ha portat la fam\u00edlia a l\u2019escola.<\/p>\n<p dir=\"ltr\">Un altre dia, un o m\u00e9s membres de la fam\u00edlia vindr\u00e0 una estona per compartir ALGUNA NOT\u00cdCIA important i despr\u00e9s la resta de companys\/es del grup-classe votar\u00e0 la not\u00edcia guanyadora. \u00a0Les experi\u00e8ncies han de ser significatives i positives a nivell emocional per a l\u2019infant i s\u2019enregistraran en un \u00e0lbum col\u00b7lectiu.<\/p>\n<p><a href=\"http:\/\/agora.xtec.cat\/ceip-torrojaimiret\/wp-content\/uploads\/usu1688\/2012\/03\/IMG_20180202_150722.jpg\"><img loading=\"lazy\" decoding=\"async\" class=\"alignnone size-full wp-image-10010\" src=\"http:\/\/agora.xtec.cat\/ceip-torrojaimiret\/wp-content\/uploads\/usu1688\/2012\/03\/IMG_20180202_150722.jpg\" alt=\"\" width=\"448\" height=\"336\" srcset=\"https:\/\/agora.xtec.cat\/ceip-torrojaimiret\/wp-content\/uploads\/usu1688\/2012\/03\/IMG_20180202_150722.jpg 448w, https:\/\/agora.xtec.cat\/ceip-torrojaimiret\/wp-content\/uploads\/usu1688\/2012\/03\/IMG_20180202_150722-300x225.jpg 300w, https:\/\/agora.xtec.cat\/ceip-torrojaimiret\/wp-content\/uploads\/usu1688\/2012\/03\/IMG_20180202_150722-200x150.jpg 200w\" sizes=\"auto, (max-width: 448px) 100vw, 448px\" \/><\/a><\/p>\n<p><span style=\"color: #00ccff;\"><strong><span style=\"text-decoration: underline;\">Vincles a prim\u00e0ria<\/span> <\/strong><\/span><\/p>\n<p>Per continuar amb aquesta l\u00ednia de participaci\u00f3 de les fam\u00edlies, a l&#8217;educaci\u00f3 prim\u00e0ria es podr\u00e0 aportar de\u00a0manera volunt\u00e0ria experi\u00e8ncies o coneixements relacionats amb qualsevol \u00e0rea que es treballa. A comen\u00e7ament de curs s\u2019oferiran\u00a0tem\u00e0tiques i activitats que les fam\u00edlies podran desenvolupar conjuntament amb\u00a0les mestres.<\/p>\n<p>&nbsp;<\/p>\n<p><a href=\"http:\/\/agora.xtec.cat\/ceip-torrojaimiret\/wp-content\/uploads\/usu1688\/2012\/03\/WP_20180219_10_30_40_Pro.jpg\"><img loading=\"lazy\" decoding=\"async\" class=\"alignnone size-full wp-image-10012\" src=\"http:\/\/agora.xtec.cat\/ceip-torrojaimiret\/wp-content\/uploads\/usu1688\/2012\/03\/WP_20180219_10_30_40_Pro.jpg\" alt=\"\" width=\"640\" height=\"360\" srcset=\"https:\/\/agora.xtec.cat\/ceip-torrojaimiret\/wp-content\/uploads\/usu1688\/2012\/03\/WP_20180219_10_30_40_Pro.jpg 640w, https:\/\/agora.xtec.cat\/ceip-torrojaimiret\/wp-content\/uploads\/usu1688\/2012\/03\/WP_20180219_10_30_40_Pro-300x169.jpg 300w\" sizes=\"auto, (max-width: 640px) 100vw, 640px\" \/><\/a><\/p>\n","protected":false},"excerpt":{"rendered":"<p>A trav\u00e9s d&#8217;aquest projecte es vol crear\u00a0un espai de col\u00b7laboraci\u00f3 entre la fam\u00edlia\u00a0i l\u2019escola. Cada curs es convida a que cada alumne\/a juntament amb la seva\u00a0fam\u00edlia comparteixi algun aspecte amb la resta del grup-classe. Vincles a P3: Hist\u00f2ries per compartir. Setmanalment un dels infants i les seves fam\u00edlies, esdevenen els &#8220;protagonistes de la setmana&#8221; a [&hellip;]<\/p>\n","protected":false},"author":1,"featured_media":0,"parent":1266,"menu_order":1,"comment_status":"open","ping_status":"open","template":"page-templates\/side-menu.php","meta":{"_bbp_topic_count":0,"_bbp_reply_count":0,"_bbp_total_topic_count":0,"_bbp_total_reply_count":0,"_bbp_voice_count":0,"_bbp_anonymous_reply_count":0,"_bbp_topic_count_hidden":0,"_bbp_reply_count_hidden":0,"_bbp_forum_subforum_count":0,"site-sidebar-layout":"default","site-content-layout":"","ast-site-content-layout":"","site-content-style":"default","site-sidebar-style":"default","ast-global-header-display":"","ast-banner-title-visibility":"","ast-main-header-display":"","ast-hfb-above-header-display":"","ast-hfb-below-header-display":"","ast-hfb-mobile-header-display":"","site-post-title":"","ast-breadcrumbs-content":"","ast-featured-img":"","footer-sml-layout":"","theme-transparent-header-meta":"","adv-header-id-meta":"","stick-header-meta":"","header-above-stick-meta":"","header-main-stick-meta":"","header-below-stick-meta":"","astra-migrate-meta-layouts":"default","ast-page-background-enabled":"default","ast-page-background-meta":{"desktop":{"background-color":"var(--ast-global-color-4)","background-image":"","background-repeat":"repeat","background-position":"center center","background-size":"auto","background-attachment":"scroll","background-type":"","background-media":"","overlay-type":"","overlay-color":"","overlay-opacity":"","overlay-gradient":""},"tablet":{"background-color":"","background-image":"","background-repeat":"repeat","background-position":"center center","background-size":"auto","background-attachment":"scroll","background-type":"","background-media":"","overlay-type":"","overlay-color":"","overlay-opacity":"","overlay-gradient":""},"mobile":{"background-color":"","background-image":"","background-repeat":"repeat","background-position":"center center","background-size":"auto","background-attachment":"scroll","background-type":"","background-media":"","overlay-type":"","overlay-color":"","overlay-opacity":"","overlay-gradient":""}},"ast-content-background-meta":{"desktop":{"background-color":"var(--ast-global-color-5)","background-image":"","background-repeat":"repeat","background-position":"center center","background-size":"auto","background-attachment":"scroll","background-type":"","background-media":"","overlay-type":"","overlay-color":"","overlay-opacity":"","overlay-gradient":""},"tablet":{"background-color":"var(--ast-global-color-5)","background-image":"","background-repeat":"repeat","background-position":"center center","background-size":"auto","background-attachment":"scroll","background-type":"","background-media":"","overlay-type":"","overlay-color":"","overlay-opacity":"","overlay-gradient":""},"mobile":{"background-color":"var(--ast-global-color-5)","background-image":"","background-repeat":"repeat","background-position":"center center","background-size":"auto","background-attachment":"scroll","background-type":"","background-media":"","overlay-type":"","overlay-color":"","overlay-opacity":"","overlay-gradient":""}},"footnotes":""},"class_list":["post-1272","page","type-page","status-publish","hentry"],"post_mailing_queue_ids":[],"_links":{"self":[{"href":"https:\/\/agora.xtec.cat\/ceip-torrojaimiret\/wp-json\/wp\/v2\/pages\/1272","targetHints":{"allow":["GET"]}}],"collection":[{"href":"https:\/\/agora.xtec.cat\/ceip-torrojaimiret\/wp-json\/wp\/v2\/pages"}],"about":[{"href":"https:\/\/agora.xtec.cat\/ceip-torrojaimiret\/wp-json\/wp\/v2\/types\/page"}],"author":[{"embeddable":true,"href":"https:\/\/agora.xtec.cat\/ceip-torrojaimiret\/wp-json\/wp\/v2\/users\/1"}],"replies":[{"embeddable":true,"href":"https:\/\/agora.xtec.cat\/ceip-torrojaimiret\/wp-json\/wp\/v2\/comments?post=1272"}],"version-history":[{"count":3,"href":"https:\/\/agora.xtec.cat\/ceip-torrojaimiret\/wp-json\/wp\/v2\/pages\/1272\/revisions"}],"predecessor-version":[{"id":12595,"href":"https:\/\/agora.xtec.cat\/ceip-torrojaimiret\/wp-json\/wp\/v2\/pages\/1272\/revisions\/12595"}],"up":[{"embeddable":true,"href":"https:\/\/agora.xtec.cat\/ceip-torrojaimiret\/wp-json\/wp\/v2\/pages\/1266"}],"wp:attachment":[{"href":"https:\/\/agora.xtec.cat\/ceip-torrojaimiret\/wp-json\/wp\/v2\/media?parent=1272"}],"curies":[{"name":"wp","href":"https:\/\/api.w.org\/{rel}","templated":true}]}}

<p>A través d&#8217;aquest projecte es vol crear un espai de col·laboració entre la família i l’escola. Cada curs es convida a que cada alumne/a juntament amb la seva família comparteixi algun aspecte amb la resta del grup-classe.</p>
<p><span style="color: #ff6600;"><span style="text-decoration: underline;"><strong>Vincles a P3:</strong></span> <strong>Històries per compartir.</strong></span></p>
<p><span style="color: #333333;">Setmanalment un dels infants i les seves famílies, esdevenen els <em><strong>&#8220;protagonistes de la setmana&#8221;</strong></em> a partir de la preparació i posterior explicació de &#8220;moments&#8221; emocionalment significatius viscuts per tots ells durant el seu període infantil.</span></p>
<p>La família protagonista porta a l&#8217;escola:</p>
<ul>
<li>Alguns objectes significatius de la vida emocional de l&#8217;infant.</li>
<li>Alguna foto/ vídeo dels dies importants a nivell emocional.</li>
</ul>
<p>Posteriorment, l&#8217;’infant explicarà als seus companys/es la seva experiència en relació als objectes i fotos que ha portat la família a l’escola. La mestra li farà una foto i crearà un racó especial dins l’aula on el protagonista anirà deixant les seves coses (un lloc visible dins l’aula).<br />
Un altre dia, un o més membres de la família vindrà una estona per compartir experiències important de la vida de l’infant amb la resta de companys/es del grup-classe. Es donarà un guió a la família amb les dades per orientar-los en la seva exposició.</p>
<p><a href="http://agora.xtec.cat/ceip-torrojaimiret/wp-content/uploads/usu1688/2012/03/IMG_20180129_154421.jpg"><img loading="lazy" decoding="async" class="alignnone size-full wp-image-10008" src="http://agora.xtec.cat/ceip-torrojaimiret/wp-content/uploads/usu1688/2012/03/IMG_20180129_154421.jpg" alt="" width="448" height="336" srcset="https://agora.xtec.cat/ceip-torrojaimiret/wp-content/uploads/usu1688/2012/03/IMG_20180129_154421.jpg 448w, https://agora.xtec.cat/ceip-torrojaimiret/wp-content/uploads/usu1688/2012/03/IMG_20180129_154421-300x225.jpg 300w, https://agora.xtec.cat/ceip-torrojaimiret/wp-content/uploads/usu1688/2012/03/IMG_20180129_154421-200x150.jpg 200w" sizes="auto, (max-width: 448px) 100vw, 448px" /></a></p>
<p><span style="color: #99cc00;"><span style="text-decoration: underline;"><strong>Vincles a P4: </strong></span><strong>Contes per compartir.</strong></span><span style="text-decoration: underline;"><strong><br />
</strong></span></p>
<p>Setmanalment un dels infants i la seva família, esdevenen els protagonistes a partir de la preparació i posterior explicació d’un conte a la resta de la classe.</p>
<p>La família protagonista portarà a  l’escola un full en el que explicarà:</p>
<ul>
<li>El títol del conte.</li>
<li>El nom del narrador.</li>
<li>El motiu pel qual han escollit aquest conte.</li>
</ul>
<p>L&#8217;infant protagonista anirà explicant cada dia un trosset del conte que estan preparant a casa; per a fer-ho podrà ajudar-se de dibuixos, objectes&#8230;</p>
<p dir="ltr">Finalment, un o més membres de la família vindrà una estona per compartir el conte que han preparat. En acabar la sessió la família deixarà un objecte a la taula dels <em>“tresors de contes”.</em></p>
<p><a href="http://agora.xtec.cat/ceip-torrojaimiret/wp-content/uploads/usu1688/2012/03/IMG_5862-1.jpg"><img loading="lazy" decoding="async" class="alignnone size-full wp-image-10005" src="http://agora.xtec.cat/ceip-torrojaimiret/wp-content/uploads/usu1688/2012/03/IMG_5862-1.jpg" alt="" width="428" height="336" srcset="https://agora.xtec.cat/ceip-torrojaimiret/wp-content/uploads/usu1688/2012/03/IMG_5862-1.jpg 428w, https://agora.xtec.cat/ceip-torrojaimiret/wp-content/uploads/usu1688/2012/03/IMG_5862-1-300x236.jpg 300w" sizes="auto, (max-width: 428px) 100vw, 428px" /></a></p>
<p dir="ltr"><span style="color: #993366;"><span style="text-decoration: underline;"><strong>Vincles a P5:</strong></span> <strong>Notícies per compartir.</strong></span><span style="text-decoration: underline;"><strong><br />
</strong></span></p>
<p dir="ltr">Durant una setmana un infant de la classe esdevé el protagonista a partir de la explicació a la resta de companys i companyes de “ notícies importants” relacionades amb la seva vida. Al final de la setmana és la família la què explica una notícia a la resta de la classe.</p>
<p dir="ltr">L’infant explicarà als seus companys/es la seva experiència en relació a LES NOTÍCIES  que ha portat la família a l’escola.</p>
<p dir="ltr">Un altre dia, un o més membres de la família vindrà una estona per compartir ALGUNA NOTÍCIA important i després la resta de companys/es del grup-classe votarà la notícia guanyadora.  Les experiències han de ser significatives i positives a nivell emocional per a l’infant i s’enregistraran en un àlbum col·lectiu.</p>
<p><a href="http://agora.xtec.cat/ceip-torrojaimiret/wp-content/uploads/usu1688/2012/03/IMG_20180202_150722.jpg"><img loading="lazy" decoding="async" class="alignnone size-full wp-image-10010" src="http://agora.xtec.cat/ceip-torrojaimiret/wp-content/uploads/usu1688/2012/03/IMG_20180202_150722.jpg" alt="" width="448" height="336" srcset="https://agora.xtec.cat/ceip-torrojaimiret/wp-content/uploads/usu1688/2012/03/IMG_20180202_150722.jpg 448w, https://agora.xtec.cat/ceip-torrojaimiret/wp-content/uploads/usu1688/2012/03/IMG_20180202_150722-300x225.jpg 300w, https://agora.xtec.cat/ceip-torrojaimiret/wp-content/uploads/usu1688/2012/03/IMG_20180202_150722-200x150.jpg 200w" sizes="auto, (max-width: 448px) 100vw, 448px" /></a></p>
<p><span style="color: #00ccff;"><strong><span style="text-decoration: underline;">Vincles a primària</span> </strong></span></p>
<p>Per continuar amb aquesta línia de participació de les famílies, a l&#8217;educació primària es podrà aportar de manera voluntària experiències o coneixements relacionats amb qualsevol àrea que es treballa. A començament de curs s’oferiran temàtiques i activitats que les famílies podran desenvolupar conjuntament amb les mestres.</p>
<p>&nbsp;</p>
<p><a href="http://agora.xtec.cat/ceip-torrojaimiret/wp-content/uploads/usu1688/2012/03/WP_20180219_10_30_40_Pro.jpg"><img loading="lazy" decoding="async" class="alignnone size-full wp-image-10012" src="http://agora.xtec.cat/ceip-torrojaimiret/wp-content/uploads/usu1688/2012/03/WP_20180219_10_30_40_Pro.jpg" alt="" width="640" height="360" srcset="https://agora.xtec.cat/ceip-torrojaimiret/wp-content/uploads/usu1688/2012/03/WP_20180219_10_30_40_Pro.jpg 640w, https://agora.xtec.cat/ceip-torrojaimiret/wp-content/uploads/usu1688/2012/03/WP_20180219_10_30_40_Pro-300x169.jpg 300w" sizes="auto, (max-width: 640px) 100vw, 640px" /></a></p>

<p>A través d&#8217;aquest projecte es vol crear un espai de col·laboració entre la família i l’escola. Cada curs es convida a que cada alumne/a juntament amb la seva família comparteixi algun aspecte amb la resta del grup-classe. Vincles a P3: Històries per compartir. Setmanalment un dels infants i les seves famílies, esdevenen els &#8220;protagonistes de la setmana&#8221; a [&hellip;]</p>
