{"id":12687,"date":"2020-03-17T12:30:15","date_gmt":"2020-03-17T11:30:15","guid":{"rendered":"http:\/\/agora.xtec.cat\/ceip-torrojaimiret\/?page_id=12687"},"modified":"2021-03-10T18:51:37","modified_gmt":"2021-03-10T17:51:37","slug":"9-escola-verda-n","status":"publish","type":"page","link":"https:\/\/agora.xtec.cat\/ceip-torrojaimiret\/projectes-i-activitats-propies\/9-escola-verda-n\/","title":{"rendered":"9. Escola verda"},"content":{"rendered":"<p style=\"text-align: justify;\">Pret\u00e9n fomentar l&#8217;adquisici\u00f3 de valors i h\u00e0bits de respecte i cura vers el nostre medi ambient i la seva sostenibilitat.<\/p>\n<p style=\"text-align: justify;\">Es porten a terme accions com la recollida selectiva, l&#8217;estalvi energ\u00e8tic, la reducci\u00f3 de residus, l&#8217;\u00fas sostenible dels recursos, la cura de l&#8217;entorn, apadrinament de plantes, l&#8217;hort escolar&#8230;<\/p>\n<p><a href=\"http:\/\/blocs.xtec.cat\/ceiptorrojaimiret\/files\/2014\/02\/placa-escola-verda-petita.jpg\"><img loading=\"lazy\" decoding=\"async\" class=\"alignnone wp-image-4654\" src=\"http:\/\/blocs.xtec.cat\/ceiptorrojaimiret\/files\/2014\/02\/placa-escola-verda-petita-300x200.jpg\" alt=\"\" width=\"452\" height=\"301\" \/><\/a><\/p>\n<p>El nostre centre \u00e9s Escola Verda!<\/p>\n<p><a href=\"http:\/\/blocs.xtec.cat\/ceiptorrojaimiret\/files\/2014\/02\/14.-Hort-petita.jpg\"><img loading=\"lazy\" decoding=\"async\" class=\"alignnone wp-image-4666\" src=\"http:\/\/blocs.xtec.cat\/ceiptorrojaimiret\/files\/2014\/02\/14.-Hort-petita-300x236.jpg\" alt=\"\" width=\"450\" height=\"354\" \/><\/a><\/p>\n<p>Aprenent a tenir cura del nostre hort.<\/p>\n<p><a href=\"http:\/\/blocs.xtec.cat\/ceiptorrojaimiret\/files\/2014\/02\/hort-primaria-2OK.jpg\"><img loading=\"lazy\" decoding=\"async\" class=\"size-full wp-image-8101 alignnone\" src=\"http:\/\/blocs.xtec.cat\/ceiptorrojaimiret\/files\/2014\/02\/hort-primaria-2OK.jpg\" alt=\"hort-primaria-2ok\" width=\"448\" height=\"336\" \/><\/a><\/p>\n<p>Hort de Prim\u00e0ria<\/p>\n<p><img loading=\"lazy\" decoding=\"async\" class=\"wp-image-14222 alignnone\" src=\"https:\/\/agora.xtec.cat\/ceip-torrojaimiret\/wp-content\/uploads\/usu1688\/2021\/03\/Hort-cicle-inicial-2-1024x605.jpg\" alt=\"\" width=\"445\" height=\"263\" srcset=\"https:\/\/agora.xtec.cat\/ceip-torrojaimiret\/wp-content\/uploads\/usu1688\/2021\/03\/Hort-cicle-inicial-2-1024x605.jpg 1024w, https:\/\/agora.xtec.cat\/ceip-torrojaimiret\/wp-content\/uploads\/usu1688\/2021\/03\/Hort-cicle-inicial-2-300x177.jpg 300w, https:\/\/agora.xtec.cat\/ceip-torrojaimiret\/wp-content\/uploads\/usu1688\/2021\/03\/Hort-cicle-inicial-2-768x453.jpg 768w, https:\/\/agora.xtec.cat\/ceip-torrojaimiret\/wp-content\/uploads\/usu1688\/2021\/03\/Hort-cicle-inicial-2.jpg 1360w\" sizes=\"auto, (max-width: 445px) 100vw, 445px\" \/><\/p>\n<p>&nbsp;<\/p>\n<p><a href=\"http:\/\/blocs.xtec.cat\/ceiptorrojaimiret\/files\/2014\/02\/hort-primaria-OK.jpg\"><img loading=\"lazy\" decoding=\"async\" class=\"size-full wp-image-8102 alignnone\" src=\"http:\/\/blocs.xtec.cat\/ceiptorrojaimiret\/files\/2014\/02\/hort-primaria-OK.jpg\" alt=\"hort-primaria-ok\" width=\"448\" height=\"336\" \/><\/a><\/p>\n<p>&nbsp;<\/p>\n<p><a href=\"https:\/\/agora.xtec.cat\/ceip-torrojaimiret\/wp-content\/uploads\/usu1688\/2021\/03\/Escola-verda-reciclatge-2.jpg\"><img loading=\"lazy\" decoding=\"async\" class=\" wp-image-14221\" src=\"https:\/\/agora.xtec.cat\/ceip-torrojaimiret\/wp-content\/uploads\/usu1688\/2021\/03\/Escola-verda-reciclatge-2-1024x953.jpg\" alt=\"\" width=\"447\" height=\"417\" srcset=\"https:\/\/agora.xtec.cat\/ceip-torrojaimiret\/wp-content\/uploads\/usu1688\/2021\/03\/Escola-verda-reciclatge-2-1024x953.jpg 1024w, https:\/\/agora.xtec.cat\/ceip-torrojaimiret\/wp-content\/uploads\/usu1688\/2021\/03\/Escola-verda-reciclatge-2-300x279.jpg 300w, https:\/\/agora.xtec.cat\/ceip-torrojaimiret\/wp-content\/uploads\/usu1688\/2021\/03\/Escola-verda-reciclatge-2-768x715.jpg 768w, https:\/\/agora.xtec.cat\/ceip-torrojaimiret\/wp-content\/uploads\/usu1688\/2021\/03\/Escola-verda-reciclatge-2.jpg 1173w\" sizes=\"auto, (max-width: 447px) 100vw, 447px\" \/><\/a><\/p>\n<p>Practiquem el reciclatge.<\/p>\n<p>&nbsp;<\/p>\n","protected":false},"excerpt":{"rendered":"<p>Pret\u00e9n fomentar l&#8217;adquisici\u00f3 de valors i h\u00e0bits de respecte i cura vers el nostre medi ambient i la seva sostenibilitat. Es porten a terme accions com la recollida selectiva, l&#8217;estalvi energ\u00e8tic, la reducci\u00f3 de residus, l&#8217;\u00fas sostenible dels recursos, la cura de l&#8217;entorn, apadrinament de plantes, l&#8217;hort escolar&#8230; El nostre centre \u00e9s Escola Verda! Aprenent [&hellip;]<\/p>\n","protected":false},"author":37,"featured_media":0,"parent":12636,"menu_order":9,"comment_status":"closed","ping_status":"closed","template":"page-templates\/side-menu.php","meta":{"_bbp_topic_count":0,"_bbp_reply_count":0,"_bbp_total_topic_count":0,"_bbp_total_reply_count":0,"_bbp_voice_count":0,"_bbp_anonymous_reply_count":0,"_bbp_topic_count_hidden":0,"_bbp_reply_count_hidden":0,"_bbp_forum_subforum_count":0,"site-sidebar-layout":"default","site-content-layout":"","ast-site-content-layout":"","site-content-style":"default","site-sidebar-style":"default","ast-global-header-display":"","ast-banner-title-visibility":"","ast-main-header-display":"","ast-hfb-above-header-display":"","ast-hfb-below-header-display":"","ast-hfb-mobile-header-display":"","site-post-title":"","ast-breadcrumbs-content":"","ast-featured-img":"","footer-sml-layout":"","theme-transparent-header-meta":"","adv-header-id-meta":"","stick-header-meta":"","header-above-stick-meta":"","header-main-stick-meta":"","header-below-stick-meta":"","astra-migrate-meta-layouts":"default","ast-page-background-enabled":"default","ast-page-background-meta":{"desktop":{"background-color":"var(--ast-global-color-4)","background-image":"","background-repeat":"repeat","background-position":"center center","background-size":"auto","background-attachment":"scroll","background-type":"","background-media":"","overlay-type":"","overlay-color":"","overlay-opacity":"","overlay-gradient":""},"tablet":{"background-color":"","background-image":"","background-repeat":"repeat","background-position":"center center","background-size":"auto","background-attachment":"scroll","background-type":"","background-media":"","overlay-type":"","overlay-color":"","overlay-opacity":"","overlay-gradient":""},"mobile":{"background-color":"","background-image":"","background-repeat":"repeat","background-position":"center center","background-size":"auto","background-attachment":"scroll","background-type":"","background-media":"","overlay-type":"","overlay-color":"","overlay-opacity":"","overlay-gradient":""}},"ast-content-background-meta":{"desktop":{"background-color":"var(--ast-global-color-5)","background-image":"","background-repeat":"repeat","background-position":"center center","background-size":"auto","background-attachment":"scroll","background-type":"","background-media":"","overlay-type":"","overlay-color":"","overlay-opacity":"","overlay-gradient":""},"tablet":{"background-color":"var(--ast-global-color-5)","background-image":"","background-repeat":"repeat","background-position":"center center","background-size":"auto","background-attachment":"scroll","background-type":"","background-media":"","overlay-type":"","overlay-color":"","overlay-opacity":"","overlay-gradient":""},"mobile":{"background-color":"var(--ast-global-color-5)","background-image":"","background-repeat":"repeat","background-position":"center center","background-size":"auto","background-attachment":"scroll","background-type":"","background-media":"","overlay-type":"","overlay-color":"","overlay-opacity":"","overlay-gradient":""}},"footnotes":""},"class_list":["post-12687","page","type-page","status-publish","hentry"],"post_mailing_queue_ids":[],"_links":{"self":[{"href":"https:\/\/agora.xtec.cat\/ceip-torrojaimiret\/wp-json\/wp\/v2\/pages\/12687","targetHints":{"allow":["GET"]}}],"collection":[{"href":"https:\/\/agora.xtec.cat\/ceip-torrojaimiret\/wp-json\/wp\/v2\/pages"}],"about":[{"href":"https:\/\/agora.xtec.cat\/ceip-torrojaimiret\/wp-json\/wp\/v2\/types\/page"}],"author":[{"embeddable":true,"href":"https:\/\/agora.xtec.cat\/ceip-torrojaimiret\/wp-json\/wp\/v2\/users\/37"}],"replies":[{"embeddable":true,"href":"https:\/\/agora.xtec.cat\/ceip-torrojaimiret\/wp-json\/wp\/v2\/comments?post=12687"}],"version-history":[{"count":3,"href":"https:\/\/agora.xtec.cat\/ceip-torrojaimiret\/wp-json\/wp\/v2\/pages\/12687\/revisions"}],"predecessor-version":[{"id":14231,"href":"https:\/\/agora.xtec.cat\/ceip-torrojaimiret\/wp-json\/wp\/v2\/pages\/12687\/revisions\/14231"}],"up":[{"embeddable":true,"href":"https:\/\/agora.xtec.cat\/ceip-torrojaimiret\/wp-json\/wp\/v2\/pages\/12636"}],"wp:attachment":[{"href":"https:\/\/agora.xtec.cat\/ceip-torrojaimiret\/wp-json\/wp\/v2\/media?parent=12687"}],"curies":[{"name":"wp","href":"https:\/\/api.w.org\/{rel}","templated":true}]}}

<p style="text-align: justify;">Pretén fomentar l&#8217;adquisició de valors i hàbits de respecte i cura vers el nostre medi ambient i la seva sostenibilitat.</p>
<p style="text-align: justify;">Es porten a terme accions com la recollida selectiva, l&#8217;estalvi energètic, la reducció de residus, l&#8217;ús sostenible dels recursos, la cura de l&#8217;entorn, apadrinament de plantes, l&#8217;hort escolar&#8230;</p>
<p><a href="http://blocs.xtec.cat/ceiptorrojaimiret/files/2014/02/placa-escola-verda-petita.jpg"><img loading="lazy" decoding="async" class="alignnone wp-image-4654" src="http://blocs.xtec.cat/ceiptorrojaimiret/files/2014/02/placa-escola-verda-petita-300x200.jpg" alt="" width="452" height="301" /></a></p>
<p>El nostre centre és Escola Verda!</p>
<p><a href="http://blocs.xtec.cat/ceiptorrojaimiret/files/2014/02/14.-Hort-petita.jpg"><img loading="lazy" decoding="async" class="alignnone wp-image-4666" src="http://blocs.xtec.cat/ceiptorrojaimiret/files/2014/02/14.-Hort-petita-300x236.jpg" alt="" width="450" height="354" /></a></p>
<p>Aprenent a tenir cura del nostre hort.</p>
<p><a href="http://blocs.xtec.cat/ceiptorrojaimiret/files/2014/02/hort-primaria-2OK.jpg"><img loading="lazy" decoding="async" class="size-full wp-image-8101 alignnone" src="http://blocs.xtec.cat/ceiptorrojaimiret/files/2014/02/hort-primaria-2OK.jpg" alt="hort-primaria-2ok" width="448" height="336" /></a></p>
<p>Hort de Primària</p>
<p><img loading="lazy" decoding="async" class="wp-image-14222 alignnone" src="https://agora.xtec.cat/ceip-torrojaimiret/wp-content/uploads/usu1688/2021/03/Hort-cicle-inicial-2-1024x605.jpg" alt="" width="445" height="263" srcset="https://agora.xtec.cat/ceip-torrojaimiret/wp-content/uploads/usu1688/2021/03/Hort-cicle-inicial-2-1024x605.jpg 1024w, https://agora.xtec.cat/ceip-torrojaimiret/wp-content/uploads/usu1688/2021/03/Hort-cicle-inicial-2-300x177.jpg 300w, https://agora.xtec.cat/ceip-torrojaimiret/wp-content/uploads/usu1688/2021/03/Hort-cicle-inicial-2-768x453.jpg 768w, https://agora.xtec.cat/ceip-torrojaimiret/wp-content/uploads/usu1688/2021/03/Hort-cicle-inicial-2.jpg 1360w" sizes="auto, (max-width: 445px) 100vw, 445px" /></p>
<p>&nbsp;</p>
<p><a href="http://blocs.xtec.cat/ceiptorrojaimiret/files/2014/02/hort-primaria-OK.jpg"><img loading="lazy" decoding="async" class="size-full wp-image-8102 alignnone" src="http://blocs.xtec.cat/ceiptorrojaimiret/files/2014/02/hort-primaria-OK.jpg" alt="hort-primaria-ok" width="448" height="336" /></a></p>
<p>&nbsp;</p>
<p><a href="https://agora.xtec.cat/ceip-torrojaimiret/wp-content/uploads/usu1688/2021/03/Escola-verda-reciclatge-2.jpg"><img loading="lazy" decoding="async" class=" wp-image-14221" src="https://agora.xtec.cat/ceip-torrojaimiret/wp-content/uploads/usu1688/2021/03/Escola-verda-reciclatge-2-1024x953.jpg" alt="" width="447" height="417" srcset="https://agora.xtec.cat/ceip-torrojaimiret/wp-content/uploads/usu1688/2021/03/Escola-verda-reciclatge-2-1024x953.jpg 1024w, https://agora.xtec.cat/ceip-torrojaimiret/wp-content/uploads/usu1688/2021/03/Escola-verda-reciclatge-2-300x279.jpg 300w, https://agora.xtec.cat/ceip-torrojaimiret/wp-content/uploads/usu1688/2021/03/Escola-verda-reciclatge-2-768x715.jpg 768w, https://agora.xtec.cat/ceip-torrojaimiret/wp-content/uploads/usu1688/2021/03/Escola-verda-reciclatge-2.jpg 1173w" sizes="auto, (max-width: 447px) 100vw, 447px" /></a></p>
<p>Practiquem el reciclatge.</p>
<p>&nbsp;</p>

<p>Pretén fomentar l&#8217;adquisició de valors i hàbits de respecte i cura vers el nostre medi ambient i la seva sostenibilitat. Es porten a terme accions com la recollida selectiva, l&#8217;estalvi energètic, la reducció de residus, l&#8217;ús sostenible dels recursos, la cura de l&#8217;entorn, apadrinament de plantes, l&#8217;hort escolar&#8230; El nostre centre és Escola Verda! Aprenent [&hellip;]</p>
