{"id":12644,"date":"2020-03-17T11:46:07","date_gmt":"2020-03-17T10:46:07","guid":{"rendered":"http:\/\/agora.xtec.cat\/ceip-torrojaimiret\/?page_id=12644"},"modified":"2020-04-02T19:07:57","modified_gmt":"2020-04-02T17:07:57","slug":"3-treball-per-projectes","status":"publish","type":"page","link":"https:\/\/agora.xtec.cat\/ceip-torrojaimiret\/projectes-i-activitats-propies\/3-treball-per-projectes\/","title":{"rendered":"3. Treball per projectes"},"content":{"rendered":"<p style=\"text-align: justify;\">El treball per projectes \u00e9s una metodologia alternativa que es basa en oferir estrat\u00e8gies\u00a0de treball que puguin ajudar als nens i les nenes a pensar per ells mateixos, a investigar, a\u00a0aprendre dels seus errors i dels seus encerts i d&#8217;aquesta manera tamb\u00e9 a aprendre a ser\u00a0cr\u00edtics. Aquests projectes tenen aplicaci\u00f3 en el m\u00f3n real m\u00e9s enll\u00e0 de l&#8217;aula i busquen crear\u00a0una educaci\u00f3 interdisciplin\u00e0ria amb un significat, en comptes de lli\u00e7ons curtes i a\u00efllades.<\/p>\n<p><a href=\"https:\/\/agora.xtec.cat\/ceip-torrojaimiret\/wp-content\/uploads\/usu1688\/2020\/04\/IMG-20200401-WA0029.jpg\" target=\"_blank\" rel=\"noopener noreferrer\"><img loading=\"lazy\" decoding=\"async\" class=\"aligncenter wp-image-13089\" src=\"https:\/\/agora.xtec.cat\/ceip-torrojaimiret\/wp-content\/uploads\/usu1688\/2020\/04\/IMG-20200401-WA0029-1024x1024.jpg\" alt=\"\" width=\"930\" height=\"930\" srcset=\"https:\/\/agora.xtec.cat\/ceip-torrojaimiret\/wp-content\/uploads\/usu1688\/2020\/04\/IMG-20200401-WA0029-1024x1024.jpg 1024w, https:\/\/agora.xtec.cat\/ceip-torrojaimiret\/wp-content\/uploads\/usu1688\/2020\/04\/IMG-20200401-WA0029-150x150.jpg 150w, https:\/\/agora.xtec.cat\/ceip-torrojaimiret\/wp-content\/uploads\/usu1688\/2020\/04\/IMG-20200401-WA0029-300x300.jpg 300w, https:\/\/agora.xtec.cat\/ceip-torrojaimiret\/wp-content\/uploads\/usu1688\/2020\/04\/IMG-20200401-WA0029-768x768.jpg 768w, https:\/\/agora.xtec.cat\/ceip-torrojaimiret\/wp-content\/uploads\/usu1688\/2020\/04\/IMG-20200401-WA0029.jpg 2048w\" sizes=\"auto, (max-width: 930px) 100vw, 930px\" \/><\/a><\/p>\n<p style=\"text-align: justify;\">S\u2019utilitzen molts llibres, fonts orals i digitals per poder construir el coneixement. Es treballa\u00a0cooperativament amb la col\u00b7laboraci\u00f3 d\u2019un equip o de tot el grup-classe.\u00a0Els passos que es segueixen en el treball per projectes s\u00f3n:<\/p>\n<p style=\"text-align: justify;\">&#8211; Partir d\u2019un debat a classe per escollir els temes que creen inter\u00e8s als alumnes.<\/p>\n<p style=\"text-align: justify;\">&#8211; Es fa una votaci\u00f3 entre tots els temes i s\u2019escull aquell m\u00e9s votat.<\/p>\n<p style=\"text-align: justify;\">&#8211; Es realitza un mapa conceptual d\u2019all\u00f2 que els alumnes coneixen del tema.<\/p>\n<p style=\"text-align: justify;\">&#8211; Es fa un pla o \u00edndex de treball de tot all\u00f2 que cal aprendre de nou.<\/p>\n<p style=\"text-align: justify;\">&#8211; Es cerca informaci\u00f3 a trav\u00e9s de diferents fonts o llibres.<\/p>\n<p style=\"text-align: justify;\">&#8211; S\u2019organitza i es comparteix la informaci\u00f3 amb cartells, dossiers, espais d\u2019aula\u2026<\/p>\n<p style=\"text-align: justify;\">&#8211; Els alumnes valoren all\u00f2 que han apr\u00e8s al llarg del proc\u00e9s i ho comparteixen amb altres\u00a0classes.<\/p>\n<p style=\"text-align: justify;\">&#8211; Els mestres i companys avaluen les produccions de treball realitzades (dossiers,\u00a0presentacions&#8230;)<\/p>\n<p><a href=\"https:\/\/agora.xtec.cat\/ceip-torrojaimiret\/wp-content\/uploads\/usu1688\/2020\/03\/IMG_4609.jpg\" target=\"_blank\" rel=\"noopener noreferrer\"><img loading=\"lazy\" decoding=\"async\" class=\"aligncenter wp-image-12922\" src=\"https:\/\/agora.xtec.cat\/ceip-torrojaimiret\/wp-content\/uploads\/usu1688\/2020\/03\/IMG_4609-1024x682.jpg\" alt=\"\" width=\"916\" height=\"610\" srcset=\"https:\/\/agora.xtec.cat\/ceip-torrojaimiret\/wp-content\/uploads\/usu1688\/2020\/03\/IMG_4609-1024x682.jpg 1024w, https:\/\/agora.xtec.cat\/ceip-torrojaimiret\/wp-content\/uploads\/usu1688\/2020\/03\/IMG_4609-300x200.jpg 300w, https:\/\/agora.xtec.cat\/ceip-torrojaimiret\/wp-content\/uploads\/usu1688\/2020\/03\/IMG_4609-768x512.jpg 768w, https:\/\/agora.xtec.cat\/ceip-torrojaimiret\/wp-content\/uploads\/usu1688\/2020\/03\/IMG_4609.jpg 1196w\" sizes=\"auto, (max-width: 916px) 100vw, 916px\" \/><\/a><\/p>\n","protected":false},"excerpt":{"rendered":"<p>El treball per projectes \u00e9s una metodologia alternativa que es basa en oferir estrat\u00e8gies\u00a0de treball que puguin ajudar als nens i les nenes a pensar per ells mateixos, a investigar, a\u00a0aprendre dels seus errors i dels seus encerts i d&#8217;aquesta manera tamb\u00e9 a aprendre a ser\u00a0cr\u00edtics. Aquests projectes tenen aplicaci\u00f3 en el m\u00f3n real m\u00e9s [&hellip;]<\/p>\n","protected":false},"author":37,"featured_media":0,"parent":12636,"menu_order":3,"comment_status":"closed","ping_status":"closed","template":"page-templates\/side-menu.php","meta":{"_bbp_topic_count":0,"_bbp_reply_count":0,"_bbp_total_topic_count":0,"_bbp_total_reply_count":0,"_bbp_voice_count":0,"_bbp_anonymous_reply_count":0,"_bbp_topic_count_hidden":0,"_bbp_reply_count_hidden":0,"_bbp_forum_subforum_count":0,"site-sidebar-layout":"default","site-content-layout":"","ast-site-content-layout":"","site-content-style":"default","site-sidebar-style":"default","ast-global-header-display":"","ast-banner-title-visibility":"","ast-main-header-display":"","ast-hfb-above-header-display":"","ast-hfb-below-header-display":"","ast-hfb-mobile-header-display":"","site-post-title":"","ast-breadcrumbs-content":"","ast-featured-img":"","footer-sml-layout":"","theme-transparent-header-meta":"","adv-header-id-meta":"","stick-header-meta":"","header-above-stick-meta":"","header-main-stick-meta":"","header-below-stick-meta":"","astra-migrate-meta-layouts":"default","ast-page-background-enabled":"default","ast-page-background-meta":{"desktop":{"background-color":"var(--ast-global-color-4)","background-image":"","background-repeat":"repeat","background-position":"center center","background-size":"auto","background-attachment":"scroll","background-type":"","background-media":"","overlay-type":"","overlay-color":"","overlay-opacity":"","overlay-gradient":""},"tablet":{"background-color":"","background-image":"","background-repeat":"repeat","background-position":"center center","background-size":"auto","background-attachment":"scroll","background-type":"","background-media":"","overlay-type":"","overlay-color":"","overlay-opacity":"","overlay-gradient":""},"mobile":{"background-color":"","background-image":"","background-repeat":"repeat","background-position":"center center","background-size":"auto","background-attachment":"scroll","background-type":"","background-media":"","overlay-type":"","overlay-color":"","overlay-opacity":"","overlay-gradient":""}},"ast-content-background-meta":{"desktop":{"background-color":"var(--ast-global-color-5)","background-image":"","background-repeat":"repeat","background-position":"center center","background-size":"auto","background-attachment":"scroll","background-type":"","background-media":"","overlay-type":"","overlay-color":"","overlay-opacity":"","overlay-gradient":""},"tablet":{"background-color":"var(--ast-global-color-5)","background-image":"","background-repeat":"repeat","background-position":"center center","background-size":"auto","background-attachment":"scroll","background-type":"","background-media":"","overlay-type":"","overlay-color":"","overlay-opacity":"","overlay-gradient":""},"mobile":{"background-color":"var(--ast-global-color-5)","background-image":"","background-repeat":"repeat","background-position":"center center","background-size":"auto","background-attachment":"scroll","background-type":"","background-media":"","overlay-type":"","overlay-color":"","overlay-opacity":"","overlay-gradient":""}},"footnotes":""},"class_list":["post-12644","page","type-page","status-publish","hentry"],"post_mailing_queue_ids":[],"_links":{"self":[{"href":"https:\/\/agora.xtec.cat\/ceip-torrojaimiret\/wp-json\/wp\/v2\/pages\/12644","targetHints":{"allow":["GET"]}}],"collection":[{"href":"https:\/\/agora.xtec.cat\/ceip-torrojaimiret\/wp-json\/wp\/v2\/pages"}],"about":[{"href":"https:\/\/agora.xtec.cat\/ceip-torrojaimiret\/wp-json\/wp\/v2\/types\/page"}],"author":[{"embeddable":true,"href":"https:\/\/agora.xtec.cat\/ceip-torrojaimiret\/wp-json\/wp\/v2\/users\/37"}],"replies":[{"embeddable":true,"href":"https:\/\/agora.xtec.cat\/ceip-torrojaimiret\/wp-json\/wp\/v2\/comments?post=12644"}],"version-history":[{"count":4,"href":"https:\/\/agora.xtec.cat\/ceip-torrojaimiret\/wp-json\/wp\/v2\/pages\/12644\/revisions"}],"predecessor-version":[{"id":13098,"href":"https:\/\/agora.xtec.cat\/ceip-torrojaimiret\/wp-json\/wp\/v2\/pages\/12644\/revisions\/13098"}],"up":[{"embeddable":true,"href":"https:\/\/agora.xtec.cat\/ceip-torrojaimiret\/wp-json\/wp\/v2\/pages\/12636"}],"wp:attachment":[{"href":"https:\/\/agora.xtec.cat\/ceip-torrojaimiret\/wp-json\/wp\/v2\/media?parent=12644"}],"curies":[{"name":"wp","href":"https:\/\/api.w.org\/{rel}","templated":true}]}}

<p style="text-align: justify;">El treball per projectes és una metodologia alternativa que es basa en oferir estratègies de treball que puguin ajudar als nens i les nenes a pensar per ells mateixos, a investigar, a aprendre dels seus errors i dels seus encerts i d&#8217;aquesta manera també a aprendre a ser crítics. Aquests projectes tenen aplicació en el món real més enllà de l&#8217;aula i busquen crear una educació interdisciplinària amb un significat, en comptes de lliçons curtes i aïllades.</p>
<p><a href="https://agora.xtec.cat/ceip-torrojaimiret/wp-content/uploads/usu1688/2020/04/IMG-20200401-WA0029.jpg" target="_blank" rel="noopener noreferrer"><img loading="lazy" decoding="async" class="aligncenter wp-image-13089" src="https://agora.xtec.cat/ceip-torrojaimiret/wp-content/uploads/usu1688/2020/04/IMG-20200401-WA0029-1024x1024.jpg" alt="" width="930" height="930" srcset="https://agora.xtec.cat/ceip-torrojaimiret/wp-content/uploads/usu1688/2020/04/IMG-20200401-WA0029-1024x1024.jpg 1024w, https://agora.xtec.cat/ceip-torrojaimiret/wp-content/uploads/usu1688/2020/04/IMG-20200401-WA0029-150x150.jpg 150w, https://agora.xtec.cat/ceip-torrojaimiret/wp-content/uploads/usu1688/2020/04/IMG-20200401-WA0029-300x300.jpg 300w, https://agora.xtec.cat/ceip-torrojaimiret/wp-content/uploads/usu1688/2020/04/IMG-20200401-WA0029-768x768.jpg 768w, https://agora.xtec.cat/ceip-torrojaimiret/wp-content/uploads/usu1688/2020/04/IMG-20200401-WA0029.jpg 2048w" sizes="auto, (max-width: 930px) 100vw, 930px" /></a></p>
<p style="text-align: justify;">S’utilitzen molts llibres, fonts orals i digitals per poder construir el coneixement. Es treballa cooperativament amb la col·laboració d’un equip o de tot el grup-classe. Els passos que es segueixen en el treball per projectes són:</p>
<p style="text-align: justify;">&#8211; Partir d’un debat a classe per escollir els temes que creen interès als alumnes.</p>
<p style="text-align: justify;">&#8211; Es fa una votació entre tots els temes i s’escull aquell més votat.</p>
<p style="text-align: justify;">&#8211; Es realitza un mapa conceptual d’allò que els alumnes coneixen del tema.</p>
<p style="text-align: justify;">&#8211; Es fa un pla o índex de treball de tot allò que cal aprendre de nou.</p>
<p style="text-align: justify;">&#8211; Es cerca informació a través de diferents fonts o llibres.</p>
<p style="text-align: justify;">&#8211; S’organitza i es comparteix la informació amb cartells, dossiers, espais d’aula…</p>
<p style="text-align: justify;">&#8211; Els alumnes valoren allò que han après al llarg del procés i ho comparteixen amb altres classes.</p>
<p style="text-align: justify;">&#8211; Els mestres i companys avaluen les produccions de treball realitzades (dossiers, presentacions&#8230;)</p>
<p><a href="https://agora.xtec.cat/ceip-torrojaimiret/wp-content/uploads/usu1688/2020/03/IMG_4609.jpg" target="_blank" rel="noopener noreferrer"><img loading="lazy" decoding="async" class="aligncenter wp-image-12922" src="https://agora.xtec.cat/ceip-torrojaimiret/wp-content/uploads/usu1688/2020/03/IMG_4609-1024x682.jpg" alt="" width="916" height="610" srcset="https://agora.xtec.cat/ceip-torrojaimiret/wp-content/uploads/usu1688/2020/03/IMG_4609-1024x682.jpg 1024w, https://agora.xtec.cat/ceip-torrojaimiret/wp-content/uploads/usu1688/2020/03/IMG_4609-300x200.jpg 300w, https://agora.xtec.cat/ceip-torrojaimiret/wp-content/uploads/usu1688/2020/03/IMG_4609-768x512.jpg 768w, https://agora.xtec.cat/ceip-torrojaimiret/wp-content/uploads/usu1688/2020/03/IMG_4609.jpg 1196w" sizes="auto, (max-width: 916px) 100vw, 916px" /></a></p>

<p>El treball per projectes és una metodologia alternativa que es basa en oferir estratègies de treball que puguin ajudar als nens i les nenes a pensar per ells mateixos, a investigar, a aprendre dels seus errors i dels seus encerts i d&#8217;aquesta manera també a aprendre a ser crítics. Aquests projectes tenen aplicació en el món real més [&hellip;]</p>
