{"id":12640,"date":"2020-03-17T11:40:40","date_gmt":"2020-03-17T10:40:40","guid":{"rendered":"http:\/\/agora.xtec.cat\/ceip-torrojaimiret\/?page_id=12640"},"modified":"2020-03-23T15:48:56","modified_gmt":"2020-03-23T14:48:56","slug":"2-tallers-internivells-a-ed-primaria-n","status":"publish","type":"page","link":"https:\/\/agora.xtec.cat\/ceip-torrojaimiret\/projectes-i-activitats-propies\/2-tallers-internivells-a-ed-primaria-n\/","title":{"rendered":"2. Tallers internivells a Ed. Prim\u00e0ria"},"content":{"rendered":"<p>L\u2019alumnat d\u2019Educaci\u00f3 Prim\u00e0ria realitza tallers internivells de diferents tem\u00e0tiques a les tardes. A trav\u00e9s de preguntes d\u2019inter\u00e8s cient\u00edfic i d\u2019experimentaci\u00f3, els infants van aprenent compet\u00e8ncies cient\u00edfiques, ling\u00fc\u00edstiques i socials. En grups cooperatius d\u2019alumnat de diferents nivells es van realitzant les activitats del tallers i construint diverses respostes als enigmes plantejats.<\/p>\n<p>La tem\u00e0tica dels tallers \u00e9s diversa. Alguns exemples dels tallers desenvolupats tenen a veure amb tem\u00e0tiques com El nostre cor batega sempre igual?, Com s\u00f3n els peixos per dintre?, T\u00e9 m\u00e0gia la llum?, Com funcionen els imants? Com podem evitar la contaminaci\u00f3 dels pl\u00e0stics?, Com puc tenir m\u00e9s for\u00e7a?, els quals permeten observar un peix, aprendre a controlar las pulsacions del cor hum\u00e0, descobrir efectes lum\u00ednics, entendre com funcionen els camps magn\u00e8tics, tenir cura del medi ambient o moure objectes amb l\u2019ajuda de palanques.<\/p>\n<p>Aquests tallers internivells s\u00f3n una estrat\u00e8gia metodol\u00f2gica que permet treballar de manera competencial, a trav\u00e9s de l\u2019aprenentatge entre iguals. L\u2019alumnat apr\u00e8n de manera motivadora i construint els seus propis coneixements. Aquests queden m\u00e9s consolidats i relacionats de manera pr\u00e0ctica amb l\u2019entorn de la vida quotidiana.<\/p>\n<figure id=\"attachment_11861\" aria-describedby=\"caption-attachment-11861\" style=\"width: 1024px\" class=\"wp-caption alignnone\"><a href=\"https:\/\/agora.xtec.cat\/ceip-torrojaimiret\/wp-content\/uploads\/usu1688\/2019\/12\/IMG-20191113-WA0019-1.jpg\"><img loading=\"lazy\" decoding=\"async\" class=\"wp-image-11861 size-large\" src=\"https:\/\/agora.xtec.cat\/ceip-torrojaimiret\/wp-content\/uploads\/usu1688\/2019\/12\/IMG-20191113-WA0019-1-1024x768.jpg\" alt=\"\" width=\"1024\" height=\"768\" srcset=\"https:\/\/agora.xtec.cat\/ceip-torrojaimiret\/wp-content\/uploads\/usu1688\/2019\/12\/IMG-20191113-WA0019-1-1024x768.jpg 1024w, https:\/\/agora.xtec.cat\/ceip-torrojaimiret\/wp-content\/uploads\/usu1688\/2019\/12\/IMG-20191113-WA0019-1-300x225.jpg 300w, https:\/\/agora.xtec.cat\/ceip-torrojaimiret\/wp-content\/uploads\/usu1688\/2019\/12\/IMG-20191113-WA0019-1-768x576.jpg 768w, https:\/\/agora.xtec.cat\/ceip-torrojaimiret\/wp-content\/uploads\/usu1688\/2019\/12\/IMG-20191113-WA0019-1-200x150.jpg 200w, https:\/\/agora.xtec.cat\/ceip-torrojaimiret\/wp-content\/uploads\/usu1688\/2019\/12\/IMG-20191113-WA0019-1.jpg 2048w\" sizes=\"auto, (max-width: 1024px) 100vw, 1024px\" \/><\/a><figcaption id=\"caption-attachment-11861\" class=\"wp-caption-text\">Taller de com podem evitar la contaminaci\u00f3 amb pl\u00e0stics<\/figcaption><\/figure>\n<p>&nbsp;<\/p>\n<figure id=\"attachment_11868\" aria-describedby=\"caption-attachment-11868\" style=\"width: 1024px\" class=\"wp-caption alignnone\"><a href=\"https:\/\/agora.xtec.cat\/ceip-torrojaimiret\/wp-content\/uploads\/usu1688\/2019\/12\/Foto-2-taller-llum.jpg\"><img loading=\"lazy\" decoding=\"async\" class=\"size-large wp-image-11868\" src=\"https:\/\/agora.xtec.cat\/ceip-torrojaimiret\/wp-content\/uploads\/usu1688\/2019\/12\/Foto-2-taller-llum-1024x768.jpg\" alt=\"\" width=\"1024\" height=\"768\" srcset=\"https:\/\/agora.xtec.cat\/ceip-torrojaimiret\/wp-content\/uploads\/usu1688\/2019\/12\/Foto-2-taller-llum.jpg 1024w, https:\/\/agora.xtec.cat\/ceip-torrojaimiret\/wp-content\/uploads\/usu1688\/2019\/12\/Foto-2-taller-llum-300x225.jpg 300w, https:\/\/agora.xtec.cat\/ceip-torrojaimiret\/wp-content\/uploads\/usu1688\/2019\/12\/Foto-2-taller-llum-768x576.jpg 768w, https:\/\/agora.xtec.cat\/ceip-torrojaimiret\/wp-content\/uploads\/usu1688\/2019\/12\/Foto-2-taller-llum-200x150.jpg 200w\" sizes=\"auto, (max-width: 1024px) 100vw, 1024px\" \/><\/a><figcaption id=\"caption-attachment-11868\" class=\"wp-caption-text\">Taller dels efectes de la llum<\/figcaption><\/figure>\n<p>&nbsp;<\/p>\n<figure id=\"attachment_11870\" aria-describedby=\"caption-attachment-11870\" style=\"width: 1024px\" class=\"wp-caption alignnone\"><a href=\"https:\/\/agora.xtec.cat\/ceip-torrojaimiret\/wp-content\/uploads\/usu1688\/2019\/12\/IMG_20191023_154732.jpg\"><img loading=\"lazy\" decoding=\"async\" class=\"wp-image-11870 size-large\" src=\"https:\/\/agora.xtec.cat\/ceip-torrojaimiret\/wp-content\/uploads\/usu1688\/2019\/12\/IMG_20191023_154732-1024x768.jpg\" alt=\"\" width=\"1024\" height=\"768\" srcset=\"https:\/\/agora.xtec.cat\/ceip-torrojaimiret\/wp-content\/uploads\/usu1688\/2019\/12\/IMG_20191023_154732-1024x768.jpg 1024w, https:\/\/agora.xtec.cat\/ceip-torrojaimiret\/wp-content\/uploads\/usu1688\/2019\/12\/IMG_20191023_154732-300x225.jpg 300w, https:\/\/agora.xtec.cat\/ceip-torrojaimiret\/wp-content\/uploads\/usu1688\/2019\/12\/IMG_20191023_154732-768x576.jpg 768w, https:\/\/agora.xtec.cat\/ceip-torrojaimiret\/wp-content\/uploads\/usu1688\/2019\/12\/IMG_20191023_154732-200x150.jpg 200w\" sizes=\"auto, (max-width: 1024px) 100vw, 1024px\" \/><\/a><figcaption id=\"caption-attachment-11870\" class=\"wp-caption-text\">Taller de con\u00e8ixer l\u2019anatomia dels \u00e9ssers que viuen al mar<\/figcaption><\/figure>\n<p>&nbsp;<\/p>\n<figure id=\"attachment_11873\" aria-describedby=\"caption-attachment-11873\" style=\"width: 996px\" class=\"wp-caption alignnone\"><a href=\"https:\/\/agora.xtec.cat\/ceip-torrojaimiret\/wp-content\/uploads\/usu1688\/2019\/12\/IMG_4318.jpg\"><img loading=\"lazy\" decoding=\"async\" class=\"size-full wp-image-11873\" src=\"https:\/\/agora.xtec.cat\/ceip-torrojaimiret\/wp-content\/uploads\/usu1688\/2019\/12\/IMG_4318.jpg\" alt=\"\" width=\"996\" height=\"664\" srcset=\"https:\/\/agora.xtec.cat\/ceip-torrojaimiret\/wp-content\/uploads\/usu1688\/2019\/12\/IMG_4318.jpg 996w, https:\/\/agora.xtec.cat\/ceip-torrojaimiret\/wp-content\/uploads\/usu1688\/2019\/12\/IMG_4318-300x200.jpg 300w, https:\/\/agora.xtec.cat\/ceip-torrojaimiret\/wp-content\/uploads\/usu1688\/2019\/12\/IMG_4318-768x512.jpg 768w\" sizes=\"auto, (max-width: 996px) 100vw, 996px\" \/><\/a><figcaption id=\"caption-attachment-11873\" class=\"wp-caption-text\">Taller d&#8217;aprenentatge i descoberta de la palanca<\/figcaption><\/figure>\n<p>&nbsp;<\/p>\n<p><a href=\"https:\/\/agora.xtec.cat\/ceip-torrojaimiret\/wp-content\/uploads\/usu1688\/2020\/03\/IMG_20200212_153043.jpg\"><img loading=\"lazy\" decoding=\"async\" class=\"alignnone size-large wp-image-12537\" src=\"https:\/\/agora.xtec.cat\/ceip-torrojaimiret\/wp-content\/uploads\/usu1688\/2020\/03\/IMG_20200212_153043-1024x1024.jpg\" alt=\"\" width=\"1024\" height=\"1024\" srcset=\"https:\/\/agora.xtec.cat\/ceip-torrojaimiret\/wp-content\/uploads\/usu1688\/2020\/03\/IMG_20200212_153043-1024x1024.jpg 1024w, https:\/\/agora.xtec.cat\/ceip-torrojaimiret\/wp-content\/uploads\/usu1688\/2020\/03\/IMG_20200212_153043-150x150.jpg 150w, https:\/\/agora.xtec.cat\/ceip-torrojaimiret\/wp-content\/uploads\/usu1688\/2020\/03\/IMG_20200212_153043-300x300.jpg 300w, https:\/\/agora.xtec.cat\/ceip-torrojaimiret\/wp-content\/uploads\/usu1688\/2020\/03\/IMG_20200212_153043-768x768.jpg 768w, https:\/\/agora.xtec.cat\/ceip-torrojaimiret\/wp-content\/uploads\/usu1688\/2020\/03\/IMG_20200212_153043.jpg 1500w\" sizes=\"auto, (max-width: 1024px) 100vw, 1024px\" \/><\/a><\/p>\n","protected":false},"excerpt":{"rendered":"<p>L\u2019alumnat d\u2019Educaci\u00f3 Prim\u00e0ria realitza tallers internivells de diferents tem\u00e0tiques a les tardes. A trav\u00e9s de preguntes d\u2019inter\u00e8s cient\u00edfic i d\u2019experimentaci\u00f3, els infants van aprenent compet\u00e8ncies cient\u00edfiques, ling\u00fc\u00edstiques i socials. En grups cooperatius d\u2019alumnat de diferents nivells es van realitzant les activitats del tallers i construint diverses respostes als enigmes plantejats. La tem\u00e0tica dels tallers \u00e9s [&hellip;]<\/p>\n","protected":false},"author":37,"featured_media":0,"parent":12636,"menu_order":2,"comment_status":"closed","ping_status":"closed","template":"page-templates\/side-menu.php","meta":{"_bbp_topic_count":0,"_bbp_reply_count":0,"_bbp_total_topic_count":0,"_bbp_total_reply_count":0,"_bbp_voice_count":0,"_bbp_anonymous_reply_count":0,"_bbp_topic_count_hidden":0,"_bbp_reply_count_hidden":0,"_bbp_forum_subforum_count":0,"site-sidebar-layout":"default","site-content-layout":"","ast-site-content-layout":"","site-content-style":"default","site-sidebar-style":"default","ast-global-header-display":"","ast-banner-title-visibility":"","ast-main-header-display":"","ast-hfb-above-header-display":"","ast-hfb-below-header-display":"","ast-hfb-mobile-header-display":"","site-post-title":"","ast-breadcrumbs-content":"","ast-featured-img":"","footer-sml-layout":"","theme-transparent-header-meta":"","adv-header-id-meta":"","stick-header-meta":"","header-above-stick-meta":"","header-main-stick-meta":"","header-below-stick-meta":"","astra-migrate-meta-layouts":"default","ast-page-background-enabled":"default","ast-page-background-meta":{"desktop":{"background-color":"var(--ast-global-color-4)","background-image":"","background-repeat":"repeat","background-position":"center center","background-size":"auto","background-attachment":"scroll","background-type":"","background-media":"","overlay-type":"","overlay-color":"","overlay-opacity":"","overlay-gradient":""},"tablet":{"background-color":"","background-image":"","background-repeat":"repeat","background-position":"center center","background-size":"auto","background-attachment":"scroll","background-type":"","background-media":"","overlay-type":"","overlay-color":"","overlay-opacity":"","overlay-gradient":""},"mobile":{"background-color":"","background-image":"","background-repeat":"repeat","background-position":"center center","background-size":"auto","background-attachment":"scroll","background-type":"","background-media":"","overlay-type":"","overlay-color":"","overlay-opacity":"","overlay-gradient":""}},"ast-content-background-meta":{"desktop":{"background-color":"var(--ast-global-color-5)","background-image":"","background-repeat":"repeat","background-position":"center center","background-size":"auto","background-attachment":"scroll","background-type":"","background-media":"","overlay-type":"","overlay-color":"","overlay-opacity":"","overlay-gradient":""},"tablet":{"background-color":"var(--ast-global-color-5)","background-image":"","background-repeat":"repeat","background-position":"center center","background-size":"auto","background-attachment":"scroll","background-type":"","background-media":"","overlay-type":"","overlay-color":"","overlay-opacity":"","overlay-gradient":""},"mobile":{"background-color":"var(--ast-global-color-5)","background-image":"","background-repeat":"repeat","background-position":"center center","background-size":"auto","background-attachment":"scroll","background-type":"","background-media":"","overlay-type":"","overlay-color":"","overlay-opacity":"","overlay-gradient":""}},"footnotes":""},"class_list":["post-12640","page","type-page","status-publish","hentry"],"post_mailing_queue_ids":[],"_links":{"self":[{"href":"https:\/\/agora.xtec.cat\/ceip-torrojaimiret\/wp-json\/wp\/v2\/pages\/12640","targetHints":{"allow":["GET"]}}],"collection":[{"href":"https:\/\/agora.xtec.cat\/ceip-torrojaimiret\/wp-json\/wp\/v2\/pages"}],"about":[{"href":"https:\/\/agora.xtec.cat\/ceip-torrojaimiret\/wp-json\/wp\/v2\/types\/page"}],"author":[{"embeddable":true,"href":"https:\/\/agora.xtec.cat\/ceip-torrojaimiret\/wp-json\/wp\/v2\/users\/37"}],"replies":[{"embeddable":true,"href":"https:\/\/agora.xtec.cat\/ceip-torrojaimiret\/wp-json\/wp\/v2\/comments?post=12640"}],"version-history":[{"count":3,"href":"https:\/\/agora.xtec.cat\/ceip-torrojaimiret\/wp-json\/wp\/v2\/pages\/12640\/revisions"}],"predecessor-version":[{"id":12964,"href":"https:\/\/agora.xtec.cat\/ceip-torrojaimiret\/wp-json\/wp\/v2\/pages\/12640\/revisions\/12964"}],"up":[{"embeddable":true,"href":"https:\/\/agora.xtec.cat\/ceip-torrojaimiret\/wp-json\/wp\/v2\/pages\/12636"}],"wp:attachment":[{"href":"https:\/\/agora.xtec.cat\/ceip-torrojaimiret\/wp-json\/wp\/v2\/media?parent=12640"}],"curies":[{"name":"wp","href":"https:\/\/api.w.org\/{rel}","templated":true}]}}

2. Tallers internivells a Ed. Primària

<p>L’alumnat d’Educació Primària realitza tallers internivells de diferents temàtiques a les tardes. A través de preguntes d’interès científic i d’experimentació, els infants van aprenent competències científiques, lingüístiques i socials. En grups cooperatius d’alumnat de diferents nivells es van realitzant les activitats del tallers i construint diverses respostes als enigmes plantejats.</p>
<p>La temàtica dels tallers és diversa. Alguns exemples dels tallers desenvolupats tenen a veure amb temàtiques com El nostre cor batega sempre igual?, Com són els peixos per dintre?, Té màgia la llum?, Com funcionen els imants? Com podem evitar la contaminació dels plàstics?, Com puc tenir més força?, els quals permeten observar un peix, aprendre a controlar las pulsacions del cor humà, descobrir efectes lumínics, entendre com funcionen els camps magnètics, tenir cura del medi ambient o moure objectes amb l’ajuda de palanques.</p>
<p>Aquests tallers internivells són una estratègia metodològica que permet treballar de manera competencial, a través de l’aprenentatge entre iguals. L’alumnat aprèn de manera motivadora i construint els seus propis coneixements. Aquests queden més consolidats i relacionats de manera pràctica amb l’entorn de la vida quotidiana.</p>
<figure id="attachment_11861" aria-describedby="caption-attachment-11861" style="width: 1024px" class="wp-caption alignnone"><a href="https://agora.xtec.cat/ceip-torrojaimiret/wp-content/uploads/usu1688/2019/12/IMG-20191113-WA0019-1.jpg"><img loading="lazy" decoding="async" class="wp-image-11861 size-large" src="https://agora.xtec.cat/ceip-torrojaimiret/wp-content/uploads/usu1688/2019/12/IMG-20191113-WA0019-1-1024x768.jpg" alt="" width="1024" height="768" srcset="https://agora.xtec.cat/ceip-torrojaimiret/wp-content/uploads/usu1688/2019/12/IMG-20191113-WA0019-1-1024x768.jpg 1024w, https://agora.xtec.cat/ceip-torrojaimiret/wp-content/uploads/usu1688/2019/12/IMG-20191113-WA0019-1-300x225.jpg 300w, https://agora.xtec.cat/ceip-torrojaimiret/wp-content/uploads/usu1688/2019/12/IMG-20191113-WA0019-1-768x576.jpg 768w, https://agora.xtec.cat/ceip-torrojaimiret/wp-content/uploads/usu1688/2019/12/IMG-20191113-WA0019-1-200x150.jpg 200w, https://agora.xtec.cat/ceip-torrojaimiret/wp-content/uploads/usu1688/2019/12/IMG-20191113-WA0019-1.jpg 2048w" sizes="auto, (max-width: 1024px) 100vw, 1024px" /></a><figcaption id="caption-attachment-11861" class="wp-caption-text">Taller de com podem evitar la contaminació amb plàstics</figcaption></figure>
<p>&nbsp;</p>
<figure id="attachment_11868" aria-describedby="caption-attachment-11868" style="width: 1024px" class="wp-caption alignnone"><a href="https://agora.xtec.cat/ceip-torrojaimiret/wp-content/uploads/usu1688/2019/12/Foto-2-taller-llum.jpg"><img loading="lazy" decoding="async" class="size-large wp-image-11868" src="https://agora.xtec.cat/ceip-torrojaimiret/wp-content/uploads/usu1688/2019/12/Foto-2-taller-llum-1024x768.jpg" alt="" width="1024" height="768" srcset="https://agora.xtec.cat/ceip-torrojaimiret/wp-content/uploads/usu1688/2019/12/Foto-2-taller-llum.jpg 1024w, https://agora.xtec.cat/ceip-torrojaimiret/wp-content/uploads/usu1688/2019/12/Foto-2-taller-llum-300x225.jpg 300w, https://agora.xtec.cat/ceip-torrojaimiret/wp-content/uploads/usu1688/2019/12/Foto-2-taller-llum-768x576.jpg 768w, https://agora.xtec.cat/ceip-torrojaimiret/wp-content/uploads/usu1688/2019/12/Foto-2-taller-llum-200x150.jpg 200w" sizes="auto, (max-width: 1024px) 100vw, 1024px" /></a><figcaption id="caption-attachment-11868" class="wp-caption-text">Taller dels efectes de la llum</figcaption></figure>
<p>&nbsp;</p>
<figure id="attachment_11870" aria-describedby="caption-attachment-11870" style="width: 1024px" class="wp-caption alignnone"><a href="https://agora.xtec.cat/ceip-torrojaimiret/wp-content/uploads/usu1688/2019/12/IMG_20191023_154732.jpg"><img loading="lazy" decoding="async" class="wp-image-11870 size-large" src="https://agora.xtec.cat/ceip-torrojaimiret/wp-content/uploads/usu1688/2019/12/IMG_20191023_154732-1024x768.jpg" alt="" width="1024" height="768" srcset="https://agora.xtec.cat/ceip-torrojaimiret/wp-content/uploads/usu1688/2019/12/IMG_20191023_154732-1024x768.jpg 1024w, https://agora.xtec.cat/ceip-torrojaimiret/wp-content/uploads/usu1688/2019/12/IMG_20191023_154732-300x225.jpg 300w, https://agora.xtec.cat/ceip-torrojaimiret/wp-content/uploads/usu1688/2019/12/IMG_20191023_154732-768x576.jpg 768w, https://agora.xtec.cat/ceip-torrojaimiret/wp-content/uploads/usu1688/2019/12/IMG_20191023_154732-200x150.jpg 200w" sizes="auto, (max-width: 1024px) 100vw, 1024px" /></a><figcaption id="caption-attachment-11870" class="wp-caption-text">Taller de conèixer l’anatomia dels éssers que viuen al mar</figcaption></figure>
<p>&nbsp;</p>
<figure id="attachment_11873" aria-describedby="caption-attachment-11873" style="width: 996px" class="wp-caption alignnone"><a href="https://agora.xtec.cat/ceip-torrojaimiret/wp-content/uploads/usu1688/2019/12/IMG_4318.jpg"><img loading="lazy" decoding="async" class="size-full wp-image-11873" src="https://agora.xtec.cat/ceip-torrojaimiret/wp-content/uploads/usu1688/2019/12/IMG_4318.jpg" alt="" width="996" height="664" srcset="https://agora.xtec.cat/ceip-torrojaimiret/wp-content/uploads/usu1688/2019/12/IMG_4318.jpg 996w, https://agora.xtec.cat/ceip-torrojaimiret/wp-content/uploads/usu1688/2019/12/IMG_4318-300x200.jpg 300w, https://agora.xtec.cat/ceip-torrojaimiret/wp-content/uploads/usu1688/2019/12/IMG_4318-768x512.jpg 768w" sizes="auto, (max-width: 996px) 100vw, 996px" /></a><figcaption id="caption-attachment-11873" class="wp-caption-text">Taller d&#8217;aprenentatge i descoberta de la palanca</figcaption></figure>
<p>&nbsp;</p>
<p><a href="https://agora.xtec.cat/ceip-torrojaimiret/wp-content/uploads/usu1688/2020/03/IMG_20200212_153043.jpg"><img loading="lazy" decoding="async" class="alignnone size-large wp-image-12537" src="https://agora.xtec.cat/ceip-torrojaimiret/wp-content/uploads/usu1688/2020/03/IMG_20200212_153043-1024x1024.jpg" alt="" width="1024" height="1024" srcset="https://agora.xtec.cat/ceip-torrojaimiret/wp-content/uploads/usu1688/2020/03/IMG_20200212_153043-1024x1024.jpg 1024w, https://agora.xtec.cat/ceip-torrojaimiret/wp-content/uploads/usu1688/2020/03/IMG_20200212_153043-150x150.jpg 150w, https://agora.xtec.cat/ceip-torrojaimiret/wp-content/uploads/usu1688/2020/03/IMG_20200212_153043-300x300.jpg 300w, https://agora.xtec.cat/ceip-torrojaimiret/wp-content/uploads/usu1688/2020/03/IMG_20200212_153043-768x768.jpg 768w, https://agora.xtec.cat/ceip-torrojaimiret/wp-content/uploads/usu1688/2020/03/IMG_20200212_153043.jpg 1500w" sizes="auto, (max-width: 1024px) 100vw, 1024px" /></a></p>

<p>L’alumnat d’Educació Primària realitza tallers internivells de diferents temàtiques a les tardes. A través de preguntes d’interès científic i d’experimentació, els infants van aprenent competències científiques, lingüístiques i socials. En grups cooperatius d’alumnat de diferents nivells es van realitzant les activitats del tallers i construint diverses respostes als enigmes plantejats. La temàtica dels tallers és [&hellip;]</p>
