{"id":1251,"date":"2012-03-26T15:51:58","date_gmt":"2012-03-26T14:51:58","guid":{"rendered":"http:\/\/blocs.xtec.cat\/ceiptorrojaimiret\/?page_id=1251"},"modified":"2025-11-24T13:03:16","modified_gmt":"2025-11-24T12:03:16","slug":"instal%c2%b7lacions-2","status":"publish","type":"page","link":"https:\/\/agora.xtec.cat\/ceip-torrojaimiret\/lescola\/instal%c2%b7lacions-2\/","title":{"rendered":"Instal\u00b7lacions i serveis"},"content":{"rendered":"<table dir=\"ltr\" style=\"background-color: #fffafa;\" border=\"0\" rules=\"cols\">\n<tbody>\n<tr>\n<td>\n<ul>\n<li>Acollida matinal<\/li>\n<li>Menjador<\/li>\n<li>Aula d&#8217;audiovisuals<\/li>\n<li>Aula d&#8217;inform\u00e0tica<\/li>\n<li>Ludoteca<\/li>\n<li>Biblioteca escolar i d&#8217;aules<\/li>\n<li>Aula de Ci\u00e8ncies<\/li>\n<li>Aula de Psicomotricitat<\/li>\n<\/ul>\n<\/td>\n<td>\n<ul>\n<li>Gimn\u00e0s<\/li>\n<li>Aula de m\u00fasica<\/li>\n<li>Aula d&#8217;educaci\u00f3 pl\u00e0stica<\/li>\n<li>Aula d&#8217;idiomes<\/li>\n<li>Pistes esportives<\/li>\n<li>Zona d&#8217;esbarjo infantil<\/li>\n<li>Sala d&#8217;actes<\/li>\n<li>Hort escolar<\/li>\n<\/ul>\n<\/td>\n<\/tr>\n<\/tbody>\n<\/table>\n<figure id=\"attachment_5588\" aria-describedby=\"caption-attachment-5588\" style=\"width: 300px\" class=\"wp-caption aligncenter\"><a href=\"http:\/\/blocs.xtec.cat\/ceiptorrojaimiret\/files\/2012\/03\/Panoramica.jpg\"><img loading=\"lazy\" decoding=\"async\" class=\"size-medium wp-image-5588\" src=\"http:\/\/blocs.xtec.cat\/ceiptorrojaimiret\/files\/2012\/03\/Panoramica-300x69.jpg\" alt=\"La nostra escola\" width=\"300\" height=\"69\" \/><\/a><figcaption id=\"caption-attachment-5588\" class=\"wp-caption-text\">La nostra escola<\/figcaption><\/figure>\n<figure id=\"attachment_21069\" aria-describedby=\"caption-attachment-21069\" style=\"width: 300px\" class=\"wp-caption aligncenter\"><a href=\"https:\/\/agora.xtec.cat\/ceip-torrojaimiret\/wp-content\/uploads\/usu1688\/2025\/10\/SALA-PSICO-1.jpg\"><img loading=\"lazy\" decoding=\"async\" class=\"wp-image-21069 size-medium\" src=\"https:\/\/agora.xtec.cat\/ceip-torrojaimiret\/wp-content\/uploads\/usu1688\/2025\/10\/SALA-PSICO-1-300x225.jpg\" alt=\"\" width=\"300\" height=\"225\" srcset=\"https:\/\/agora.xtec.cat\/ceip-torrojaimiret\/wp-content\/uploads\/usu1688\/2025\/10\/SALA-PSICO-1-300x225.jpg 300w, https:\/\/agora.xtec.cat\/ceip-torrojaimiret\/wp-content\/uploads\/usu1688\/2025\/10\/SALA-PSICO-1-768x576.jpg 768w, https:\/\/agora.xtec.cat\/ceip-torrojaimiret\/wp-content\/uploads\/usu1688\/2025\/10\/SALA-PSICO-1.jpg 1024w\" sizes=\"auto, (max-width: 300px) 100vw, 300px\" \/><\/a><figcaption id=\"caption-attachment-21069\" class=\"wp-caption-text\">Sala de psicomotricitat<\/figcaption><\/figure>\n<figure id=\"attachment_21080\" aria-describedby=\"caption-attachment-21080\" style=\"width: 300px\" class=\"wp-caption aligncenter\"><a href=\"https:\/\/agora.xtec.cat\/ceip-torrojaimiret\/wp-content\/uploads\/usu1688\/2025\/10\/MUSICA-2-2.jpg\"><img loading=\"lazy\" decoding=\"async\" class=\"wp-image-21080 size-medium\" src=\"https:\/\/agora.xtec.cat\/ceip-torrojaimiret\/wp-content\/uploads\/usu1688\/2025\/10\/MUSICA-2-2-300x225.jpg\" alt=\"\" width=\"300\" height=\"225\" srcset=\"https:\/\/agora.xtec.cat\/ceip-torrojaimiret\/wp-content\/uploads\/usu1688\/2025\/10\/MUSICA-2-2-300x225.jpg 300w, https:\/\/agora.xtec.cat\/ceip-torrojaimiret\/wp-content\/uploads\/usu1688\/2025\/10\/MUSICA-2-2-768x576.jpg 768w, https:\/\/agora.xtec.cat\/ceip-torrojaimiret\/wp-content\/uploads\/usu1688\/2025\/10\/MUSICA-2-2.jpg 1024w\" sizes=\"auto, (max-width: 300px) 100vw, 300px\" \/><\/a><figcaption id=\"caption-attachment-21080\" class=\"wp-caption-text\">Aula de M\u00fasica<\/figcaption><\/figure>\n<figure id=\"attachment_5586\" aria-describedby=\"caption-attachment-5586\" style=\"width: 300px\" class=\"wp-caption aligncenter\"><a href=\"http:\/\/blocs.xtec.cat\/ceiptorrojaimiret\/files\/2012\/03\/10.aula-informatica.jpg\"><img loading=\"lazy\" decoding=\"async\" class=\"size-medium wp-image-5586\" src=\"http:\/\/blocs.xtec.cat\/ceiptorrojaimiret\/files\/2012\/03\/10.aula-informatica-300x153.jpg\" alt=\"Aula d'inform\u00e0tica\" width=\"300\" height=\"153\" \/><\/a><figcaption id=\"caption-attachment-5586\" class=\"wp-caption-text\">Aula d&#8217;inform\u00e0tica<\/figcaption><\/figure>\n<figure id=\"attachment_5587\" aria-describedby=\"caption-attachment-5587\" style=\"width: 300px\" class=\"wp-caption aligncenter\"><a href=\"http:\/\/blocs.xtec.cat\/ceiptorrojaimiret\/files\/2012\/03\/14.-Hort.jpg\"><img loading=\"lazy\" decoding=\"async\" class=\"size-medium wp-image-5587\" src=\"http:\/\/blocs.xtec.cat\/ceiptorrojaimiret\/files\/2012\/03\/14.-Hort-300x236.jpg\" alt=\"Hort\" width=\"300\" height=\"236\" \/><\/a><figcaption id=\"caption-attachment-5587\" class=\"wp-caption-text\">Hort<\/figcaption><\/figure>\n<figure id=\"attachment_21079\" aria-describedby=\"caption-attachment-21079\" style=\"width: 300px\" class=\"wp-caption aligncenter\"><a href=\"https:\/\/agora.xtec.cat\/ceip-torrojaimiret\/wp-content\/uploads\/usu1688\/2025\/10\/MERCAT-GENERAL-3.jpg\"><img loading=\"lazy\" decoding=\"async\" class=\"wp-image-21079 size-medium\" src=\"https:\/\/agora.xtec.cat\/ceip-torrojaimiret\/wp-content\/uploads\/usu1688\/2025\/10\/MERCAT-GENERAL-3-300x225.jpg\" alt=\"\" width=\"300\" height=\"225\" srcset=\"https:\/\/agora.xtec.cat\/ceip-torrojaimiret\/wp-content\/uploads\/usu1688\/2025\/10\/MERCAT-GENERAL-3-300x225.jpg 300w, https:\/\/agora.xtec.cat\/ceip-torrojaimiret\/wp-content\/uploads\/usu1688\/2025\/10\/MERCAT-GENERAL-3-768x576.jpg 768w, https:\/\/agora.xtec.cat\/ceip-torrojaimiret\/wp-content\/uploads\/usu1688\/2025\/10\/MERCAT-GENERAL-3.jpg 1024w\" sizes=\"auto, (max-width: 300px) 100vw, 300px\" \/><\/a><figcaption id=\"caption-attachment-21079\" class=\"wp-caption-text\">Mercat Central<\/figcaption><\/figure>\n","protected":false},"excerpt":{"rendered":"<p>Acollida matinal Menjador Aula d&#8217;audiovisuals Aula d&#8217;inform\u00e0tica Ludoteca Biblioteca escolar i d&#8217;aules Aula de Ci\u00e8ncies Aula de Psicomotricitat Gimn\u00e0s Aula de m\u00fasica Aula d&#8217;educaci\u00f3 pl\u00e0stica Aula d&#8217;idiomes Pistes esportives Zona d&#8217;esbarjo infantil Sala d&#8217;actes Hort escolar<\/p>\n","protected":false},"author":1,"featured_media":0,"parent":22,"menu_order":4,"comment_status":"open","ping_status":"open","template":"","meta":{"_bbp_topic_count":0,"_bbp_reply_count":0,"_bbp_total_topic_count":0,"_bbp_total_reply_count":0,"_bbp_voice_count":0,"_bbp_anonymous_reply_count":0,"_bbp_topic_count_hidden":0,"_bbp_reply_count_hidden":0,"_bbp_forum_subforum_count":0,"site-sidebar-layout":"default","site-content-layout":"","ast-site-content-layout":"default","site-content-style":"default","site-sidebar-style":"default","ast-global-header-display":"","ast-banner-title-visibility":"","ast-main-header-display":"","ast-hfb-above-header-display":"","ast-hfb-below-header-display":"","ast-hfb-mobile-header-display":"","site-post-title":"","ast-breadcrumbs-content":"","ast-featured-img":"","footer-sml-layout":"","theme-transparent-header-meta":"default","adv-header-id-meta":"","stick-header-meta":"","header-above-stick-meta":"","header-main-stick-meta":"","header-below-stick-meta":"","astra-migrate-meta-layouts":"set","ast-page-background-enabled":"default","ast-page-background-meta":{"desktop":{"background-color":"var(--ast-global-color-4)","background-image":"","background-repeat":"repeat","background-position":"center center","background-size":"auto","background-attachment":"scroll","background-type":"","background-media":"","overlay-type":"","overlay-color":"","overlay-opacity":"","overlay-gradient":""},"tablet":{"background-color":"","background-image":"","background-repeat":"repeat","background-position":"center center","background-size":"auto","background-attachment":"scroll","background-type":"","background-media":"","overlay-type":"","overlay-color":"","overlay-opacity":"","overlay-gradient":""},"mobile":{"background-color":"","background-image":"","background-repeat":"repeat","background-position":"center center","background-size":"auto","background-attachment":"scroll","background-type":"","background-media":"","overlay-type":"","overlay-color":"","overlay-opacity":"","overlay-gradient":""}},"ast-content-background-meta":{"desktop":{"background-color":"var(--ast-global-color-5)","background-image":"","background-repeat":"repeat","background-position":"center center","background-size":"auto","background-attachment":"scroll","background-type":"","background-media":"","overlay-type":"","overlay-color":"","overlay-opacity":"","overlay-gradient":""},"tablet":{"background-color":"var(--ast-global-color-5)","background-image":"","background-repeat":"repeat","background-position":"center center","background-size":"auto","background-attachment":"scroll","background-type":"","background-media":"","overlay-type":"","overlay-color":"","overlay-opacity":"","overlay-gradient":""},"mobile":{"background-color":"var(--ast-global-color-5)","background-image":"","background-repeat":"repeat","background-position":"center center","background-size":"auto","background-attachment":"scroll","background-type":"","background-media":"","overlay-type":"","overlay-color":"","overlay-opacity":"","overlay-gradient":""}},"footnotes":""},"class_list":["post-1251","page","type-page","status-publish","hentry"],"post_mailing_queue_ids":[],"_links":{"self":[{"href":"https:\/\/agora.xtec.cat\/ceip-torrojaimiret\/wp-json\/wp\/v2\/pages\/1251","targetHints":{"allow":["GET"]}}],"collection":[{"href":"https:\/\/agora.xtec.cat\/ceip-torrojaimiret\/wp-json\/wp\/v2\/pages"}],"about":[{"href":"https:\/\/agora.xtec.cat\/ceip-torrojaimiret\/wp-json\/wp\/v2\/types\/page"}],"author":[{"embeddable":true,"href":"https:\/\/agora.xtec.cat\/ceip-torrojaimiret\/wp-json\/wp\/v2\/users\/1"}],"replies":[{"embeddable":true,"href":"https:\/\/agora.xtec.cat\/ceip-torrojaimiret\/wp-json\/wp\/v2\/comments?post=1251"}],"version-history":[{"count":5,"href":"https:\/\/agora.xtec.cat\/ceip-torrojaimiret\/wp-json\/wp\/v2\/pages\/1251\/revisions"}],"predecessor-version":[{"id":21133,"href":"https:\/\/agora.xtec.cat\/ceip-torrojaimiret\/wp-json\/wp\/v2\/pages\/1251\/revisions\/21133"}],"up":[{"embeddable":true,"href":"https:\/\/agora.xtec.cat\/ceip-torrojaimiret\/wp-json\/wp\/v2\/pages\/22"}],"wp:attachment":[{"href":"https:\/\/agora.xtec.cat\/ceip-torrojaimiret\/wp-json\/wp\/v2\/media?parent=1251"}],"curies":[{"name":"wp","href":"https:\/\/api.w.org\/{rel}","templated":true}]}}