{"id":12508,"date":"2020-03-14T11:56:43","date_gmt":"2020-03-14T10:56:43","guid":{"rendered":"http:\/\/agora.xtec.cat\/ceip-torrojaimiret\/?page_id=12508"},"modified":"2020-03-16T10:55:39","modified_gmt":"2020-03-16T09:55:39","slug":"ambients-per-aprendre","status":"publish","type":"page","link":"https:\/\/agora.xtec.cat\/ceip-torrojaimiret\/projecte-educatiu-2\/projectes\/ambients-per-aprendre\/","title":{"rendered":"h) Ambients per aprendre"},"content":{"rendered":"<p style=\"text-align: justify;\">\u00c9s important proposar situacions d\u2019aprenentatge no basades en la simple transmissi\u00f3 de coneixements. Per aix\u00f2, organitzem la nostra tasca d\u2019acompanyament en diferents moments, espais i situacions d\u2019aprenentatge en les que els infants participen, creen, investiguen, comparteixen i esdevenen els veritables protagonistes dels seus aprenentatges.<\/p>\n<p style=\"text-align: justify;\">Els infants tenen necessitat d\u2019entendre el m\u00f3n que els envolta, per aix\u00f2 a la nostra escola vetllem per tal que:<\/p>\n<p style=\"text-align: justify;\">&#8211; Els infants es sentin segurs, apreciats i respectats<\/p>\n<p style=\"text-align: justify;\">&#8211; Puguin posar en pr\u00e0ctica totes aquelles capacitats que ja tenen , per experimentar, descobrir i entendre el mon que els envolta.<\/p>\n<p style=\"text-align: justify;\">&#8211; Trobin moments per compartir amb els iguals, en diferents situacions i espais.<\/p>\n<p style=\"text-align: justify;\">&#8211; Situacions de treball amb els seus grups de refer\u00e8ncia, que afavoreix el desenvolupament de la seva personalitat i alhora el sentit de pertinen\u00e7a al grup, mentre es van assolint les capacitats b\u00e0siques, proposades al curr\u00edculum del Departament d\u2019Educaci\u00f3.<\/p>\n<p style=\"text-align: justify;\">&#8211; Espair segurs, organitzats i pensats per tal que els infants puguin desenvolupar i transformar les seves experi\u00e8ncies en aprenentatges \u00fatils i significatius.<\/p>\n<p style=\"text-align: justify;\">Alguns dels espais que tenim a l&#8217;escola s\u00f3n joc simb\u00f2lic, art, llum, dramatitzaci\u00f3, construccions, lectura, lleure&#8230;<\/p>\n<p>&nbsp;<\/p>\n<p><a href=\"https:\/\/agora.xtec.cat\/ceip-torrojaimiret\/wp-content\/uploads\/usu1688\/2020\/03\/IMG_20191113_151757.jpg\"><img loading=\"lazy\" decoding=\"async\" class=\"alignnone size-large wp-image-12411\" src=\"https:\/\/agora.xtec.cat\/ceip-torrojaimiret\/wp-content\/uploads\/usu1688\/2020\/03\/IMG_20191113_151757-768x1024.jpg\" alt=\"\" width=\"768\" height=\"1024\" srcset=\"https:\/\/agora.xtec.cat\/ceip-torrojaimiret\/wp-content\/uploads\/usu1688\/2020\/03\/IMG_20191113_151757-768x1024.jpg 768w, https:\/\/agora.xtec.cat\/ceip-torrojaimiret\/wp-content\/uploads\/usu1688\/2020\/03\/IMG_20191113_151757-225x300.jpg 225w, https:\/\/agora.xtec.cat\/ceip-torrojaimiret\/wp-content\/uploads\/usu1688\/2020\/03\/IMG_20191113_151757.jpg 1200w\" sizes=\"auto, (max-width: 768px) 100vw, 768px\" \/><\/a><\/p>\n<p><a href=\"https:\/\/agora.xtec.cat\/ceip-torrojaimiret\/wp-content\/uploads\/usu1688\/2020\/03\/20191106_154406.jpg\"><img loading=\"lazy\" decoding=\"async\" class=\"alignnone size-large wp-image-12412\" src=\"https:\/\/agora.xtec.cat\/ceip-torrojaimiret\/wp-content\/uploads\/usu1688\/2020\/03\/20191106_154406-1024x768.jpg\" alt=\"\" width=\"1024\" height=\"768\" srcset=\"https:\/\/agora.xtec.cat\/ceip-torrojaimiret\/wp-content\/uploads\/usu1688\/2020\/03\/20191106_154406-1024x768.jpg 1024w, https:\/\/agora.xtec.cat\/ceip-torrojaimiret\/wp-content\/uploads\/usu1688\/2020\/03\/20191106_154406-300x225.jpg 300w, https:\/\/agora.xtec.cat\/ceip-torrojaimiret\/wp-content\/uploads\/usu1688\/2020\/03\/20191106_154406-768x576.jpg 768w, https:\/\/agora.xtec.cat\/ceip-torrojaimiret\/wp-content\/uploads\/usu1688\/2020\/03\/20191106_154406-200x150.jpg 200w, https:\/\/agora.xtec.cat\/ceip-torrojaimiret\/wp-content\/uploads\/usu1688\/2020\/03\/20191106_154406.jpg 1613w\" sizes=\"auto, (max-width: 1024px) 100vw, 1024px\" \/><\/a><\/p>\n<p><a href=\"https:\/\/agora.xtec.cat\/ceip-torrojaimiret\/wp-content\/uploads\/usu1688\/2020\/03\/20191126_152615.jpg\"><img loading=\"lazy\" decoding=\"async\" class=\"alignnone size-large wp-image-12413\" src=\"https:\/\/agora.xtec.cat\/ceip-torrojaimiret\/wp-content\/uploads\/usu1688\/2020\/03\/20191126_152615-1024x768.jpg\" alt=\"\" width=\"1024\" height=\"768\" srcset=\"https:\/\/agora.xtec.cat\/ceip-torrojaimiret\/wp-content\/uploads\/usu1688\/2020\/03\/20191126_152615-1024x768.jpg 1024w, https:\/\/agora.xtec.cat\/ceip-torrojaimiret\/wp-content\/uploads\/usu1688\/2020\/03\/20191126_152615-300x225.jpg 300w, https:\/\/agora.xtec.cat\/ceip-torrojaimiret\/wp-content\/uploads\/usu1688\/2020\/03\/20191126_152615-768x576.jpg 768w, https:\/\/agora.xtec.cat\/ceip-torrojaimiret\/wp-content\/uploads\/usu1688\/2020\/03\/20191126_152615-200x150.jpg 200w, https:\/\/agora.xtec.cat\/ceip-torrojaimiret\/wp-content\/uploads\/usu1688\/2020\/03\/20191126_152615.jpg 1613w\" sizes=\"auto, (max-width: 1024px) 100vw, 1024px\" \/><\/a><\/p>\n<p><a href=\"https:\/\/agora.xtec.cat\/ceip-torrojaimiret\/wp-content\/uploads\/usu1688\/2020\/03\/IMG-20191126-WA0048.jpg\"><img loading=\"lazy\" decoding=\"async\" class=\"alignnone size-large wp-image-12414\" src=\"https:\/\/agora.xtec.cat\/ceip-torrojaimiret\/wp-content\/uploads\/usu1688\/2020\/03\/IMG-20191126-WA0048-1024x768.jpg\" alt=\"\" width=\"1024\" height=\"768\" srcset=\"https:\/\/agora.xtec.cat\/ceip-torrojaimiret\/wp-content\/uploads\/usu1688\/2020\/03\/IMG-20191126-WA0048-1024x768.jpg 1024w, https:\/\/agora.xtec.cat\/ceip-torrojaimiret\/wp-content\/uploads\/usu1688\/2020\/03\/IMG-20191126-WA0048-300x225.jpg 300w, https:\/\/agora.xtec.cat\/ceip-torrojaimiret\/wp-content\/uploads\/usu1688\/2020\/03\/IMG-20191126-WA0048-768x576.jpg 768w, https:\/\/agora.xtec.cat\/ceip-torrojaimiret\/wp-content\/uploads\/usu1688\/2020\/03\/IMG-20191126-WA0048-200x150.jpg 200w, https:\/\/agora.xtec.cat\/ceip-torrojaimiret\/wp-content\/uploads\/usu1688\/2020\/03\/IMG-20191126-WA0048.jpg 1824w\" sizes=\"auto, (max-width: 1024px) 100vw, 1024px\" \/><\/a><\/p>\n<p><a href=\"https:\/\/agora.xtec.cat\/ceip-torrojaimiret\/wp-content\/uploads\/usu1688\/2020\/03\/20191121_154512-1.jpg\"><img loading=\"lazy\" decoding=\"async\" class=\"alignnone size-large wp-image-12415\" src=\"https:\/\/agora.xtec.cat\/ceip-torrojaimiret\/wp-content\/uploads\/usu1688\/2020\/03\/20191121_154512-1-768x1024.jpg\" alt=\"\" width=\"768\" height=\"1024\" srcset=\"https:\/\/agora.xtec.cat\/ceip-torrojaimiret\/wp-content\/uploads\/usu1688\/2020\/03\/20191121_154512-1-768x1024.jpg 768w, https:\/\/agora.xtec.cat\/ceip-torrojaimiret\/wp-content\/uploads\/usu1688\/2020\/03\/20191121_154512-1-225x300.jpg 225w\" sizes=\"auto, (max-width: 768px) 100vw, 768px\" \/><\/a><\/p>\n<p><a href=\"https:\/\/agora.xtec.cat\/ceip-torrojaimiret\/wp-content\/uploads\/usu1688\/2020\/03\/IMG_4126.jpg\"><img loading=\"lazy\" decoding=\"async\" class=\"alignnone size-large wp-image-12416\" src=\"https:\/\/agora.xtec.cat\/ceip-torrojaimiret\/wp-content\/uploads\/usu1688\/2020\/03\/IMG_4126-1024x768.jpg\" alt=\"\" width=\"1024\" height=\"768\" srcset=\"https:\/\/agora.xtec.cat\/ceip-torrojaimiret\/wp-content\/uploads\/usu1688\/2020\/03\/IMG_4126-1024x768.jpg 1024w, https:\/\/agora.xtec.cat\/ceip-torrojaimiret\/wp-content\/uploads\/usu1688\/2020\/03\/IMG_4126-300x225.jpg 300w, https:\/\/agora.xtec.cat\/ceip-torrojaimiret\/wp-content\/uploads\/usu1688\/2020\/03\/IMG_4126-768x576.jpg 768w, https:\/\/agora.xtec.cat\/ceip-torrojaimiret\/wp-content\/uploads\/usu1688\/2020\/03\/IMG_4126-200x150.jpg 200w, https:\/\/agora.xtec.cat\/ceip-torrojaimiret\/wp-content\/uploads\/usu1688\/2020\/03\/IMG_4126.jpg 1613w\" sizes=\"auto, (max-width: 1024px) 100vw, 1024px\" \/><\/a><\/p>\n","protected":false},"excerpt":{"rendered":"<p>\u00c9s important proposar situacions d\u2019aprenentatge no basades en la simple transmissi\u00f3 de coneixements. Per aix\u00f2, organitzem la nostra tasca d\u2019acompanyament en diferents moments, espais i situacions d\u2019aprenentatge en les que els infants participen, creen, investiguen, comparteixen i esdevenen els veritables protagonistes dels seus aprenentatges. Els infants tenen necessitat d\u2019entendre el m\u00f3n que els envolta, per [&hellip;]<\/p>\n","protected":false},"author":37,"featured_media":0,"parent":1266,"menu_order":8,"comment_status":"closed","ping_status":"closed","template":"page-templates\/side-menu.php","meta":{"_bbp_topic_count":0,"_bbp_reply_count":0,"_bbp_total_topic_count":0,"_bbp_total_reply_count":0,"_bbp_voice_count":0,"_bbp_anonymous_reply_count":0,"_bbp_topic_count_hidden":0,"_bbp_reply_count_hidden":0,"_bbp_forum_subforum_count":0,"site-sidebar-layout":"default","site-content-layout":"","ast-site-content-layout":"","site-content-style":"default","site-sidebar-style":"default","ast-global-header-display":"","ast-banner-title-visibility":"","ast-main-header-display":"","ast-hfb-above-header-display":"","ast-hfb-below-header-display":"","ast-hfb-mobile-header-display":"","site-post-title":"","ast-breadcrumbs-content":"","ast-featured-img":"","footer-sml-layout":"","theme-transparent-header-meta":"","adv-header-id-meta":"","stick-header-meta":"","header-above-stick-meta":"","header-main-stick-meta":"","header-below-stick-meta":"","astra-migrate-meta-layouts":"default","ast-page-background-enabled":"default","ast-page-background-meta":{"desktop":{"background-color":"var(--ast-global-color-4)","background-image":"","background-repeat":"repeat","background-position":"center center","background-size":"auto","background-attachment":"scroll","background-type":"","background-media":"","overlay-type":"","overlay-color":"","overlay-opacity":"","overlay-gradient":""},"tablet":{"background-color":"","background-image":"","background-repeat":"repeat","background-position":"center center","background-size":"auto","background-attachment":"scroll","background-type":"","background-media":"","overlay-type":"","overlay-color":"","overlay-opacity":"","overlay-gradient":""},"mobile":{"background-color":"","background-image":"","background-repeat":"repeat","background-position":"center center","background-size":"auto","background-attachment":"scroll","background-type":"","background-media":"","overlay-type":"","overlay-color":"","overlay-opacity":"","overlay-gradient":""}},"ast-content-background-meta":{"desktop":{"background-color":"var(--ast-global-color-5)","background-image":"","background-repeat":"repeat","background-position":"center center","background-size":"auto","background-attachment":"scroll","background-type":"","background-media":"","overlay-type":"","overlay-color":"","overlay-opacity":"","overlay-gradient":""},"tablet":{"background-color":"var(--ast-global-color-5)","background-image":"","background-repeat":"repeat","background-position":"center center","background-size":"auto","background-attachment":"scroll","background-type":"","background-media":"","overlay-type":"","overlay-color":"","overlay-opacity":"","overlay-gradient":""},"mobile":{"background-color":"var(--ast-global-color-5)","background-image":"","background-repeat":"repeat","background-position":"center center","background-size":"auto","background-attachment":"scroll","background-type":"","background-media":"","overlay-type":"","overlay-color":"","overlay-opacity":"","overlay-gradient":""}},"footnotes":""},"class_list":["post-12508","page","type-page","status-publish","hentry"],"post_mailing_queue_ids":[],"_links":{"self":[{"href":"https:\/\/agora.xtec.cat\/ceip-torrojaimiret\/wp-json\/wp\/v2\/pages\/12508","targetHints":{"allow":["GET"]}}],"collection":[{"href":"https:\/\/agora.xtec.cat\/ceip-torrojaimiret\/wp-json\/wp\/v2\/pages"}],"about":[{"href":"https:\/\/agora.xtec.cat\/ceip-torrojaimiret\/wp-json\/wp\/v2\/types\/page"}],"author":[{"embeddable":true,"href":"https:\/\/agora.xtec.cat\/ceip-torrojaimiret\/wp-json\/wp\/v2\/users\/37"}],"replies":[{"embeddable":true,"href":"https:\/\/agora.xtec.cat\/ceip-torrojaimiret\/wp-json\/wp\/v2\/comments?post=12508"}],"version-history":[{"count":2,"href":"https:\/\/agora.xtec.cat\/ceip-torrojaimiret\/wp-json\/wp\/v2\/pages\/12508\/revisions"}],"predecessor-version":[{"id":12602,"href":"https:\/\/agora.xtec.cat\/ceip-torrojaimiret\/wp-json\/wp\/v2\/pages\/12508\/revisions\/12602"}],"up":[{"embeddable":true,"href":"https:\/\/agora.xtec.cat\/ceip-torrojaimiret\/wp-json\/wp\/v2\/pages\/1266"}],"wp:attachment":[{"href":"https:\/\/agora.xtec.cat\/ceip-torrojaimiret\/wp-json\/wp\/v2\/media?parent=12508"}],"curies":[{"name":"wp","href":"https:\/\/api.w.org\/{rel}","templated":true}]}}

<p style="text-align: justify;">És important proposar situacions d’aprenentatge no basades en la simple transmissió de coneixements. Per això, organitzem la nostra tasca d’acompanyament en diferents moments, espais i situacions d’aprenentatge en les que els infants participen, creen, investiguen, comparteixen i esdevenen els veritables protagonistes dels seus aprenentatges.</p>
<p style="text-align: justify;">Els infants tenen necessitat d’entendre el món que els envolta, per això a la nostra escola vetllem per tal que:</p>
<p style="text-align: justify;">&#8211; Els infants es sentin segurs, apreciats i respectats</p>
<p style="text-align: justify;">&#8211; Puguin posar en pràctica totes aquelles capacitats que ja tenen , per experimentar, descobrir i entendre el mon que els envolta.</p>
<p style="text-align: justify;">&#8211; Trobin moments per compartir amb els iguals, en diferents situacions i espais.</p>
<p style="text-align: justify;">&#8211; Situacions de treball amb els seus grups de referència, que afavoreix el desenvolupament de la seva personalitat i alhora el sentit de pertinença al grup, mentre es van assolint les capacitats bàsiques, proposades al currículum del Departament d’Educació.</p>
<p style="text-align: justify;">&#8211; Espair segurs, organitzats i pensats per tal que els infants puguin desenvolupar i transformar les seves experiències en aprenentatges útils i significatius.</p>
<p style="text-align: justify;">Alguns dels espais que tenim a l&#8217;escola són joc simbòlic, art, llum, dramatització, construccions, lectura, lleure&#8230;</p>
<p>&nbsp;</p>
<p><a href="https://agora.xtec.cat/ceip-torrojaimiret/wp-content/uploads/usu1688/2020/03/IMG_20191113_151757.jpg"><img loading="lazy" decoding="async" class="alignnone size-large wp-image-12411" src="https://agora.xtec.cat/ceip-torrojaimiret/wp-content/uploads/usu1688/2020/03/IMG_20191113_151757-768x1024.jpg" alt="" width="768" height="1024" srcset="https://agora.xtec.cat/ceip-torrojaimiret/wp-content/uploads/usu1688/2020/03/IMG_20191113_151757-768x1024.jpg 768w, https://agora.xtec.cat/ceip-torrojaimiret/wp-content/uploads/usu1688/2020/03/IMG_20191113_151757-225x300.jpg 225w, https://agora.xtec.cat/ceip-torrojaimiret/wp-content/uploads/usu1688/2020/03/IMG_20191113_151757.jpg 1200w" sizes="auto, (max-width: 768px) 100vw, 768px" /></a></p>
<p><a href="https://agora.xtec.cat/ceip-torrojaimiret/wp-content/uploads/usu1688/2020/03/20191106_154406.jpg"><img loading="lazy" decoding="async" class="alignnone size-large wp-image-12412" src="https://agora.xtec.cat/ceip-torrojaimiret/wp-content/uploads/usu1688/2020/03/20191106_154406-1024x768.jpg" alt="" width="1024" height="768" srcset="https://agora.xtec.cat/ceip-torrojaimiret/wp-content/uploads/usu1688/2020/03/20191106_154406-1024x768.jpg 1024w, https://agora.xtec.cat/ceip-torrojaimiret/wp-content/uploads/usu1688/2020/03/20191106_154406-300x225.jpg 300w, https://agora.xtec.cat/ceip-torrojaimiret/wp-content/uploads/usu1688/2020/03/20191106_154406-768x576.jpg 768w, https://agora.xtec.cat/ceip-torrojaimiret/wp-content/uploads/usu1688/2020/03/20191106_154406-200x150.jpg 200w, https://agora.xtec.cat/ceip-torrojaimiret/wp-content/uploads/usu1688/2020/03/20191106_154406.jpg 1613w" sizes="auto, (max-width: 1024px) 100vw, 1024px" /></a></p>
<p><a href="https://agora.xtec.cat/ceip-torrojaimiret/wp-content/uploads/usu1688/2020/03/20191126_152615.jpg"><img loading="lazy" decoding="async" class="alignnone size-large wp-image-12413" src="https://agora.xtec.cat/ceip-torrojaimiret/wp-content/uploads/usu1688/2020/03/20191126_152615-1024x768.jpg" alt="" width="1024" height="768" srcset="https://agora.xtec.cat/ceip-torrojaimiret/wp-content/uploads/usu1688/2020/03/20191126_152615-1024x768.jpg 1024w, https://agora.xtec.cat/ceip-torrojaimiret/wp-content/uploads/usu1688/2020/03/20191126_152615-300x225.jpg 300w, https://agora.xtec.cat/ceip-torrojaimiret/wp-content/uploads/usu1688/2020/03/20191126_152615-768x576.jpg 768w, https://agora.xtec.cat/ceip-torrojaimiret/wp-content/uploads/usu1688/2020/03/20191126_152615-200x150.jpg 200w, https://agora.xtec.cat/ceip-torrojaimiret/wp-content/uploads/usu1688/2020/03/20191126_152615.jpg 1613w" sizes="auto, (max-width: 1024px) 100vw, 1024px" /></a></p>
<p><a href="https://agora.xtec.cat/ceip-torrojaimiret/wp-content/uploads/usu1688/2020/03/IMG-20191126-WA0048.jpg"><img loading="lazy" decoding="async" class="alignnone size-large wp-image-12414" src="https://agora.xtec.cat/ceip-torrojaimiret/wp-content/uploads/usu1688/2020/03/IMG-20191126-WA0048-1024x768.jpg" alt="" width="1024" height="768" srcset="https://agora.xtec.cat/ceip-torrojaimiret/wp-content/uploads/usu1688/2020/03/IMG-20191126-WA0048-1024x768.jpg 1024w, https://agora.xtec.cat/ceip-torrojaimiret/wp-content/uploads/usu1688/2020/03/IMG-20191126-WA0048-300x225.jpg 300w, https://agora.xtec.cat/ceip-torrojaimiret/wp-content/uploads/usu1688/2020/03/IMG-20191126-WA0048-768x576.jpg 768w, https://agora.xtec.cat/ceip-torrojaimiret/wp-content/uploads/usu1688/2020/03/IMG-20191126-WA0048-200x150.jpg 200w, https://agora.xtec.cat/ceip-torrojaimiret/wp-content/uploads/usu1688/2020/03/IMG-20191126-WA0048.jpg 1824w" sizes="auto, (max-width: 1024px) 100vw, 1024px" /></a></p>
<p><a href="https://agora.xtec.cat/ceip-torrojaimiret/wp-content/uploads/usu1688/2020/03/20191121_154512-1.jpg"><img loading="lazy" decoding="async" class="alignnone size-large wp-image-12415" src="https://agora.xtec.cat/ceip-torrojaimiret/wp-content/uploads/usu1688/2020/03/20191121_154512-1-768x1024.jpg" alt="" width="768" height="1024" srcset="https://agora.xtec.cat/ceip-torrojaimiret/wp-content/uploads/usu1688/2020/03/20191121_154512-1-768x1024.jpg 768w, https://agora.xtec.cat/ceip-torrojaimiret/wp-content/uploads/usu1688/2020/03/20191121_154512-1-225x300.jpg 225w" sizes="auto, (max-width: 768px) 100vw, 768px" /></a></p>
<p><a href="https://agora.xtec.cat/ceip-torrojaimiret/wp-content/uploads/usu1688/2020/03/IMG_4126.jpg"><img loading="lazy" decoding="async" class="alignnone size-large wp-image-12416" src="https://agora.xtec.cat/ceip-torrojaimiret/wp-content/uploads/usu1688/2020/03/IMG_4126-1024x768.jpg" alt="" width="1024" height="768" srcset="https://agora.xtec.cat/ceip-torrojaimiret/wp-content/uploads/usu1688/2020/03/IMG_4126-1024x768.jpg 1024w, https://agora.xtec.cat/ceip-torrojaimiret/wp-content/uploads/usu1688/2020/03/IMG_4126-300x225.jpg 300w, https://agora.xtec.cat/ceip-torrojaimiret/wp-content/uploads/usu1688/2020/03/IMG_4126-768x576.jpg 768w, https://agora.xtec.cat/ceip-torrojaimiret/wp-content/uploads/usu1688/2020/03/IMG_4126-200x150.jpg 200w, https://agora.xtec.cat/ceip-torrojaimiret/wp-content/uploads/usu1688/2020/03/IMG_4126.jpg 1613w" sizes="auto, (max-width: 1024px) 100vw, 1024px" /></a></p>

<p>És important proposar situacions d’aprenentatge no basades en la simple transmissió de coneixements. Per això, organitzem la nostra tasca d’acompanyament en diferents moments, espais i situacions d’aprenentatge en les que els infants participen, creen, investiguen, comparteixen i esdevenen els veritables protagonistes dels seus aprenentatges. Els infants tenen necessitat d’entendre el món que els envolta, per [&hellip;]</p>
