{"id":20,"date":"2014-12-12T14:48:56","date_gmt":"2014-12-12T14:48:56","guid":{"rendered":"http:\/\/torredelamiranda.wordpress.com\/?page_id=20"},"modified":"2026-02-02T13:36:03","modified_gmt":"2026-02-02T12:36:03","slug":"linia-metodologica","status":"publish","type":"page","link":"https:\/\/agora.xtec.cat\/ceip-torremiranda-cornella\/linia-metodologica\/","title":{"rendered":"L\u00ednia metodol\u00f2gica"},"content":{"rendered":"<p><span style=\"color: #333399;\"><strong>La nostra l\u00ednia metodol\u00f2gica es caracteritza per:<\/strong><\/span><\/p>\n<ul>\n<li>Un projecte educatiu fet a mida per als nostres alumnes.<\/li>\n<li>L&#8217;aprenentatge est\u00e0 centrat en l&#8217;alumnat.<\/li>\n<li>Apostem per la innovaci\u00f3 pedag\u00f2gica.<\/li>\n<li>Respectem els ritmes individuals i utilitzem programacions multinivell per donar resposta a aquest fet.<\/li>\n<li>Treballem en grups redu\u00efts en els \u00e0mbits matem\u00e0tic i ling\u00fc\u00edstic.<\/li>\n<\/ul>\n<p><span style=\"color: #333399;\"><strong>COM TREBALLEM A EDUCACI\u00d3 INFANTIL?<\/strong><\/span><\/p>\n<ul>\n<li>Afavorim experi\u00e8ncies manipulatives i vivencials des d&#8217;un enfocament globalitzador.<\/li>\n<li>Potenciem el treball de l\u2019expressi\u00f3 oral.<\/li>\n<li>Treballem per ambients.<\/li>\n<li>Fem racons de llengua.<\/li>\n<li>Fem racons de matem\u00e0tiques.<\/li>\n<li>Rob\u00f2tica amb Beebots. des d&#8217;I4.<\/li>\n<li>IPads des d&#8217;I5.<\/li>\n<\/ul>\n<p><span style=\"color: #333399;\"><strong>COM TREBALLEM A EDUCACI\u00d3 PRIM\u00c0RIA?<\/strong><\/span><\/p>\n<p><strong>\u00c0MBIT MATEM\u00c0TIC<\/strong><\/p>\n<ul>\n<li>Treball matem\u00e0tic vivencial i manipulatiu.<\/li>\n<li>Racons de matem\u00e0tiques.<\/li>\n<\/ul>\n<p><strong>\u00c0MBIT LING\u00dc\u00cdSTIC<\/strong><\/p>\n<ul>\n<li>Treball intensiu de la lectoescriptura des de ben petits a partir de les seves viv\u00e8ncies, per posteriorment establir els tres moments fonamentals de l\u2019escriptura (modelatge, producci\u00f3 i correcci\u00f3) fins a final de Prim\u00e0ria.<\/li>\n<li>Treball de l\u2019expressi\u00f3 oral amb iPads a CM i CS.<\/li>\n<li>Racons de llengua.<\/li>\n<li>Apadrinament lector.<\/li>\n<li>Biblioteca oberta a l\u2019hora del pati dos dies a la setmana.<\/li>\n<li>Participaci\u00f3 en el Programa Sharing to learn.<\/li>\n<\/ul>\n<p><strong>\u00c0MBIT DEL MEDI NATURAL, SOCIAL I CULTURAL<\/strong><\/p>\n<ul>\n<li>Aprenentatge cooperatiu.<\/li>\n<li>Hort escolar (Escola Sostenible).<\/li>\n<li>Rob\u00f2tica.<\/li>\n<\/ul>\n<p><strong>\u00c0MBIT ART\u00cdSTIC<\/strong><\/p>\n<ul>\n<li>A trav\u00e9s de la m\u00fasica aconseguim cohesionar els grups participant en els seg\u00fcents projectes:<\/li>\n<li>2n Clika.<\/li>\n<li>3r Edudansa.<\/li>\n<li>5\u00e8 Cant\u00e0nia.<\/li>\n<li>6\u00e8 Batucada.<\/li>\n<\/ul>\n<p><span style=\"color: #333399;\"><strong>ALTRES ACTIVITATS QUE REALITZEM A L\u2019ESCOLA<\/strong><\/span><\/p>\n<ul>\n<li>Jocs de taula amb la col\u00b7laboraci\u00f3 de les fam\u00edlies a 1r, 2n, 3r i 4t.<\/li>\n<li>Rob\u00f2tica des de 3r.<\/li>\n<li>Setmana cultural amb un eix tem\u00e0tic que es treballa al llarg del curs.<\/li>\n<li>Festa de comiat a l&#8217;alumnat de 6\u00e8.<\/li>\n<li>Celebraci\u00f3 amb activitats de les festes tradicionals de la nostra cultura:\n<ul>\n<li>Castanyada.<\/li>\n<li>Concert d&#8217;hivern.<\/li>\n<li>Setmana cultural.<\/li>\n<li>Diada de Sant Jordi on apropem la cultura catalana a l\u2019alumnat amb la celebraci\u00f3 del certamen literari dels Jocs Florals.<\/li>\n<\/ul>\n<\/li>\n<\/ul>\n<p><span style=\"color: #333399;\"><strong>COM ENS RELACIONEM\u00a0 AMB L\u2019ENTORN?<\/strong><\/span><\/p>\n<p>Som una escola arrelada al barri de Sant Ildefons i a la ciutat de Cornell\u00e0. Volem que els nostres alumnes se sentin part de l\u2019entorn i s\u2019estimin la ciutat de Cornell\u00e0.<\/p>\n<p>A banda del que l\u2019Ajuntament de Cornell\u00e0 proposa a trav\u00e9s del Pla Educatiu de l\u2019Entorn, interaccionem amb la ciutat duent a terme les seg\u00fcents activitats:<\/p>\n<ul>\n<li>Participaci\u00f3 en el concurs de &#8220;Punts de llibre&#8221;.<\/li>\n<li>Visita a R\u00e0dio Cornell\u00e0.<\/li>\n<li>Col\u00b7laboraci\u00f3 amb el Servei comunitari de l\u2019Institut M\u00aa Aur\u00e8lia Capmany i el Neus Catal\u00e0, i en activitats proposades per aquests.<\/li>\n<\/ul>\n","protected":false},"excerpt":{"rendered":"<p>La nostra l\u00ednia metodol\u00f2gica es caracteritza per: Un projecte educatiu fet a mida per als nostres alumnes. L&#8217;aprenentatge est\u00e0 centrat en l&#8217;alumnat. Apostem per la innovaci\u00f3 pedag\u00f2gica. Respectem els ritmes individuals i utilitzem programacions multinivell per donar resposta a aquest fet. Treballem en grups redu\u00efts en els \u00e0mbits matem\u00e0tic i ling\u00fc\u00edstic. COM TREBALLEM A EDUCACI\u00d3 [&hellip;]<\/p>\n","protected":false},"author":1,"featured_media":0,"parent":0,"menu_order":0,"comment_status":"closed","ping_status":"closed","template":"","meta":{"_bbp_topic_count":0,"_bbp_reply_count":0,"_bbp_total_topic_count":0,"_bbp_total_reply_count":0,"_bbp_voice_count":0,"_bbp_anonymous_reply_count":0,"_bbp_topic_count_hidden":0,"_bbp_reply_count_hidden":0,"_bbp_forum_subforum_count":0,"site-sidebar-layout":"default","site-content-layout":"","ast-site-content-layout":"default","site-content-style":"default","site-sidebar-style":"default","ast-global-header-display":"","ast-banner-title-visibility":"","ast-main-header-display":"","ast-hfb-above-header-display":"","ast-hfb-below-header-display":"","ast-hfb-mobile-header-display":"","site-post-title":"","ast-breadcrumbs-content":"","ast-featured-img":"","footer-sml-layout":"","theme-transparent-header-meta":"","adv-header-id-meta":"","stick-header-meta":"","header-above-stick-meta":"","header-main-stick-meta":"","header-below-stick-meta":"","astra-migrate-meta-layouts":"set","ast-page-background-enabled":"default","ast-page-background-meta":{"desktop":{"background-color":"var(--ast-global-color-4)","background-image":"","background-repeat":"repeat","background-position":"center center","background-size":"auto","background-attachment":"scroll","background-type":"","background-media":"","overlay-type":"","overlay-color":"","overlay-opacity":"","overlay-gradient":""},"tablet":{"background-color":"","background-image":"","background-repeat":"repeat","background-position":"center center","background-size":"auto","background-attachment":"scroll","background-type":"","background-media":"","overlay-type":"","overlay-color":"","overlay-opacity":"","overlay-gradient":""},"mobile":{"background-color":"","background-image":"","background-repeat":"repeat","background-position":"center center","background-size":"auto","background-attachment":"scroll","background-type":"","background-media":"","overlay-type":"","overlay-color":"","overlay-opacity":"","overlay-gradient":""}},"ast-content-background-meta":{"desktop":{"background-color":"var(--ast-global-color-5)","background-image":"","background-repeat":"repeat","background-position":"center center","background-size":"auto","background-attachment":"scroll","background-type":"","background-media":"","overlay-type":"","overlay-color":"","overlay-opacity":"","overlay-gradient":""},"tablet":{"background-color":"var(--ast-global-color-5)","background-image":"","background-repeat":"repeat","background-position":"center center","background-size":"auto","background-attachment":"scroll","background-type":"","background-media":"","overlay-type":"","overlay-color":"","overlay-opacity":"","overlay-gradient":""},"mobile":{"background-color":"var(--ast-global-color-5)","background-image":"","background-repeat":"repeat","background-position":"center center","background-size":"auto","background-attachment":"scroll","background-type":"","background-media":"","overlay-type":"","overlay-color":"","overlay-opacity":"","overlay-gradient":""}},"footnotes":""},"class_list":["post-20","page","type-page","status-publish","hentry"],"post_mailing_queue_ids":[],"_links":{"self":[{"href":"https:\/\/agora.xtec.cat\/ceip-torremiranda-cornella\/wp-json\/wp\/v2\/pages\/20","targetHints":{"allow":["GET"]}}],"collection":[{"href":"https:\/\/agora.xtec.cat\/ceip-torremiranda-cornella\/wp-json\/wp\/v2\/pages"}],"about":[{"href":"https:\/\/agora.xtec.cat\/ceip-torremiranda-cornella\/wp-json\/wp\/v2\/types\/page"}],"author":[{"embeddable":true,"href":"https:\/\/agora.xtec.cat\/ceip-torremiranda-cornella\/wp-json\/wp\/v2\/users\/1"}],"replies":[{"embeddable":true,"href":"https:\/\/agora.xtec.cat\/ceip-torremiranda-cornella\/wp-json\/wp\/v2\/comments?post=20"}],"version-history":[{"count":5,"href":"https:\/\/agora.xtec.cat\/ceip-torremiranda-cornella\/wp-json\/wp\/v2\/pages\/20\/revisions"}],"predecessor-version":[{"id":22553,"href":"https:\/\/agora.xtec.cat\/ceip-torremiranda-cornella\/wp-json\/wp\/v2\/pages\/20\/revisions\/22553"}],"wp:attachment":[{"href":"https:\/\/agora.xtec.cat\/ceip-torremiranda-cornella\/wp-json\/wp\/v2\/media?parent=20"}],"curies":[{"name":"wp","href":"https:\/\/api.w.org\/{rel}","templated":true}]}}