{"id":12667,"date":"2019-01-15T16:29:06","date_gmt":"2019-01-15T15:29:06","guid":{"rendered":"http:\/\/www.torredelamiranda.cat\/?page_id=12667"},"modified":"2026-02-02T14:02:24","modified_gmt":"2026-02-02T13:02:24","slug":"ampa","status":"publish","type":"page","link":"https:\/\/agora.xtec.cat\/ceip-torremiranda-cornella\/ampa\/","title":{"rendered":"A.F.A."},"content":{"rendered":"<p><span style=\"color: #ffffff;\">\u00a0 \u00a0 \u00a0 \u00a0 \u00a0 \u00a0 \u00a0 \u00a0 \u00a0 \u00a0 \u00a0 \u00a0 \u00a0<\/span><span style=\"text-decoration: underline;\"><strong>INICI PREINSCRIPCIONS A LES EXTRAESCOLARS DEL PROPER CURS 2025-2026<\/strong><\/span><\/p>\n<p>Benvinguts al nous curs escolar 2025-2026.<\/p>\n<p>Ja tenim obertes les inscripcions per a les nostres activitats. Feu una ullada al planning. Us esperem!<\/p>\n<p>PLANNING EXTRAESCOLARS 25-26<\/p>\n<p><a href=\"https:\/\/agora.xtec.cat\/ceip-torremiranda-cornella\/activitats-extraescolars\/attachment\/oplus_16908288\/\" rel=\"attachment wp-att-22322\"><img loading=\"lazy\" decoding=\"async\" class=\"size-large wp-image-22322\" src=\"https:\/\/agora.xtec.cat\/ceip-torremiranda-cornella\/wp-content\/uploads\/usu62\/2025\/09\/IMG_20250914_174233-1024x801.jpg\" alt=\"\" width=\"1024\" height=\"801\" srcset=\"https:\/\/agora.xtec.cat\/ceip-torremiranda-cornella\/wp-content\/uploads\/usu62\/2025\/09\/IMG_20250914_174233-1024x801.jpg 1024w, https:\/\/agora.xtec.cat\/ceip-torremiranda-cornella\/wp-content\/uploads\/usu62\/2025\/09\/IMG_20250914_174233-300x235.jpg 300w, https:\/\/agora.xtec.cat\/ceip-torremiranda-cornella\/wp-content\/uploads\/usu62\/2025\/09\/IMG_20250914_174233-768x601.jpg 768w, https:\/\/agora.xtec.cat\/ceip-torremiranda-cornella\/wp-content\/uploads\/usu62\/2025\/09\/IMG_20250914_174233.jpg 1080w\" sizes=\"auto, (max-width: 1024px) 100vw, 1024px\" \/><\/a><\/p>\n<p><strong>IMPORTANT<\/strong>: <span style=\"color: #800080;\"><strong>Per a poder fer la inscripci\u00f3 a les extraescolars que proposem<\/strong>, <\/span>aix\u00ed com gaudir de les diferents activitats que realitzem, <span style=\"color: #800080;\"><strong>\u00e9s imprescindible fer-vos socis.<\/strong><\/span><\/p>\n<p>Aquest any mantenim la promoci\u00f3 de <strong>PREU \u00daNIC PER FAM\u00cdLIA DE 15\u20ac.<\/strong><\/p>\n<p>Aquest any novament comptarem per a l&#8217;organitzaci\u00f3 i gesti\u00f3 de les activitats amb <strong>TROMPITXOL<\/strong>, empresa que ja ens gestiona tots els altres serveis a la nostra escola.<\/p>\n<p>Ampliem el nostre horari d&#8217;atenci\u00f3 per a les inscripcions de les activitats extraescolars:<\/p>\n<ul>\n<li>Matins: de 9 a 9&#8217;30h<\/li>\n<li>Tardes: de 16:45 a 17:30h<\/li>\n<\/ul>\n<p>Recordeu que tamb\u00e9 continuarem oferint els\u00a0 serveis d&#8217;acollida:<\/p>\n<ul>\n<li><strong><span style=\"color: #0000ff;\">Acollida mat\u00ed: 7:15h a 9:00h<\/span><\/strong><\/li>\n<li><strong><span style=\"color: #008000;\">Acollida tarda + estudi: 17h a 18:15h.<\/span><\/strong><\/li>\n<\/ul>\n<h6>Per a m\u00e9s informaci\u00f3 contactar al <strong>680 12 56 74 (Thais)<\/strong><\/h6>\n<p><strong>Vine a con\u00e8ixens i a formar part de l&#8217;AFA !!!<\/strong><\/p>\n<p>No obstant per a qualsevol dubte podeu posar-vos en contacte en aquesta adre\u00e7a de mail: <strong style=\"font-size: revert; text-align: center; background-color: rgba(0, 0, 0, 0);\">ampatorremiranda@hotmail.com<\/strong><\/p>\n<p style=\"text-align: center;\"><a href=\"https:\/\/agora.xtec.cat\/ceip-torremiranda-cornella\/wp-content\/uploads\/usu62\/2020\/03\/fff.jpg\"><img loading=\"lazy\" decoding=\"async\" class=\"aligncenter wp-image-15619\" src=\"https:\/\/agora.xtec.cat\/ceip-torremiranda-cornella\/wp-content\/uploads\/usu62\/2020\/03\/fff-150x150.jpg\" alt=\"\" width=\"109\" height=\"109\" \/><\/a><\/p>\n","protected":false},"excerpt":{"rendered":"<p>\u00a0 \u00a0 \u00a0 \u00a0 \u00a0 \u00a0 \u00a0 \u00a0 \u00a0 \u00a0 \u00a0 \u00a0 \u00a0INICI PREINSCRIPCIONS A LES EXTRAESCOLARS DEL PROPER CURS 2025-2026 Benvinguts al nous curs escolar 2025-2026. Ja tenim obertes les inscripcions per a les nostres activitats. Feu una ullada al planning. Us esperem! PLANNING EXTRAESCOLARS 25-26 IMPORTANT: Per a poder fer la inscripci\u00f3 a [&hellip;]<\/p>\n","protected":false},"author":1,"featured_media":0,"parent":0,"menu_order":0,"comment_status":"closed","ping_status":"closed","template":"","meta":{"_bbp_topic_count":0,"_bbp_reply_count":0,"_bbp_total_topic_count":0,"_bbp_total_reply_count":0,"_bbp_voice_count":0,"_bbp_anonymous_reply_count":0,"_bbp_topic_count_hidden":0,"_bbp_reply_count_hidden":0,"_bbp_forum_subforum_count":0,"site-sidebar-layout":"default","site-content-layout":"","ast-site-content-layout":"default","site-content-style":"default","site-sidebar-style":"default","ast-global-header-display":"","ast-banner-title-visibility":"","ast-main-header-display":"","ast-hfb-above-header-display":"","ast-hfb-below-header-display":"","ast-hfb-mobile-header-display":"","site-post-title":"","ast-breadcrumbs-content":"","ast-featured-img":"","footer-sml-layout":"","theme-transparent-header-meta":"","adv-header-id-meta":"","stick-header-meta":"","header-above-stick-meta":"","header-main-stick-meta":"","header-below-stick-meta":"","astra-migrate-meta-layouts":"set","ast-page-background-enabled":"default","ast-page-background-meta":{"desktop":{"background-color":"var(--ast-global-color-4)","background-image":"","background-repeat":"repeat","background-position":"center center","background-size":"auto","background-attachment":"scroll","background-type":"","background-media":"","overlay-type":"","overlay-color":"","overlay-opacity":"","overlay-gradient":""},"tablet":{"background-color":"","background-image":"","background-repeat":"repeat","background-position":"center center","background-size":"auto","background-attachment":"scroll","background-type":"","background-media":"","overlay-type":"","overlay-color":"","overlay-opacity":"","overlay-gradient":""},"mobile":{"background-color":"","background-image":"","background-repeat":"repeat","background-position":"center center","background-size":"auto","background-attachment":"scroll","background-type":"","background-media":"","overlay-type":"","overlay-color":"","overlay-opacity":"","overlay-gradient":""}},"ast-content-background-meta":{"desktop":{"background-color":"var(--ast-global-color-5)","background-image":"","background-repeat":"repeat","background-position":"center center","background-size":"auto","background-attachment":"scroll","background-type":"","background-media":"","overlay-type":"","overlay-color":"","overlay-opacity":"","overlay-gradient":""},"tablet":{"background-color":"var(--ast-global-color-5)","background-image":"","background-repeat":"repeat","background-position":"center center","background-size":"auto","background-attachment":"scroll","background-type":"","background-media":"","overlay-type":"","overlay-color":"","overlay-opacity":"","overlay-gradient":""},"mobile":{"background-color":"var(--ast-global-color-5)","background-image":"","background-repeat":"repeat","background-position":"center center","background-size":"auto","background-attachment":"scroll","background-type":"","background-media":"","overlay-type":"","overlay-color":"","overlay-opacity":"","overlay-gradient":""}},"footnotes":""},"class_list":["post-12667","page","type-page","status-publish","hentry"],"post_mailing_queue_ids":[],"_links":{"self":[{"href":"https:\/\/agora.xtec.cat\/ceip-torremiranda-cornella\/wp-json\/wp\/v2\/pages\/12667","targetHints":{"allow":["GET"]}}],"collection":[{"href":"https:\/\/agora.xtec.cat\/ceip-torremiranda-cornella\/wp-json\/wp\/v2\/pages"}],"about":[{"href":"https:\/\/agora.xtec.cat\/ceip-torremiranda-cornella\/wp-json\/wp\/v2\/types\/page"}],"author":[{"embeddable":true,"href":"https:\/\/agora.xtec.cat\/ceip-torremiranda-cornella\/wp-json\/wp\/v2\/users\/1"}],"replies":[{"embeddable":true,"href":"https:\/\/agora.xtec.cat\/ceip-torremiranda-cornella\/wp-json\/wp\/v2\/comments?post=12667"}],"version-history":[{"count":6,"href":"https:\/\/agora.xtec.cat\/ceip-torremiranda-cornella\/wp-json\/wp\/v2\/pages\/12667\/revisions"}],"predecessor-version":[{"id":22562,"href":"https:\/\/agora.xtec.cat\/ceip-torremiranda-cornella\/wp-json\/wp\/v2\/pages\/12667\/revisions\/22562"}],"wp:attachment":[{"href":"https:\/\/agora.xtec.cat\/ceip-torremiranda-cornella\/wp-json\/wp\/v2\/media?parent=12667"}],"curies":[{"name":"wp","href":"https:\/\/api.w.org\/{rel}","templated":true}]}}