{"id":585,"date":"2016-09-12T23:50:16","date_gmt":"2016-09-12T21:50:16","guid":{"rendered":"http:\/\/agora.xtec.cat\/ceip-torre-llauder-mataro\/?page_id=585"},"modified":"2025-10-20T11:12:18","modified_gmt":"2025-10-20T09:12:18","slug":"qui-som","status":"publish","type":"page","link":"https:\/\/agora.xtec.cat\/ceip-torre-llauder-mataro\/lescola\/qui-som\/","title":{"rendered":"Qui som?"},"content":{"rendered":"<p><strong>ESTRUCTURA ORGANITZATIVA<\/strong><\/p>\n<p><img loading=\"lazy\" decoding=\"async\" class=\"alignnone wp-image-6744 size-full\" src=\"https:\/\/agora.xtec.cat\/ceip-torre-llauder-mataro\/wp-content\/uploads\/usu1425\/2024\/09\/Purple-Fitness-SWOT-Analysis-Chart-1.png\" alt=\"\" width=\"1024\" height=\"768\" srcset=\"https:\/\/agora.xtec.cat\/ceip-torre-llauder-mataro\/wp-content\/uploads\/usu1425\/2024\/09\/Purple-Fitness-SWOT-Analysis-Chart-1.png 1024w, https:\/\/agora.xtec.cat\/ceip-torre-llauder-mataro\/wp-content\/uploads\/usu1425\/2024\/09\/Purple-Fitness-SWOT-Analysis-Chart-1-300x225.png 300w, https:\/\/agora.xtec.cat\/ceip-torre-llauder-mataro\/wp-content\/uploads\/usu1425\/2024\/09\/Purple-Fitness-SWOT-Analysis-Chart-1-768x576.png 768w, https:\/\/agora.xtec.cat\/ceip-torre-llauder-mataro\/wp-content\/uploads\/usu1425\/2024\/09\/Purple-Fitness-SWOT-Analysis-Chart-1-200x150.png 200w\" sizes=\"auto, (max-width: 1024px) 100vw, 1024px\" \/><\/p>\n<p><strong>EQUIP DIRECTIU<\/strong><\/p>\n<p>Directora: <strong>SUSANA TERUEL CATAL\u00c1N<\/strong><\/p>\n<ul style=\"list-style-type: circle;\">\n<li>Mestra titulada en Educaci\u00f3 Prim\u00e0ria i especialitzada en Educaci\u00f3 Especial i orientaci\u00f3 educativa.<\/li>\n<li>Acreditaci\u00f3 dels perfils professionals de Diversitat, Biblioteca i M\u00e8todes.<\/li>\n<li>Acreditaci\u00f3 en compet\u00e8ncia digital A2.<\/li>\n<li>Ha treballat a l&#8217;Escola Angeleta Ferrer (curs 1999-2000), a l&#8217;Escola Anxaneta (curs 2000-2001) i a l&#8217;Escola Torre Llauder (curs 2001-actualitat).<\/li>\n<li>Forma part de l&#8217;Equip Directiu de l&#8217;escola Torre Llauder, com a Cap d&#8217;Estudis, des del curs 2001-2002.<\/li>\n<\/ul>\n<p>Cap d&#8217;Estudis: <strong>DAVINIA MORENO CATAS\u00daS<\/strong><\/p>\n<ul style=\"list-style-type: circle;\">\n<li>Mestra titulada en Educaci\u00f3 Prim\u00e0ria.<\/li>\n<li>Acreditaci\u00f3 dels perfils profesionals de Diversitat, Biblioteca i M\u00e8todes.<\/li>\n<li>Acreditaci\u00f3 en compet\u00e8ncia digital A2.<\/li>\n<li>Ha treballat a l&#8217;Escola Sant Mart\u00ed (curs 2007 &#8211; 2008), a l&#8217;Escola Tomas Vi\u00f1as (curs 2008- 2009), a l&#8217;Escola Vista Alegre (curs 2009 &#8211; 2010),\u00a0 a l&#8217;escola Montserrat Sol\u00e0 (curs 2010 &#8211; 2013), a l&#8217;escola Sant Miquel del Cros (curs 2013 &#8211; 2014) i a l&#8217;Escola Torre Llauder (curs 2014 fins l&#8217;actualitat).<\/li>\n<\/ul>\n<p>Secret\u00e0ria: <strong>ROSA MARIA PULIDO GONZ\u00c1LEZ<\/strong><\/p>\n<ul>\n<li>Mestra titulada en Educaci\u00f3 Prim\u00e0ria i especialitzada en Lleng\u00fces Estrangeres.<\/li>\n<li>Mestra titulada en Educaci\u00f3 Infantil.<\/li>\n<li>Acreditaci\u00f3 dels perfils professionals de Diversitat.<\/li>\n<li>Acreditaci\u00f3 en compet\u00e8ncia digital A2.<\/li>\n<li>Ha treballat a l&#8217;Escola El Tur\u00f3 i a l&#8217;escola Torre Llauder (curs 2005-2006 fins l&#8217;actualitat)<\/li>\n<\/ul>\n<p><strong>EQUIP DE MESTRES<\/strong><\/p>\n<p><strong><em>Educaci\u00f3 Infantil:<\/em><\/strong><\/p>\n<p><strong>Coordinadora:<\/strong> Isa Serrano<\/p>\n<p><strong>Tutora I3:<\/strong> Isa Serrano<\/p>\n<p><strong>Tutora I4:<\/strong> Pili Cervantes<\/p>\n<p><strong>Tutora I5:<\/strong>\u00a0<span style=\"font-family: inherit; font-size: 1em;\">M\u00edriam Naval\u00a0 \u00a0 \u00a0 \u00a0 \u00a0 \u00a0<\/span><\/p>\n<p><strong>TEEI:<\/strong> Roc\u00edo Mart\u00ednez<\/p>\n<p><strong>Vetlladora:<\/strong> Mari Heras<\/p>\n<p><strong>Psicomotricitat:<\/strong> N\u00faria Vidal<\/p>\n<p><strong>Educaci\u00f3 Especial:<\/strong> Asun Mart\u00edn<\/p>\n<p>&nbsp;<\/p>\n<p><em><strong>Educaci\u00f3 Prim\u00e0ria:<\/strong><\/em><\/p>\n<p><strong>Coordinadora:<\/strong> <span style=\"font-family: inherit; font-size: 1em;\">Nerea Bitri\u00e1n<\/span><\/p>\n<p><strong>Vetlladora:<\/strong> Mari Heras<\/p>\n<p><strong>Tutora 1r:<\/strong>\u00a0<span style=\"font-family: inherit; font-size: 1em;\">Mireia Man\u00e9n<\/span><span style=\"font-family: inherit; font-size: 1em;\">\u00a0 \u00a0 \u00a0 \u00a0 \u00a0 \u00a0 \u00a0 \u00a0 \u00a0<\/span><\/p>\n<p><strong>Tutora 2n:<\/strong> Mari S\u00e1nchez <span style=\"font-family: inherit; font-size: 1em;\">\u00a0 \u00a0 \u00a0 \u00a0 \u00a0 \u00a0 \u00a0<\/span><\/p>\n<p><strong>Tutora 3r:<\/strong> Marta Oliva<span style=\"font-family: inherit; font-size: 1em;\">\u00a0 \u00a0 \u00a0 \u00a0 \u00a0 \u00a0 \u00a0 \u00a0 \u00a0 <strong>\u00a0<\/strong><\/span><\/p>\n<p><strong>Tutor 4t:\u00a0<\/strong> Ema Echerri\u00a0 \u00a0 \u00a0 \u00a0 \u00a0 \u00a0 \u00a0 \u00a0 \u00a0 \u00a0 \u00a0 <strong>\u00a0\u00a0<\/strong><\/p>\n<p><strong>Tutora 5\u00e8:<\/strong> Quim Qu\u00edlez<span style=\"font-family: inherit; font-size: 1em;\">\u00a0 \u00a0 \u00a0 \u00a0 \u00a0 \u00a0 \u00a0 <strong>\u00a0<\/strong><\/span><\/p>\n<p><strong>Tutora 6\u00e8:<\/strong> Nerea Bitri\u00e1n\u00a0 \u00a0 \u00a0<span style=\"font-family: inherit; font-size: 1em;\">\u00a0 \u00a0 \u00a0 \u00a0 \u00a0 \u00a0 \u00a0 \u00a0 <\/span><\/p>\n<p>&nbsp;<\/p>\n<p>&nbsp;<\/p>\n<p><strong>Teatre:<\/strong> Toni Arteaga <span style=\"font-family: inherit; font-size: 1em;\">i Susana Teruel<\/span><\/p>\n<p><strong>Educaci\u00f3 Especial:<\/strong> Asun Mart\u00edn i Marta Oliva<\/p>\n<p><strong>Educaci\u00f3 F\u00edsica:<\/strong> V\u00edctor Pasamontes i <span style=\"font-family: inherit; font-size: 1em;\">N\u00faria Vidal\u00a0<\/span><\/p>\n<p><strong>Angl\u00e8s:<\/strong> <span style=\"font-family: inherit; font-size: 1em;\">\u00a0Mireia Man\u00e9n i <\/span>Xavi Vinagre<\/p>\n<p><strong>M\u00fasica:<\/strong> Miriam Berrocal i Aura Triad\u00f3<\/p>\n<p><strong>Coordinadora LIC:<\/strong><\/p>\n<p><strong>Coordinadora Riscos Laborals:<\/strong> Pili Cervantes<\/p>\n<p><strong>Coordinador TAC:<\/strong> Xavi Vinagre<\/p>\n<p><strong>Coordinadora COCOBE<em> (Coeducaci\u00f3, Conviv\u00e8ncia i Benestar):<\/em><\/strong> Asun Mart\u00edn<\/p>\n<p>&nbsp;<\/p>\n<p><strong>PAS<\/strong><\/p>\n<p><strong>Administrativa:<\/strong> Maria Casta\u00f1er<\/p>\n<p><strong>Conserge:<\/strong> Juan Dur\u00e1n<\/p>\n<p><strong>TIS:<\/strong> Irene Dalmau i Mari Heras<\/p>\n<p>&nbsp;<\/p>\n<p><strong>COORDINADOR MENJADOR: <\/strong>Carlos Peral<\/p>\n<p><strong>COORDINADORA EXTRAESCOLARS:<\/strong> Carla Codosal<\/p>\n<p>&nbsp;<\/p>\n<p>&nbsp;<\/p>\n<p>&nbsp;<\/p>\n","protected":false},"excerpt":{"rendered":"<p>ESTRUCTURA ORGANITZATIVA<\/p>\n<p>EQUIP DIRECTIU<br \/>\nDirectora: SUSANA TERUEL CATAL\u00c1N<\/p>\n<ul style=\"list-style-type: circle;\">\n<li>Mestra titulada en Educaci\u00f3 Prim\u00e0ria i especialitzada en Educaci\u00f3 Especial i orientaci\u00f3 educativa.<\/li>\n<li>Acreditaci\u00f3 dels perfils professionals de Diversitat, Biblioteca i M\u00e8todes.<\/li>\n<li>Acreditaci\u00f3 en compet\u00e8ncia digital A2.<\/li>\n<li>Ha treballat a l&#8217;Escola Angeleta Ferrer (curs 1999-2000), a l&#8217;Escola Anxaneta (curs 2000-2001) i&hellip;  <a href=\"https:\/\/agora.xtec.cat\/ceip-torre-llauder-mataro\/lescola\/qui-som\/\" title=\"Read Qui som?\">Llegeix m\u00e9s\u00bb<\/a><br \/>\n","protected":false},"author":1,"featured_media":0,"parent":22,"menu_order":0,"comment_status":"closed","ping_status":"closed","template":"","meta":{"_bbp_topic_count":0,"_bbp_reply_count":0,"_bbp_total_topic_count":0,"_bbp_total_reply_count":0,"_bbp_voice_count":0,"_bbp_anonymous_reply_count":0,"_bbp_topic_count_hidden":0,"_bbp_reply_count_hidden":0,"_bbp_forum_subforum_count":0,"footnotes":""},"class_list":["post-585","page","type-page","status-publish","hentry"],"post_mailing_queue_ids":[],"_links":{"self":[{"href":"https:\/\/agora.xtec.cat\/ceip-torre-llauder-mataro\/wp-json\/wp\/v2\/pages\/585","targetHints":{"allow":["GET"]}}],"collection":[{"href":"https:\/\/agora.xtec.cat\/ceip-torre-llauder-mataro\/wp-json\/wp\/v2\/pages"}],"about":[{"href":"https:\/\/agora.xtec.cat\/ceip-torre-llauder-mataro\/wp-json\/wp\/v2\/types\/page"}],"author":[{"embeddable":true,"href":"https:\/\/agora.xtec.cat\/ceip-torre-llauder-mataro\/wp-json\/wp\/v2\/users\/1"}],"replies":[{"embeddable":true,"href":"https:\/\/agora.xtec.cat\/ceip-torre-llauder-mataro\/wp-json\/wp\/v2\/comments?post=585"}],"version-history":[{"count":11,"href":"https:\/\/agora.xtec.cat\/ceip-torre-llauder-mataro\/wp-json\/wp\/v2\/pages\/585\/revisions"}],"predecessor-version":[{"id":7228,"href":"https:\/\/agora.xtec.cat\/ceip-torre-llauder-mataro\/wp-json\/wp\/v2\/pages\/585\/revisions\/7228"}],"up":[{"embeddable":true,"href":"https:\/\/agora.xtec.cat\/ceip-torre-llauder-mataro\/wp-json\/wp\/v2\/pages\/22"}],"wp:attachment":[{"href":"https:\/\/agora.xtec.cat\/ceip-torre-llauder-mataro\/wp-json\/wp\/v2\/media?parent=585"}],"curies":[{"name":"wp","href":"https:\/\/api.w.org\/{rel}","templated":true}]}}

<p><strong>ESTRUCTURA ORGANITZATIVA</strong></p>
<p><img loading="lazy" decoding="async" class="alignnone wp-image-6744 size-full" src="https://agora.xtec.cat/ceip-torre-llauder-mataro/wp-content/uploads/usu1425/2024/09/Purple-Fitness-SWOT-Analysis-Chart-1.png" alt="" width="1024" height="768" srcset="https://agora.xtec.cat/ceip-torre-llauder-mataro/wp-content/uploads/usu1425/2024/09/Purple-Fitness-SWOT-Analysis-Chart-1.png 1024w, https://agora.xtec.cat/ceip-torre-llauder-mataro/wp-content/uploads/usu1425/2024/09/Purple-Fitness-SWOT-Analysis-Chart-1-300x225.png 300w, https://agora.xtec.cat/ceip-torre-llauder-mataro/wp-content/uploads/usu1425/2024/09/Purple-Fitness-SWOT-Analysis-Chart-1-768x576.png 768w, https://agora.xtec.cat/ceip-torre-llauder-mataro/wp-content/uploads/usu1425/2024/09/Purple-Fitness-SWOT-Analysis-Chart-1-200x150.png 200w" sizes="auto, (max-width: 1024px) 100vw, 1024px" /></p>
<p><strong>EQUIP DIRECTIU</strong></p>
<p>Directora: <strong>SUSANA TERUEL CATALÁN</strong></p>
<ul style="list-style-type: circle;">
<li>Mestra titulada en Educació Primària i especialitzada en Educació Especial i orientació educativa.</li>
<li>Acreditació dels perfils professionals de Diversitat, Biblioteca i Mètodes.</li>
<li>Acreditació en competència digital A2.</li>
<li>Ha treballat a l&#8217;Escola Angeleta Ferrer (curs 1999-2000), a l&#8217;Escola Anxaneta (curs 2000-2001) i a l&#8217;Escola Torre Llauder (curs 2001-actualitat).</li>
<li>Forma part de l&#8217;Equip Directiu de l&#8217;escola Torre Llauder, com a Cap d&#8217;Estudis, des del curs 2001-2002.</li>
</ul>
<p>Cap d&#8217;Estudis: <strong>DAVINIA MORENO CATASÚS</strong></p>
<ul style="list-style-type: circle;">
<li>Mestra titulada en Educació Primària.</li>
<li>Acreditació dels perfils profesionals de Diversitat, Biblioteca i Mètodes.</li>
<li>Acreditació en competència digital A2.</li>
<li>Ha treballat a l&#8217;Escola Sant Martí (curs 2007 &#8211; 2008), a l&#8217;Escola Tomas Viñas (curs 2008- 2009), a l&#8217;Escola Vista Alegre (curs 2009 &#8211; 2010),  a l&#8217;escola Montserrat Solà (curs 2010 &#8211; 2013), a l&#8217;escola Sant Miquel del Cros (curs 2013 &#8211; 2014) i a l&#8217;Escola Torre Llauder (curs 2014 fins l&#8217;actualitat).</li>
</ul>
<p>Secretària: <strong>ROSA MARIA PULIDO GONZÁLEZ</strong></p>
<ul>
<li>Mestra titulada en Educació Primària i especialitzada en Llengües Estrangeres.</li>
<li>Mestra titulada en Educació Infantil.</li>
<li>Acreditació dels perfils professionals de Diversitat.</li>
<li>Acreditació en competència digital A2.</li>
<li>Ha treballat a l&#8217;Escola El Turó i a l&#8217;escola Torre Llauder (curs 2005-2006 fins l&#8217;actualitat)</li>
</ul>
<p><strong>EQUIP DE MESTRES</strong></p>
<p><strong><em>Educació Infantil:</em></strong></p>
<p><strong>Coordinadora:</strong> Isa Serrano</p>
<p><strong>Tutora I3:</strong> Isa Serrano</p>
<p><strong>Tutora I4:</strong> Pili Cervantes</p>
<p><strong>Tutora I5:</strong> <span style="font-family: inherit; font-size: 1em;">Míriam Naval           </span></p>
<p><strong>TEEI:</strong> Rocío Martínez</p>
<p><strong>Vetlladora:</strong> Mari Heras</p>
<p><strong>Psicomotricitat:</strong> Núria Vidal</p>
<p><strong>Educació Especial:</strong> Asun Martín</p>
<p>&nbsp;</p>
<p><em><strong>Educació Primària:</strong></em></p>
<p><strong>Coordinadora:</strong> <span style="font-family: inherit; font-size: 1em;">Nerea Bitrián</span></p>
<p><strong>Vetlladora:</strong> Mari Heras</p>
<p><strong>Tutora 1r:</strong> <span style="font-family: inherit; font-size: 1em;">Mireia Manén</span><span style="font-family: inherit; font-size: 1em;">                 </span></p>
<p><strong>Tutora 2n:</strong> Mari Sánchez <span style="font-family: inherit; font-size: 1em;">             </span></p>
<p><strong>Tutora 3r:</strong> Marta Oliva<span style="font-family: inherit; font-size: 1em;">                  <strong> </strong></span></p>
<p><strong>Tutor 4t: </strong> Ema Echerri                      <strong>  </strong></p>
<p><strong>Tutora 5è:</strong> Quim Quílez<span style="font-family: inherit; font-size: 1em;">              <strong> </strong></span></p>
<p><strong>Tutora 6è:</strong> Nerea Bitrián     <span style="font-family: inherit; font-size: 1em;">                </span></p>
<p>&nbsp;</p>
<p>&nbsp;</p>
<p><strong>Teatre:</strong> Toni Arteaga <span style="font-family: inherit; font-size: 1em;">i Susana Teruel</span></p>
<p><strong>Educació Especial:</strong> Asun Martín i Marta Oliva</p>
<p><strong>Educació Física:</strong> Víctor Pasamontes i <span style="font-family: inherit; font-size: 1em;">Núria Vidal </span></p>
<p><strong>Anglès:</strong> <span style="font-family: inherit; font-size: 1em;"> Mireia Manén i </span>Xavi Vinagre</p>
<p><strong>Música:</strong> Miriam Berrocal i Aura Triadó</p>
<p><strong>Coordinadora LIC:</strong></p>
<p><strong>Coordinadora Riscos Laborals:</strong> Pili Cervantes</p>
<p><strong>Coordinador TAC:</strong> Xavi Vinagre</p>
<p><strong>Coordinadora COCOBE<em> (Coeducació, Convivència i Benestar):</em></strong> Asun Martín</p>
<p>&nbsp;</p>
<p><strong>PAS</strong></p>
<p><strong>Administrativa:</strong> Maria Castañer</p>
<p><strong>Conserge:</strong> Juan Durán</p>
<p><strong>TIS:</strong> Irene Dalmau i Mari Heras</p>
<p>&nbsp;</p>
<p><strong>COORDINADOR MENJADOR: </strong>Carlos Peral</p>
<p><strong>COORDINADORA EXTRAESCOLARS:</strong> Carla Codosal</p>
<p>&nbsp;</p>
<p>&nbsp;</p>
<p>&nbsp;</p>

<p>ESTRUCTURA ORGANITZATIVA</p>
<p>EQUIP DIRECTIU<br />
Directora: SUSANA TERUEL CATALÁN</p>
<ul style="list-style-type: circle;">
<li>Mestra titulada en Educació Primària i especialitzada en Educació Especial i orientació educativa.</li>
<li>Acreditació dels perfils professionals de Diversitat, Biblioteca i Mètodes.</li>
<li>Acreditació en competència digital A2.</li>
<li>Ha treballat a l&#8217;Escola Angeleta Ferrer (curs 1999-2000), a l&#8217;Escola Anxaneta (curs 2000-2001) i&hellip;  <a href="https://agora.xtec.cat/ceip-torre-llauder-mataro/lescola/qui-som/" title="Read Qui som?">Llegeix més»</a><br />
