{"id":2722,"date":"2019-11-26T12:26:52","date_gmt":"2019-11-26T11:26:52","guid":{"rendered":"http:\/\/agora.xtec.cat\/ceip-torre-llauder-mataro\/?page_id=2722"},"modified":"2019-11-27T22:16:48","modified_gmt":"2019-11-27T21:16:48","slug":"convenis","status":"publish","type":"page","link":"https:\/\/agora.xtec.cat\/ceip-torre-llauder-mataro\/lescola\/convenis\/","title":{"rendered":"Convenis"},"content":{"rendered":"<p>L&#8217;escola t\u00e9 signat un conveni amb l&#8217;Ajuntament de Matar\u00f3 s<span style=\"font-family: inherit; font-size: 1em;\">obre l&#8217;\u00fas dels equipaments esportius i educatius.<\/span><\/p>\n<p><a href=\"https:\/\/agora.xtec.cat\/ceip-torre-llauder-mataro\/wp-content\/uploads\/usu1425\/2019\/11\/\u00das-dequipaments-esportius-i-educatius-19-20.pdf\">\u00das d&#8217;equipaments esportius i educatius 19-20<\/a><\/p>\n","protected":false},"excerpt":{"rendered":"<p>L&#8217;escola t\u00e9 signat un conveni amb l&#8217;Ajuntament de Matar\u00f3 sobre l&#8217;\u00fas dels equipaments esportius i educatius.<br \/>\n<a href=\"https:\/\/agora.xtec.cat\/ceip-torre-llauder-mataro\/wp-content\/uploads\/usu1425\/2019\/11\/\u00das-dequipaments-esportius-i-educatius-19-20.pdf\">\u00das d&#8217;equipaments esportius i educatius 19-20<\/a><\/p>\n","protected":false},"author":19,"featured_media":0,"parent":22,"menu_order":5,"comment_status":"closed","ping_status":"closed","template":"page-templates\/side-menu.php","meta":{"_bbp_topic_count":0,"_bbp_reply_count":0,"_bbp_total_topic_count":0,"_bbp_total_reply_count":0,"_bbp_voice_count":0,"_bbp_anonymous_reply_count":0,"_bbp_topic_count_hidden":0,"_bbp_reply_count_hidden":0,"_bbp_forum_subforum_count":0,"footnotes":""},"class_list":["post-2722","page","type-page","status-publish","hentry"],"post_mailing_queue_ids":[],"_links":{"self":[{"href":"https:\/\/agora.xtec.cat\/ceip-torre-llauder-mataro\/wp-json\/wp\/v2\/pages\/2722","targetHints":{"allow":["GET"]}}],"collection":[{"href":"https:\/\/agora.xtec.cat\/ceip-torre-llauder-mataro\/wp-json\/wp\/v2\/pages"}],"about":[{"href":"https:\/\/agora.xtec.cat\/ceip-torre-llauder-mataro\/wp-json\/wp\/v2\/types\/page"}],"author":[{"embeddable":true,"href":"https:\/\/agora.xtec.cat\/ceip-torre-llauder-mataro\/wp-json\/wp\/v2\/users\/19"}],"replies":[{"embeddable":true,"href":"https:\/\/agora.xtec.cat\/ceip-torre-llauder-mataro\/wp-json\/wp\/v2\/comments?post=2722"}],"version-history":[{"count":3,"href":"https:\/\/agora.xtec.cat\/ceip-torre-llauder-mataro\/wp-json\/wp\/v2\/pages\/2722\/revisions"}],"predecessor-version":[{"id":2737,"href":"https:\/\/agora.xtec.cat\/ceip-torre-llauder-mataro\/wp-json\/wp\/v2\/pages\/2722\/revisions\/2737"}],"up":[{"embeddable":true,"href":"https:\/\/agora.xtec.cat\/ceip-torre-llauder-mataro\/wp-json\/wp\/v2\/pages\/22"}],"wp:attachment":[{"href":"https:\/\/agora.xtec.cat\/ceip-torre-llauder-mataro\/wp-json\/wp\/v2\/media?parent=2722"}],"curies":[{"name":"wp","href":"https:\/\/api.w.org\/{rel}","templated":true}]}}