{"id":24,"date":"2014-09-18T12:23:15","date_gmt":"2014-09-18T11:23:15","guid":{"rendered":"http:\/\/agora.xtec.cat\/ceip-torre-llauder-mataro\/?page_id=24"},"modified":"2024-03-05T12:39:18","modified_gmt":"2024-03-05T11:39:18","slug":"on-som","status":"publish","type":"page","link":"https:\/\/agora.xtec.cat\/ceip-torre-llauder-mataro\/lescola\/on-som\/","title":{"rendered":"On som"},"content":{"rendered":"<p style=\"color: #666666;\"><strong>Escola Torre Llauder<\/strong><br \/>\nCarrer Ciutat Freta, 31<\/p>\n<p style=\"color: #666666;\">08302, Matar\u00f3<\/p>\n<p>Tel. 93 798 07 58<br \/>\n<a href=\"mailto:a8034321@xtec.cat\">a8034321@xtec.cat<\/a><\/p>\n<p>&nbsp;<\/p>\n<p><iframe loading=\"lazy\" style=\"border: 0;\" src=\"https:\/\/www.google.com\/maps\/embed?pb=!1m14!1m8!1m3!1d5973.420979996128!2d2.4359819!3d41.5322114!3m2!1i1024!2i768!4f13.1!3m3!1m2!1s0x0%3A0xa62b100849c65092!2sColegio+P%C3%BAblico+Torre+Llauder!5e0!3m2!1sca!2ses!4v1472122186434\" width=\"600\" height=\"450\" frameborder=\"0\" allowfullscreen=\"allowfullscreen\"><\/iframe><\/p>\n<p><strong>Com arribar-hi:<\/strong><\/p>\n<p><strong>Tren:<\/strong> Estaci\u00f3\u00a0Matar\u00f3 L\u00ednia R1.<\/p>\n<p><strong>Bus:<\/strong> L\u00ednies C10 (Matar\u00f3-Barcelona per NII), E11.1 (Matar\u00f3 centre-Barcelona per autopista), C30 (Matar\u00f3-Vilassar de Dalt), C20 (Matar\u00f3-Llavaneres-St. Vicen\u00e7 de Montalt), L\u00ednies 550 i 569 (Matar\u00f3-Argentona-La Roca del Vall\u00e8s-Granollers).<\/p>\n<p><strong>Cotxe:<\/strong>\u00a0NII, C32, B40.<\/p>\n<p>&nbsp;<\/p>\n","protected":false},"excerpt":{"rendered":"<p>Escola Torre Llauder<br \/>\nCarrer Ciutat Freta, 31<br \/>\n08302, Matar\u00f3<br \/>\nTel. 93 798 07 58<br \/>\n<a href=\"mailto:a8034321@xtec.cat\">a8034321@xtec.cat<\/a><br \/>\n&nbsp;<\/p>\n<p>Com arribar-hi:<br \/>\nTren: Estaci\u00f3\u00a0Matar\u00f3 L\u00ednia R1.<br \/>\nBus: L\u00ednies C10 (Matar\u00f3-Barcelona per NII), E11.1 (Matar\u00f3 centre-Barcelona per autopista), C30 (Matar\u00f3-Vilassar de Dalt), C20 (Matar\u00f3-Llavaneres-St. Vicen\u00e7 de Montalt), L\u00ednies 550 i 569 (Matar\u00f3-Argentona-La Roca del Vall\u00e8s-Granollers).<br \/>\nCotxe:\u00a0NII, C32, B40.<br \/>\n&nbsp;<\/p>\n","protected":false},"author":1,"featured_media":0,"parent":22,"menu_order":10,"comment_status":"closed","ping_status":"closed","template":"page-templates\/side-menu.php","meta":{"_bbp_topic_count":0,"_bbp_reply_count":0,"_bbp_total_topic_count":0,"_bbp_total_reply_count":0,"_bbp_voice_count":0,"_bbp_anonymous_reply_count":0,"_bbp_topic_count_hidden":0,"_bbp_reply_count_hidden":0,"_bbp_forum_subforum_count":0,"footnotes":""},"class_list":["post-24","page","type-page","status-publish","hentry"],"post_mailing_queue_ids":[],"_links":{"self":[{"href":"https:\/\/agora.xtec.cat\/ceip-torre-llauder-mataro\/wp-json\/wp\/v2\/pages\/24","targetHints":{"allow":["GET"]}}],"collection":[{"href":"https:\/\/agora.xtec.cat\/ceip-torre-llauder-mataro\/wp-json\/wp\/v2\/pages"}],"about":[{"href":"https:\/\/agora.xtec.cat\/ceip-torre-llauder-mataro\/wp-json\/wp\/v2\/types\/page"}],"author":[{"embeddable":true,"href":"https:\/\/agora.xtec.cat\/ceip-torre-llauder-mataro\/wp-json\/wp\/v2\/users\/1"}],"replies":[{"embeddable":true,"href":"https:\/\/agora.xtec.cat\/ceip-torre-llauder-mataro\/wp-json\/wp\/v2\/comments?post=24"}],"version-history":[{"count":5,"href":"https:\/\/agora.xtec.cat\/ceip-torre-llauder-mataro\/wp-json\/wp\/v2\/pages\/24\/revisions"}],"predecessor-version":[{"id":6476,"href":"https:\/\/agora.xtec.cat\/ceip-torre-llauder-mataro\/wp-json\/wp\/v2\/pages\/24\/revisions\/6476"}],"up":[{"embeddable":true,"href":"https:\/\/agora.xtec.cat\/ceip-torre-llauder-mataro\/wp-json\/wp\/v2\/pages\/22"}],"wp:attachment":[{"href":"https:\/\/agora.xtec.cat\/ceip-torre-llauder-mataro\/wp-json\/wp\/v2\/media?parent=24"}],"curies":[{"name":"wp","href":"https:\/\/api.w.org\/{rel}","templated":true}]}}

<p style="color: #666666;"><strong>Escola Torre Llauder</strong><br />
Carrer Ciutat Freta, 31</p>
<p style="color: #666666;">08302, Mataró</p>
<p>Tel. 93 798 07 58<br />
<a href="mailto:a8034321@xtec.cat">a8034321@xtec.cat</a></p>
<p>&nbsp;</p>
<p><iframe loading="lazy" style="border: 0;" src="https://www.google.com/maps/embed?pb=!1m14!1m8!1m3!1d5973.420979996128!2d2.4359819!3d41.5322114!3m2!1i1024!2i768!4f13.1!3m3!1m2!1s0x0%3A0xa62b100849c65092!2sColegio+P%C3%BAblico+Torre+Llauder!5e0!3m2!1sca!2ses!4v1472122186434" width="600" height="450" frameborder="0" allowfullscreen="allowfullscreen"></iframe></p>
<p><strong>Com arribar-hi:</strong></p>
<p><strong>Tren:</strong> Estació Mataró Línia R1.</p>
<p><strong>Bus:</strong> Línies C10 (Mataró-Barcelona per NII), E11.1 (Mataró centre-Barcelona per autopista), C30 (Mataró-Vilassar de Dalt), C20 (Mataró-Llavaneres-St. Vicenç de Montalt), Línies 550 i 569 (Mataró-Argentona-La Roca del Vallès-Granollers).</p>
<p><strong>Cotxe:</strong> NII, C32, B40.</p>
<p>&nbsp;</p>

<p>Escola Torre Llauder<br />
Carrer Ciutat Freta, 31<br />
08302, Mataró<br />
Tel. 93 798 07 58<br />
<a href="mailto:a8034321@xtec.cat">a8034321@xtec.cat</a><br />
&nbsp;</p>
<p>Com arribar-hi:<br />
Tren: Estació Mataró Línia R1.<br />
Bus: Línies C10 (Mataró-Barcelona per NII), E11.1 (Mataró centre-Barcelona per autopista), C30 (Mataró-Vilassar de Dalt), C20 (Mataró-Llavaneres-St. Vicenç de Montalt), Línies 550 i 569 (Mataró-Argentona-La Roca del Vallès-Granollers).<br />
Cotxe: NII, C32, B40.<br />
&nbsp;</p>
