{"id":562,"date":"2020-08-31T23:17:13","date_gmt":"2020-08-31T21:17:13","guid":{"rendered":"https:\/\/agora.xtec.cat\/ceip-tomas-moro\/?page_id=562"},"modified":"2021-01-25T20:41:48","modified_gmt":"2021-01-25T19:41:48","slug":"serveis-del-centre","status":"publish","type":"page","link":"https:\/\/agora.xtec.cat\/ceip-tomas-moro\/serveis\/serveis-del-centre\/","title":{"rendered":"Serveis del Centre"},"content":{"rendered":"<h2><strong>SERVEI DE MENJADOR:<\/strong><\/h2>\n<p>&nbsp;<\/p>\n<p>El preu del menjador per a l\u2019alumnat fix \u00e9s de 6,20 \u20ac al dia, i per l\u2019eventual \u00e9s de 6,80 \u20ac al dia.<\/p>\n<p>Cada mat\u00ed, de 9h a 12h, Laura (responsable i coordinadora del menjador escolar) est\u00e0 a disposici\u00f3 de les fam\u00edlies per a diverses gestions, cobraments i consultes.<\/p>\n<p>El servei de menjador d\u00f3na resposta als nens i les nenes que tinguin intoler\u00e0ncies o al\u00b7l\u00e8rgies aliment\u00e0ries. Recordem, en aquest sentit, que cal portar un certificat m\u00e8dic en el qual consti el tipus d\u2019intoler\u00e0ncia o al\u00b7l\u00e8rgia amb la pauta corresponent sobre els aliments que no es poden ingerir segons la mesura 5, article 40 de la Llei 17\/2011 de seguretat aliment\u00e0ria i nutrici\u00f3. Aix\u00ed mateix, tamb\u00e9 es poden adaptar els men\u00fas per a l\u2019alumnat amb cultures aliment\u00e0ries o religions diverses, sempre i quan s\u2019avisi amb temps a la Laura.<\/p>\n<p>Cada curs escolar, el centre gestiona la tramitaci\u00f3 de beques de menjador per a les fam\u00edlies que ho sol\u00b7liciten i en fa el seguiment i el control, conjuntament, amb l\u2019empresa que gestiona el servei.<\/p>\n<p>&nbsp;<\/p>\n<h2><strong>ALTRES SERVEIS:<\/strong><\/h2>\n<p>&nbsp;<\/p>\n<p>L\u2019Escola ofereix tamb\u00e9, amb la participaci\u00f3 de l\u2019AFA, un\u00a0<strong>servei d\u2019acollida matinal<\/strong>\u00a0a partir de les 8h del mat\u00ed.<\/p>\n<p>(<em>Aquest any estem esperant que s\u2019arribi a un m\u00ednim d\u2019alumnat per poder portar-se a terme)<\/em><\/p>\n<p>-Per aquells nens i per aquelles nenes que en facin \u00fas de forma puntual, el preu \u00e9s de 3 \u20ac\/dia<\/p>\n<p>-En cas de ser 2 germans\/es: 5 \u20ac\/dia<\/p>\n<p>-Per aquells nens i\u00a0per aquelles\u00a0nenes que es quedin de forma fixa 3 dies a la setmana: 17 \u20ac\/mes<\/p>\n<p>-En cas de ser 2 germans\/es: 24 \u20ac\/mes. Per aquells nens i\u00a0per aquelles\u00a0nenes\u00a0que es quedin tot el mes sencer: 30 \u20ac\/mes<\/p>\n<p>-En cas de ser 2 germans\/es: 45 \u20ac\/ mes.<\/p>\n<p>Les\u00a0<u>activitats extraescolars<\/u>\u00a0estan organitzades per l\u2019AFA.<\/p>\n","protected":false},"excerpt":{"rendered":"<p>SERVEI DE MENJADOR:<br \/>\n&nbsp;<br \/>\nEl preu del menjador per a l\u2019alumnat fix \u00e9s de 6,20 \u20ac al dia, i per l\u2019eventual \u00e9s de 6,80 \u20ac al dia.<br \/>\nCada mat\u00ed, de 9h a 12h, Laura (responsable i coordinadora del menjador escolar) est\u00e0 a disposici\u00f3 de les fam\u00edlies per a&hellip;  <a href=\"https:\/\/agora.xtec.cat\/ceip-tomas-moro\/serveis\/serveis-del-centre\/\" title=\"Read Serveis del Centre\">Llegeix m\u00e9s\u00bb<\/a><\/p>\n","protected":false},"author":1,"featured_media":0,"parent":66,"menu_order":2,"comment_status":"closed","ping_status":"closed","template":"page-templates\/side-menu.php","meta":{"_bbp_topic_count":0,"_bbp_reply_count":0,"_bbp_total_topic_count":0,"_bbp_total_reply_count":0,"_bbp_voice_count":0,"_bbp_anonymous_reply_count":0,"_bbp_topic_count_hidden":0,"_bbp_reply_count_hidden":0,"_bbp_forum_subforum_count":0,"footnotes":""},"class_list":["post-562","page","type-page","status-publish","hentry"],"post_mailing_queue_ids":[],"_links":{"self":[{"href":"https:\/\/agora.xtec.cat\/ceip-tomas-moro\/wp-json\/wp\/v2\/pages\/562","targetHints":{"allow":["GET"]}}],"collection":[{"href":"https:\/\/agora.xtec.cat\/ceip-tomas-moro\/wp-json\/wp\/v2\/pages"}],"about":[{"href":"https:\/\/agora.xtec.cat\/ceip-tomas-moro\/wp-json\/wp\/v2\/types\/page"}],"author":[{"embeddable":true,"href":"https:\/\/agora.xtec.cat\/ceip-tomas-moro\/wp-json\/wp\/v2\/users\/1"}],"replies":[{"embeddable":true,"href":"https:\/\/agora.xtec.cat\/ceip-tomas-moro\/wp-json\/wp\/v2\/comments?post=562"}],"version-history":[{"count":4,"href":"https:\/\/agora.xtec.cat\/ceip-tomas-moro\/wp-json\/wp\/v2\/pages\/562\/revisions"}],"predecessor-version":[{"id":884,"href":"https:\/\/agora.xtec.cat\/ceip-tomas-moro\/wp-json\/wp\/v2\/pages\/562\/revisions\/884"}],"up":[{"embeddable":true,"href":"https:\/\/agora.xtec.cat\/ceip-tomas-moro\/wp-json\/wp\/v2\/pages\/66"}],"wp:attachment":[{"href":"https:\/\/agora.xtec.cat\/ceip-tomas-moro\/wp-json\/wp\/v2\/media?parent=562"}],"curies":[{"name":"wp","href":"https:\/\/api.w.org\/{rel}","templated":true}]}}