{"id":559,"date":"2020-08-31T23:11:29","date_gmt":"2020-08-31T21:11:29","guid":{"rendered":"https:\/\/agora.xtec.cat\/ceip-tomas-moro\/?page_id=559"},"modified":"2020-10-22T12:10:23","modified_gmt":"2020-10-22T10:10:23","slug":"afa","status":"publish","type":"page","link":"https:\/\/agora.xtec.cat\/ceip-tomas-moro\/serveis\/afa\/","title":{"rendered":"AFA"},"content":{"rendered":"<div>\n<div>\n<p>L\u2019Associaci\u00f3 de Fam\u00edlies d\u2019Alumnes (AFA) de l\u2019Escola:<\/p>\n<p>-Est\u00e0 fortament arrelada al centre educatiu.<\/p>\n<p>-Est\u00e0 formada per totes les fam\u00edlies que en s\u00f3n s\u00f2cies i interessades en la participaci\u00f3 i el bon funcionament de l\u2019Escola.<\/p>\n<p>-\u00c9s membre de la FAPAC (Federaci\u00f3 d\u2019Associacions de Pares i Mares\u00a0d\u2019Alumnes de Catalunya).<\/p>\n<p>-\u00c9s un element de participaci\u00f3 important\u00edssim en la vida de la comunitat escolar.<\/p>\n<p>-Es finan\u00e7a amb les quotes anuals de les fam\u00edlies s\u00f2cies i les activitats que realitza.<\/p>\n<p>-Organitza activitats extraescolars.<\/p>\n<p>-Organitza el casal d\u2019estiu.<\/p>\n<p>-Organitza l\u2019acollida matinal de 8h a 9h del mat\u00ed.<\/p>\n<p>-Promociona la venda del xandall de l\u2019Escola.<\/p>\n<p>-Col\u00b7labora en les festes de l\u2019Escola: la Castanyada, l\u2019Oncle Buscall, el Festival d\u2019Hivern i de Nadal, el Carnaval, els Jocs Florals de Sant Jordi, les danses de final de curs i el comiat de sis\u00e8.<\/p>\n<p>-Col\u00b7labora en la decoraci\u00f3 del vest\u00edbul de l\u2019Escola quan se celebren les festes.<\/p>\n<p>-Organitza i fa la gesti\u00f3 i el seguiment del projecte de reutilitzaci\u00f3 de llibres de text de 3r a 6\u00e8.<\/p>\n<p>-Gestiona les convocat\u00f2ries de beques per a activitats extraescolars (quan es convoquen).<\/p>\n<p>-Pren part en el Consell Escolar.<\/p>\n<\/div>\n<\/div>\n<div><\/div>\n<div><\/div>\n<h2 style=\"text-align: center;\"><a href=\"https:\/\/drive.google.com\/file\/d\/1qjoTFAb5R6aYBmzKdrEpy24T9T1Qqscb\/view?usp=sharing\">AFA<\/a><\/h2>\n","protected":false},"excerpt":{"rendered":"<p>L\u2019Associaci\u00f3 de Fam\u00edlies d\u2019Alumnes (AFA) de l\u2019Escola:<br \/>\n-Est\u00e0 fortament arrelada al centre educatiu.<br \/>\n-Est\u00e0 formada per totes les fam\u00edlies que en s\u00f3n s\u00f2cies i interessades en la participaci\u00f3 i el bon funcionament de l\u2019Escola.<br \/>\n-\u00c9s membre de la FAPAC (Federaci\u00f3 d\u2019Associacions de Pares i Mares\u00a0d\u2019Alumnes de Catalunya).<br \/>\n-\u00c9s un&hellip;  <a href=\"https:\/\/agora.xtec.cat\/ceip-tomas-moro\/serveis\/afa\/\" title=\"Read AFA\">Llegeix m\u00e9s\u00bb<\/a><\/p>\n","protected":false},"author":1,"featured_media":0,"parent":66,"menu_order":1,"comment_status":"closed","ping_status":"closed","template":"page-templates\/side-menu.php","meta":{"_bbp_topic_count":0,"_bbp_reply_count":0,"_bbp_total_topic_count":0,"_bbp_total_reply_count":0,"_bbp_voice_count":0,"_bbp_anonymous_reply_count":0,"_bbp_topic_count_hidden":0,"_bbp_reply_count_hidden":0,"_bbp_forum_subforum_count":0,"footnotes":""},"class_list":["post-559","page","type-page","status-publish","hentry"],"post_mailing_queue_ids":[],"_links":{"self":[{"href":"https:\/\/agora.xtec.cat\/ceip-tomas-moro\/wp-json\/wp\/v2\/pages\/559","targetHints":{"allow":["GET"]}}],"collection":[{"href":"https:\/\/agora.xtec.cat\/ceip-tomas-moro\/wp-json\/wp\/v2\/pages"}],"about":[{"href":"https:\/\/agora.xtec.cat\/ceip-tomas-moro\/wp-json\/wp\/v2\/types\/page"}],"author":[{"embeddable":true,"href":"https:\/\/agora.xtec.cat\/ceip-tomas-moro\/wp-json\/wp\/v2\/users\/1"}],"replies":[{"embeddable":true,"href":"https:\/\/agora.xtec.cat\/ceip-tomas-moro\/wp-json\/wp\/v2\/comments?post=559"}],"version-history":[{"count":3,"href":"https:\/\/agora.xtec.cat\/ceip-tomas-moro\/wp-json\/wp\/v2\/pages\/559\/revisions"}],"predecessor-version":[{"id":799,"href":"https:\/\/agora.xtec.cat\/ceip-tomas-moro\/wp-json\/wp\/v2\/pages\/559\/revisions\/799"}],"up":[{"embeddable":true,"href":"https:\/\/agora.xtec.cat\/ceip-tomas-moro\/wp-json\/wp\/v2\/pages\/66"}],"wp:attachment":[{"href":"https:\/\/agora.xtec.cat\/ceip-tomas-moro\/wp-json\/wp\/v2\/media?parent=559"}],"curies":[{"name":"wp","href":"https:\/\/api.w.org\/{rel}","templated":true}]}}