{"id":22,"date":"2014-09-18T12:19:57","date_gmt":"2014-09-18T11:19:57","guid":{"rendered":"http:\/\/agora.xtec.cat\/ceip-tomas-moro\/?page_id=22"},"modified":"2024-06-05T13:39:20","modified_gmt":"2024-06-05T11:39:20","slug":"lescola","status":"publish","type":"page","link":"https:\/\/agora.xtec.cat\/ceip-tomas-moro\/lescola\/","title":{"rendered":"L&#8217;escola"},"content":{"rendered":"<p><a href=\"https:\/\/agora.xtec.cat\/ceip-tomas-moro\/wp-content\/uploads\/usu2207\/2020\/08\/ESCOLA-1.jpg\"><img loading=\"lazy\" decoding=\"async\" class=\"alignnone size-full wp-image-489\" src=\"https:\/\/agora.xtec.cat\/ceip-tomas-moro\/wp-content\/uploads\/usu2207\/2020\/08\/ESCOLA-1.jpg\" alt=\"\" width=\"540\" height=\"360\" srcset=\"https:\/\/agora.xtec.cat\/ceip-tomas-moro\/wp-content\/uploads\/usu2207\/2020\/08\/ESCOLA-1.jpg 540w, https:\/\/agora.xtec.cat\/ceip-tomas-moro\/wp-content\/uploads\/usu2207\/2020\/08\/ESCOLA-1-300x200.jpg 300w\" sizes=\"auto, (max-width: 540px) 100vw, 540px\" \/><\/a><\/p>\n<p>Als peus de la Serra de Collserola, tenim la sort de ser una Escola relativament petita on tots i totes ens coneixem, aprenem i creixem junts i juntes en un entorn amable i familiar.<\/p>\n<p><em>&#8220;El Tom\u00e0s Moro va obrir l&#8217;\u00faltim trimestre del curs 1979-1980 amb els alumnes d&#8217;una petita escola que ja hi havia al barri de Canyelles. Per\u00f2, va comen\u00e7ar a ple rendiment el curs 1980-1981 amb un bon grup de mestres joves i il\u00b7lusionats\/des que formaven un Claustre amb moltes ganes de treballar i de fer les coses b\u00e9. \u00c9s molt important destacar que l&#8217;Escola Tom\u00e0s Moro la va aconseguir l&#8217;Associaci\u00f3 de Ve\u00efns de Canyelles on la gent va lluitar i es va manifestar sense parar fins que els Serveis Territorials la van concedir. Aix\u00f2 va fer que un bon grup de pares i mares estiguessin molt compromesos i compromeses amb l&#8217;Escola, se la sentissin seva i treballessin conjuntament amb els i les mestres per a tirar-la endavant de la millor manera possible. Amb molt d&#8217;esfor\u00e7, el Claustre i les fam\u00edlies van aconseguir que l&#8217;Escola Tom\u00e0s Moro pass\u00e9s de ser un somni per al barri a una realitat.&#8221;<\/em><\/p>\n<p>Aquest relat \u00e9s part d&#8217;una conversa mantinguda amb una mestra fundadora de l&#8217;Escola, la Mariona, que va tornar-hi per a participar en els actes de comiat de la nostra antiga directora dels \u00faltims anys, la J\u00falia Lorenz Ainoza.<\/p>\n","protected":false},"excerpt":{"rendered":"<p><a href=\"https:\/\/agora.xtec.cat\/ceip-tomas-moro\/wp-content\/uploads\/usu2207\/2020\/08\/ESCOLA-1.jpg\"><\/a><br \/>\nAls peus de la Serra de Collserola, tenim la sort de ser una Escola relativament petita on tots i totes ens coneixem, aprenem i creixem junts i juntes en un entorn amable i familiar.<br \/>\n&#8220;El Tom\u00e0s Moro va obrir l&#8217;\u00faltim trimestre del curs 1979-1980 amb&hellip;  <a href=\"https:\/\/agora.xtec.cat\/ceip-tomas-moro\/lescola\/\" title=\"Read L&#8217;escola\">Llegeix m\u00e9s\u00bb<\/a><\/p>\n","protected":false},"author":1,"featured_media":0,"parent":0,"menu_order":0,"comment_status":"closed","ping_status":"closed","template":"page-templates\/side-menu.php","meta":{"_bbp_topic_count":0,"_bbp_reply_count":0,"_bbp_total_topic_count":0,"_bbp_total_reply_count":0,"_bbp_voice_count":0,"_bbp_anonymous_reply_count":0,"_bbp_topic_count_hidden":0,"_bbp_reply_count_hidden":0,"_bbp_forum_subforum_count":0,"footnotes":""},"class_list":["post-22","page","type-page","status-publish","hentry"],"post_mailing_queue_ids":[],"_links":{"self":[{"href":"https:\/\/agora.xtec.cat\/ceip-tomas-moro\/wp-json\/wp\/v2\/pages\/22","targetHints":{"allow":["GET"]}}],"collection":[{"href":"https:\/\/agora.xtec.cat\/ceip-tomas-moro\/wp-json\/wp\/v2\/pages"}],"about":[{"href":"https:\/\/agora.xtec.cat\/ceip-tomas-moro\/wp-json\/wp\/v2\/types\/page"}],"author":[{"embeddable":true,"href":"https:\/\/agora.xtec.cat\/ceip-tomas-moro\/wp-json\/wp\/v2\/users\/1"}],"replies":[{"embeddable":true,"href":"https:\/\/agora.xtec.cat\/ceip-tomas-moro\/wp-json\/wp\/v2\/comments?post=22"}],"version-history":[{"count":6,"href":"https:\/\/agora.xtec.cat\/ceip-tomas-moro\/wp-json\/wp\/v2\/pages\/22\/revisions"}],"predecessor-version":[{"id":1390,"href":"https:\/\/agora.xtec.cat\/ceip-tomas-moro\/wp-json\/wp\/v2\/pages\/22\/revisions\/1390"}],"wp:attachment":[{"href":"https:\/\/agora.xtec.cat\/ceip-tomas-moro\/wp-json\/wp\/v2\/media?parent=22"}],"curies":[{"name":"wp","href":"https:\/\/api.w.org\/{rel}","templated":true}]}}