{"id":19822,"date":"2020-03-23T13:49:35","date_gmt":"2020-03-23T12:49:35","guid":{"rendered":"http:\/\/agora.xtec.cat\/ceip-timbaler\/?page_id=19822"},"modified":"2020-03-25T16:18:54","modified_gmt":"2020-03-25T15:18:54","slug":"educacio-infantil","status":"publish","type":"page","link":"https:\/\/agora.xtec.cat\/ceip-timbaler\/tasques-per-poder-anar-fent-a-casa\/educacio-infantil\/","title":{"rendered":"Educaci\u00f3 Infantil"},"content":{"rendered":"<p><span style=\"font-weight: 400;\">Benvolgudes fam\u00edlies,\u00a0<\/span><\/p>\n<p><span style=\"font-weight: 400;\">Des de l\u2019escola, degut a la situaci\u00f3 que estem patint aquests dies, l\u2019equip d\u2019infantil hem pensat acompanyar-vos\u00a0 donat que no podem veure\u2019ns i, per aix\u00f2, enviem algunes propostes per compartir amb els vostres fills\/es.<\/span><\/p>\n<p><span style=\"font-weight: 400;\">L\u2019objectiu d\u2019aquest document \u00e9s oferir un recull d\u2019idees per tal que us ajudin a portar millor aquests dies amb els vostres fills i filles; a banda, els ajudarem a que, dintre de la mesura del possible, no perdin el ritme escolar i puguin anar treballant, des de casa, d\u2019una forma\u00a0 divertida.<\/span><\/p>\n<p><span style=\"font-weight: 400;\">\u00a0Esperem que aquesta situaci\u00f3 passi r\u00e0pid i aviat tots i totes ens puguem tornar a veure!<\/span><\/p>\n<p><b>PODREU TROBAR M\u00c9S HIST\u00d2RIES A UNA M\u00c0 DE CONTES:<\/b><\/p>\n<p><a href=\"https:\/\/www.ccma.cat\/tv3\/super3\/una-ma-de-contes\/\"><span style=\"font-weight: 400;\">https:\/\/www.ccma.cat\/tv3\/super3\/una-ma-de-contes\/<\/span><\/a><\/p>\n<p><span style=\"font-weight: 400;\">-Lectura de contes<\/span><\/p>\n<p><b>AFEGIM CAN\u00c7ONS I ACTIVITATS VARIADES PER ENTRETENIR I FER GAUDIR ALS PETITS\/ES.<\/b><\/p>\n<p><a href=\"https:\/\/www.ccma.cat\/tv3\/super3\/dinamiks\/\"><span style=\"font-weight: 400;\">https:\/\/www.ccma.cat\/tv3\/super3\/dinamiks\/<\/span><\/a><\/p>\n<p><a href=\"https:\/\/beteve.cat\/agenda\/activitats-streaming-nens-casa-coronavirus\/\"><span style=\"font-weight: 400;\">https:\/\/beteve.cat\/agenda\/activitats-streaming-nens-casa-coronavirus\/<\/span><\/a><\/p>\n<p><a href=\"http:\/\/www.edu365.cat\/infantil\/\"><span style=\"font-weight: 400;\">http:\/\/www.edu365.cat\/infantil\/<\/span><\/a><\/p>\n<p><a href=\"https:\/\/www.smartick.es\/matematicas\/recursos-didacticos.html\"><span style=\"font-weight: 400;\">https:\/\/www.smartick.es\/matematicas\/recursos-didacticos.html<\/span><\/a><\/p>\n<p><a href=\"http:\/\/www.xtec.cat\/~jperez12\/jcliceducacioinfantil.htm\"><span style=\"font-weight: 400;\">http:\/\/www.xtec.cat\/~jperez12\/jcliceducacioinfantil.htm<\/span> <\/a><\/p>\n<p><b>EN ANGL\u00c8S.<\/b><\/p>\n<p>&nbsp;<\/p>\n<ul>\n<li><b>CAN\u00c7ONS AMB LA LLETRA I ACTIVITATS RELACIONADES AMB CADASCUNA (imprimibles per pintar els personatges i jugar):<\/b><\/li>\n<\/ul>\n<p>&nbsp;<\/p>\n<p><b><i>Hello song<\/i><\/b><b> &#8211; can\u00e7\u00f3 per dir hola:<\/b><\/p>\n<p style=\"text-align: center;\"><iframe loading=\"lazy\" src=\"https:\/\/www.youtube.com\/embed\/tVlcKp3bWH8\" width=\"764\" height=\"430\" frameborder=\"0\"><\/iframe><\/p>\n<p><b><i>What\u2019s your name?<\/i><\/b><b> Com et dius?<\/b><\/p>\n<p style=\"text-align: center;\"><iframe loading=\"lazy\" src=\"https:\/\/www.youtube.com\/embed\/yqlbn_nI2w8\" width=\"764\" height=\"430\" frameborder=\"0\"><\/iframe><\/p>\n<p><b><i>Feelings song<\/i><\/b><b> &#8211; can\u00e7\u00f3 sobre com em sento avui: <\/b><\/p>\n<p style=\"text-align: center;\"><iframe loading=\"lazy\" src=\"https:\/\/www.youtube.com\/embed\/l4WNrvVjiTw\" width=\"764\" height=\"430\" frameborder=\"0\"><\/iframe><\/p>\n<p><b>The alphabet song: <\/b><\/p>\n<p style=\"text-align: center;\"><iframe loading=\"lazy\" src=\"https:\/\/www.youtube.com\/embed\/75p-N9YKqNo\" width=\"853\" height=\"480\" frameborder=\"0\"><\/iframe><\/p>\n<p><b>The rainbow song. Repassar els colors: <\/b><\/p>\n<p style=\"text-align: center;\"><iframe loading=\"lazy\" src=\"https:\/\/www.youtube.com\/embed\/nRTdq0VsLGQ\" width=\"853\" height=\"480\" frameborder=\"0\"><\/iframe><\/p>\n<p><b><i>I see something blue\/pink&#8230;. <\/i><\/b><b>Per a que juguin a buscar objectes i repassin els colors: <\/b><\/p>\n<p style=\"text-align: center;\"><iframe loading=\"lazy\" src=\"https:\/\/www.youtube.com\/embed\/jYAWf8Y91hA\" width=\"853\" height=\"480\" frameborder=\"0\"><\/iframe><\/p>\n<p style=\"text-align: left;\">&lt;<iframe loading=\"lazy\" src=\"https:\/\/www.youtube.com\/embed\/Asb8N0nz9OI\" width=\"853\" height=\"480\" frameborder=\"0\"><\/iframe><br \/>\n<b><i>Five little monkeys<\/i><\/b><b> &#8211; can\u00e7\u00f3 sobre comportament i comptar de l\u20191 al 5:<\/b><\/p>\n<p style=\"text-align: center;\"><iframe loading=\"lazy\" src=\"https:\/\/www.youtube.com\/embed\/ZhODBFQ2-bQ\" width=\"764\" height=\"430\" frameborder=\"0\"><\/iframe><\/p>\n<p><b><i>Potatoes song<\/i><\/b><b> &#8211; can\u00e7\u00f3 per fer exercici i comptar de l\u20191 al 7:\u00a0<\/b><\/p>\n<p style=\"text-align: center;\"><iframe loading=\"lazy\" src=\"https:\/\/www.youtube.com\/embed\/efMHLkyb7ho\" width=\"764\" height=\"430\" frameborder=\"0\"><\/iframe><\/p>\n<p><b><i>Make a circle<\/i><\/b><b> &#8211; Can\u00e7\u00f3 per fer un cercle en fam\u00edlia i ballar:<\/b><\/p>\n<p style=\"text-align: center;\"><iframe loading=\"lazy\" src=\"https:\/\/www.youtube.com\/embed\/ALcL3MuU4xQ\" width=\"764\" height=\"430\" frameborder=\"0\"><\/iframe><\/p>\n<p><b>Can\u00e7\u00f3 per abans d\u2019anar a dormir i relaxar-nos:\u00a0<\/b><\/p>\n<p style=\"text-align: center;\"><iframe loading=\"lazy\" src=\"https:\/\/www.youtube.com\/embed\/yCjJyiqpAuU\" width=\"764\" height=\"430\" frameborder=\"0\"><\/iframe><\/p>\n<p><b>Can\u00e7\u00f3 que vam fer al concert de Nadal:\u00a0<\/b><\/p>\n<p style=\"text-align: center;\"><iframe loading=\"lazy\" src=\"https:\/\/www.youtube.com\/embed\/tbbKjDjMDok\" width=\"764\" height=\"430\" frameborder=\"0\"><\/iframe><\/p>\n<p>&nbsp;<\/p>\n<ul>\n<li><b>DIFERENTS MANUALITATS F\u00c0CILS I EN ANGL\u00c8S QUE PODEU ELABORAR:<\/b><\/li>\n<\/ul>\n<p>&nbsp;<\/p>\n<p><a href=\"https:\/\/supersimple.com\/super-simple-draw\/\"><b>https:\/\/supersimple.com\/super-simple-draw\/<\/b><\/a><b>\u00a0<\/b><\/p>\n<p><a href=\"https:\/\/supersimple.com\/content-type\/easy-crafts\/\"><b>https:\/\/supersimple.com\/content-type\/easy-crafts\/<\/b><\/a><b>\u00a0<\/b><\/p>\n<p>&nbsp;<\/p>\n<ul>\n<li><b>CONTES RELACIONATS AMB EL VOCABULARI QUE HEM ANAT APRENENT:<\/b><\/li>\n<\/ul>\n<p>&nbsp;<\/p>\n<p><b>The very hungry caterpillar (conte i can\u00e7\u00f3). Repassar aliments: <\/b><\/p>\n<p style=\"text-align: center;\"><b><iframe loading=\"lazy\" src=\"https:\/\/www.youtube.com\/embed\/75NQK-Sm1YY\" width=\"853\" height=\"480\" frameborder=\"0\"><\/iframe>\u00a0<\/b><\/p>\n<p style=\"text-align: center;\"><iframe loading=\"lazy\" src=\"https:\/\/www.youtube.com\/embed\/_tUBBh4QzTU\" width=\"853\" height=\"480\" frameborder=\"0\"><\/iframe><\/p>\n<p><b>Brown bear. Repassar els colors i els animals mitjan\u00e7ant repetici\u00f3:<\/b><\/p>\n<p style=\"text-align: center;\"><iframe loading=\"lazy\" src=\"https:\/\/www.youtube.com\/embed\/WST-B8zQleM\" width=\"853\" height=\"480\" frameborder=\"0\"><\/iframe><\/p>\n<p><b>Guess how much I love you. Conte sobre la import\u00e0ncia de la fam\u00edlia:<\/b><\/p>\n<p style=\"text-align: center;\"><iframe loading=\"lazy\" src=\"https:\/\/www.youtube.com\/embed\/B1P2u2OGA2I\" width=\"852\" height=\"480\" frameborder=\"0\"><\/iframe><\/p>\n<p><b>The rainbow fish. Conte sobre valors, la difer\u00e8ncia i l\u2019amistat:<\/b><\/p>\n<p style=\"text-align: center;\"><iframe loading=\"lazy\" src=\"https:\/\/www.youtube.com\/embed\/ifXlc0QI2kY\" width=\"640\" height=\"480\" frameborder=\"0\"><\/iframe><\/p>\n<p><b>Elmer, the elephant. Conte sobre el respecte a la difer\u00e8ncia i ser tolerant:<\/b><\/p>\n<p style=\"text-align: center;\"><iframe loading=\"lazy\" src=\"https:\/\/www.youtube.com\/embed\/wdyo4ykh2WA\" width=\"853\" height=\"480\" frameborder=\"0\"><\/iframe><\/p>\n<p><b>A taste of the moon. Conte per repassar animals i sobre el treball en equip:<\/b><\/p>\n<p style=\"text-align: center;\"><iframe loading=\"lazy\" src=\"https:\/\/www.youtube.com\/embed\/cHM--U3Hv8c\" width=\"640\" height=\"480\" frameborder=\"0\"><\/iframe><\/p>\n<p><b>US PROPOSEM ACTIVITATS DE CUINA:<\/b><\/p>\n<p><a href=\"https:\/\/pin.it\/4296usa\"><span style=\"font-weight: 400;\">https:\/\/pin.it\/4296usa<\/span><\/a><\/p>\n<p><a href=\"https:\/\/www.sortirambnens.com\/per-fer-a-casa\/cuinar-amb-nens\/\"><span style=\"font-weight: 400;\">https:\/\/www.sortirambnens.com\/per-fer-a-casa\/cuinar-amb-nens\/<\/span> <\/a><\/p>\n<p><b>ACTIVITATS QUE ELS NENS\/ES HAURAN D\u2019ELABORAR I QUE PODEU ENVIAR A LA SEG\u00dcENT DIRECCI\u00d3:<\/b><\/p>\n<p><a href=\"https:\/\/agora.xetc.cat\/ceip-timbaler\/tasques-per-poder-anar-fent-a-casa\/\"><span style=\"font-weight: 400;\">https:\/\/agora.xetc.cat\/ceip-timbaler\/tasques-per-poder-anar-fent-a-casa\/<\/span><\/a><\/p>\n<p><span style=\"font-weight: 400;\">&#8211; Inventar contes o hist\u00f2ries i dibuixar-les.<\/span><\/p>\n<p><span style=\"font-weight: 400;\">-Dibuixar a la fam\u00edlia a casa.<\/span><\/p>\n<p><span style=\"font-weight: 400;\">-Que escriguin missatges i\u00a0 es fotografien amb ells per, despr\u00e9s,\u00a0 enviar-los a l\u2019escola<\/span><\/p>\n<p><b>MANUALITATS VARIADES COM FLORS DE PAPER QUE PODEN ANAR GUARDANT PER, A LA TORNADA, DECORAR L\u2019ESCOLA<\/b><\/p>\n<p><a href=\"https:\/\/www.umamanualidades.com\/ca\/flores-papel\/flors-de-paper-per-nens\/\"><span style=\"font-weight: 400;\">https:\/\/www.umamanualidades.com\/ca\/flores-papel\/flors-de-paper-per-nens\/<\/span><\/a><\/p>\n<p><b>FER UNA ESTONA DE IOGA EN FAM\u00cdLIA<\/b><span style=\"font-weight: 400;\">\u00a0<\/span><\/p>\n<p><a href=\"https:\/\/www.youtube.com\/channel\/UC8m4ehVIJWKwJgK5ZfUxgkg\"><span style=\"font-weight: 400;\">https:\/\/www.youtube.com\/channel\/UC8m4ehVIJWKwJgK5ZfUxgkg<\/span><\/a><\/p>\n<p><b>ACTIVITATS SOCIOAFECTIVES\u00a0<\/b><\/p>\n<p><span style=\"font-weight: 400;\">-Parlar amb fam\u00edlia i amics per c\u00e0mera WhatsApp.<\/span><\/p>\n<p><span style=\"font-weight: 400;\">-jocs variats amb qui conviuen<\/span><\/p>\n<p><span style=\"font-weight: 400;\">-Aprendre la can\u00e7\u00f3 D\u00f3na la nota<\/span><\/p>\n<p style=\"text-align: left;\"><iframe loading=\"lazy\" src=\"https:\/\/www.youtube.com\/embed\/TX0W4sxV0cY\" width=\"853\" height=\"480\" frameborder=\"0\"><\/iframe><\/p>\n<p><b>ACTIVITATS PSICOMOTRICITAT FINA<\/b><iframe loading=\"lazy\" src=\"https:\/\/www.youtube.com\/embed\/tB1hyOMPtSw\" width=\"853\" height=\"480\" frameborder=\"0\"><\/iframe><\/p>\n<p><b>V\u00cdDEOS YOUTUBE\u00a0<\/b><\/p>\n<p style=\"text-align: center;\"><iframe loading=\"lazy\" src=\"https:\/\/www.youtube.com\/embed\/kRnBeiwi4hw\" width=\"853\" height=\"480\" frameborder=\"0\"><\/iframe><\/p>\n<p style=\"text-align: center;\"><iframe loading=\"lazy\" src=\"https:\/\/www.youtube.com\/embed\/9oHq-joy22w\" width=\"853\" height=\"480\" frameborder=\"0\"><\/iframe><\/p>\n<p><b>ACTIVITATS<\/b><\/p>\n<p><span style=\"font-weight: 400;\">Per tal de realitzar aquestes activitats haureu d\u2019utilitzar aquells elements, materials, objectes, etc. dels que disposeu a casa; no us angoixeu. Nosaltres us oferirem diferents idees per\u00f2 sempre podeu innovar. Segurament teniu m\u00e9s coses de les que penseu i que podreu utilitzar per fer all\u00f2 que us proposem. Endavant!<\/span><\/p>\n<p><b>Classificacions<\/b><\/p>\n<p><span style=\"font-weight: 400;\">Podem proposar als nostres infants que classifiquin per:<\/span><\/p>\n<p><b>Colors<\/b><span style=\"font-weight: 400;\">:Segurament disposeu de jocs de construccions o la roba mateix del infant. Per exemple. podeu demanar que agafin les coses d\u2019un mateix color; tamb\u00e9 podeu posar, sobre la taula, una cosa de cada color i que busquin per casa m\u00e9s coses d\u2019aquell color.<\/span><\/p>\n<p><b>Forma\/tipus<\/b><span style=\"font-weight: 400;\">:Podeu oferir diferents elements com pots\/safates aix\u00ed com diferents ingredients ja sigui arr\u00f2s, llegums, pasta&#8230; i que ho classifiquin. D\u2019aquesta manera, tamb\u00e9 els ajudarem a fer la pin\u00e7a mentre van ficant cada cosa al seu lloc.\u00a0<\/span><\/p>\n<p><b>Psicomotricitat fina<\/b><\/p>\n<p><b>Enfilar<\/b><span style=\"font-weight: 400;\">: amb fils, llanes, etc. podeu enfilar pasta seca (macarrons, per exemple) o b\u00e9 botons o qualsevol tipus de pe\u00e7a que tingui forat i pugui passar-se un fil.<\/span><\/p>\n<p><span style=\"font-weight: 400;\">Tamb\u00e9 podeu enfilar en pals o espaguetis qualsevol cosa que creieu que hi pot cabre. Per donar-li m\u00e9s diversi\u00f3, podeu pintar aquesta pasta i fer collarets, bra\u00e7alets, etc.<\/span><\/p>\n<p><span style=\"font-weight: 400;\">Tamb\u00e9 podeu utilitzar safates de porexpan (de les que venen amb el pollastre, per exemple) i clavar espaguetis i d\u2019all\u00e0 enfilar.<\/span><\/p>\n<p><b>Fer la pin\u00e7a:\u00a0<\/b><\/p>\n<p><b>Fent<\/b> <b>caminets<\/b><span style=\"font-weight: 400;\"> amb llenties, arr\u00f2s, pedres&#8230;, tot fent que ressegueixin una l\u00ednia que traceu o tracin ells. Podeu fer tamb\u00e9 que repassin el SEU NOM (LLETRA DE PAL) I\/O N\u00daMEROS I\/O FORMES GEOM\u00c8TRIQUES.<\/span><\/p>\n<p><b>Amb pinces de la roba<\/b><span style=\"font-weight: 400;\">, que les vagin enganxant en alguna superf\u00edcie. Si teniu de colors, podeu jugar amb aquest fet i treballar els colors. Si s\u00f3n de fusta, tamb\u00e9 podeu pintar-les, per exemple, i jugar despr\u00e9s amb aquestes.<\/span><\/p>\n<p><b>Amb gomes el\u00e0stiques<\/b><span style=\"font-weight: 400;\"> petites podeu fer que les posin en tubs de paper de v\u00e0ter o paper de cuina, per exemple.\u00a0<\/span><\/p>\n<h5><strong>M\u00daSICA<\/strong><\/h5>\n<p><span style=\"font-weight: 400;\">Us animo a escoltar i a aprendre la <\/span><b>can\u00e7\u00f3<\/b><b> \u201cEm quedo a casa\u201d<\/b><span style=\"font-weight: 400;\">, del grup Xiula:<\/span><\/p>\n<p style=\"text-align: center;\"><iframe loading=\"lazy\" src=\"https:\/\/www.youtube.com\/embed\/FDlU71Rfh4g\" width=\"853\" height=\"480\" frameborder=\"0\"><\/iframe><\/p>\n<p><span style=\"font-weight: 400;\">A la p\u00e1gina web del <\/span><b>club super tres<\/b><span style=\"font-weight: 400;\"> hi podeu trobar un apartat de <\/span><b>can\u00e7ons i karaokes<\/b><b>.<\/b><\/p>\n<p><a href=\"https:\/\/www.ccma.cat\/tv3\/super3\/musica\/\"><span style=\"font-weight: 400;\">https:\/\/www.ccma.cat\/tv3\/super3\/musica\/<\/span><\/a><\/p>\n<p><b>Can\u00e7ons <\/b><span style=\"font-weight: 400;\">infantils en catal\u00e0:<\/span><\/p>\n<p style=\"text-align: center;\"><iframe loading=\"lazy\" src=\"https:\/\/www.youtube.com\/embed\/z5VGY1LPyfo\" width=\"853\" height=\"480\" frameborder=\"0\"><\/iframe><\/p>\n<p><span style=\"font-weight: 400;\">Can\u00e7ons de <\/span><b>D\u00e0maris Gelabert<\/b><span style=\"font-weight: 400;\"> al seu\u00a0<\/span><a href=\"https:\/\/www.youtube.com\/channel\/UCh4gZwRHxIetWXbJnp0XefQ\"><span style=\"font-weight: 400;\">canal de Youtube.<\/span><\/a><\/p>\n<p><span style=\"font-weight: 400;\">Can\u00e7ons del <\/span><b>Pot Petit<\/b><span style=\"font-weight: 400;\">:\u00a0<\/span><\/p>\n<p style=\"text-align: center;\"><iframe loading=\"lazy\" src=\"https:\/\/www.youtube.com\/embed\/KEMPzVCLjZg?list=RDEMr965bORNTqk73Wh9r_2IvA\" width=\"853\" height=\"480\" frameborder=\"0\"><\/iframe><\/p>\n<p><span style=\"font-weight: 400;\">Can\u00e7ons de <\/span><b>Jordi Tonietti<\/b><span style=\"font-weight: 400;\">:<\/span><\/p>\n<p style=\"text-align: center;\"><iframe loading=\"lazy\" src=\"https:\/\/www.youtube.com\/embed\/CS8vlU_BMC0\" width=\"640\" height=\"480\" frameborder=\"0\"><\/iframe><\/p>\n<p><span style=\"font-weight: 400;\">Can\u00e7ons de <\/span><b>les Tres Bessones<\/b><span style=\"font-weight: 400;\">:<\/span><\/p>\n<p style=\"text-align: center;\"><iframe loading=\"lazy\" src=\"https:\/\/www.youtube.com\/embed\/xDy-LSh8LAQ?list=RDxDy-LSh8LAQ\" width=\"853\" height=\"480\" frameborder=\"0\"><\/iframe><\/p>\n<p><b>The Penguins<\/b><span style=\"font-weight: 400;\">.\u00a0Reggae Per Xics. Can\u00e7ons al seu\u00a0<\/span><a href=\"https:\/\/www.youtube.com\/playlist?list=PLGNcVuvQ20nIB_jQ09bf-valjArODwwaO\"><span style=\"font-weight: 400;\">canal de Youtube.<\/span><\/a><\/p>\n<p><b>Contes i can\u00e7ons<\/b><span style=\"font-weight: 400;\"> que treballen les emocions i els sentiments:<\/span><\/p>\n<p style=\"text-align: center;\"><iframe loading=\"lazy\" src=\"https:\/\/www.youtube.com\/embed\/qQpi45tyr8A\" width=\"853\" height=\"480\" frameborder=\"0\"><\/iframe><\/p>\n<p><span style=\"font-weight: 400;\">En el portal educatiu <\/span><b>edu365.cat<\/b><span style=\"font-weight: 400;\"> del Departament d\u00b4Educaci\u00f3 de la Generalitat de Catalunya hi podeu trobar diferents <\/span><b>activitats<\/b><span style=\"font-weight: 400;\">, per treballar continguts musicals:\u00a0<\/span><\/p>\n<p><a href=\"http:\/\/www.edu365.cat\/infantil\/musica\/index.html\"><span style=\"font-weight: 400;\">http:\/\/www.edu365.cat\/infantil\/musica\/index.html<\/span><\/a><\/p>\n<p><span style=\"font-weight: 400;\">La\u00a0<\/span><b>D\u00e0maris Gelabert<\/b><span style=\"font-weight: 400;\">\u00a0ofereix <\/span><b>concerts <\/b><span style=\"font-weight: 400;\">en fam\u00edlia per a fam\u00edlies:<\/span><b>\u00a0<\/b><\/p>\n<p><a href=\"https:\/\/www.socpetit.cat\/damarisgelabert\/\"><span style=\"font-weight: 400;\">https:\/\/www.socpetit.cat\/damarisgelabert\/<\/span><\/a><\/p>\n<p><b>L\u00b4Auditori<\/b><span style=\"font-weight: 400;\"> de Barcelona ofereix diferents <\/span><b>concerts<\/b><span style=\"font-weight: 400;\"> a la seva web: Sonets de Joguina\/ Pica-so:<\/span><\/p>\n<p><a href=\"https:\/\/www.auditori.cat\/ca\/sonets-joguina-video\"><span style=\"font-weight: 400;\">https:\/\/www.auditori.cat\/ca\/sonets-joguina-video<\/span><\/a><\/p>\n<p><a href=\"https:\/\/www.auditori.cat\/ca\/video-pica-so\"><span style=\"font-weight: 400;\">https:\/\/www.auditori.cat\/ca\/video-pica-so<\/span><\/a><\/p>\n<p><span style=\"font-weight: 400;\">El<\/span><b> Liceu<\/b><span style=\"font-weight: 400;\"> ofereix<\/span><b>\u00a0espectacles<\/b><span style=\"font-weight: 400;\"> d\u2019El Petit Liceu. Us recomano veure \u201cLa petita flauta m\u00e1gica\u201d, \u201cLa ventafocs\u201d i \u201cPere i el Llop\u201d:<\/span><\/p>\n<p><a href=\"https:\/\/www.socpetit.cat\/el-petit-liceu-a-casa\/\"><span style=\"font-weight: 400;\">https:\/\/www.socpetit.cat\/el-petit-liceu-a-casa\/<\/span><\/a><\/p>\n<p><span style=\"font-weight: 400;\">Podeu preparar una capsa\/rac\u00f3 i\u00a0 anar-hi dipositant diferents materials reciclats que tingueu per casa.\u00a0 Feu servir la vostra <\/span><b>imaginaci\u00f3 i creativitat <\/b><span style=\"font-weight: 400;\">i animeu-se a construir un <\/span><b>instrument musical. <\/b><span style=\"font-weight: 400;\">Aqu\u00ed teniu alguns enlla\u00e7os que us poden ajudar:<\/span><\/p>\n<p style=\"text-align: center;\"><iframe loading=\"lazy\" src=\"https:\/\/www.youtube.com\/embed\/uDxxItlErUI\" width=\"853\" height=\"480\" frameborder=\"0\"><\/iframe><\/p>\n<p style=\"text-align: center;\"><iframe loading=\"lazy\" src=\"https:\/\/www.youtube.com\/embed\/XBOFBKCh0l4\" width=\"640\" height=\"480\" frameborder=\"0\"><\/iframe><\/p>\n<p style=\"text-align: center;\"><iframe loading=\"lazy\" src=\"https:\/\/www.youtube.com\/embed\/8iIsaslPNOw\" width=\"853\" height=\"480\" frameborder=\"0\"><\/iframe><\/p>\n<p style=\"text-align: left;\"><span style=\"font-weight: 400;\">UNA FORTA ABRA\u00c7ADA, ENS VEIEM AVIAT!<\/span><\/p>\n","protected":false},"excerpt":{"rendered":"<p>Benvolgudes fam\u00edlies,\u00a0 Des de l\u2019escola, degut a la situaci\u00f3 que estem patint aquests dies, l\u2019equip d\u2019infantil hem pensat acompanyar-vos\u00a0 donat que no podem veure\u2019ns i, per aix\u00f2, enviem algunes propostes per compartir amb els vostres fills\/es. L\u2019objectiu d\u2019aquest document \u00e9s oferir un recull d\u2019idees per tal que us ajudin a portar millor aquests dies amb [&hellip;]<\/p>\n","protected":false},"author":4,"featured_media":0,"parent":19820,"menu_order":0,"comment_status":"closed","ping_status":"closed","template":"page-templates\/side-menu.php","meta":{"_bbp_topic_count":0,"_bbp_reply_count":0,"_bbp_total_topic_count":0,"_bbp_total_reply_count":0,"_bbp_voice_count":0,"_bbp_anonymous_reply_count":0,"_bbp_topic_count_hidden":0,"_bbp_reply_count_hidden":0,"_bbp_forum_subforum_count":0,"site-sidebar-layout":"default","site-content-layout":"","ast-site-content-layout":"","site-content-style":"default","site-sidebar-style":"default","ast-global-header-display":"","ast-banner-title-visibility":"","ast-main-header-display":"","ast-hfb-above-header-display":"","ast-hfb-below-header-display":"","ast-hfb-mobile-header-display":"","site-post-title":"","ast-breadcrumbs-content":"","ast-featured-img":"","footer-sml-layout":"","theme-transparent-header-meta":"","adv-header-id-meta":"","stick-header-meta":"","header-above-stick-meta":"","header-main-stick-meta":"","header-below-stick-meta":"","astra-migrate-meta-layouts":"default","ast-page-background-enabled":"default","ast-page-background-meta":{"desktop":{"background-color":"var(--ast-global-color-4)","background-image":"","background-repeat":"repeat","background-position":"center center","background-size":"auto","background-attachment":"scroll","background-type":"","background-media":"","overlay-type":"","overlay-color":"","overlay-opacity":"","overlay-gradient":""},"tablet":{"background-color":"","background-image":"","background-repeat":"repeat","background-position":"center center","background-size":"auto","background-attachment":"scroll","background-type":"","background-media":"","overlay-type":"","overlay-color":"","overlay-opacity":"","overlay-gradient":""},"mobile":{"background-color":"","background-image":"","background-repeat":"repeat","background-position":"center center","background-size":"auto","background-attachment":"scroll","background-type":"","background-media":"","overlay-type":"","overlay-color":"","overlay-opacity":"","overlay-gradient":""}},"ast-content-background-meta":{"desktop":{"background-color":"var(--ast-global-color-5)","background-image":"","background-repeat":"repeat","background-position":"center center","background-size":"auto","background-attachment":"scroll","background-type":"","background-media":"","overlay-type":"","overlay-color":"","overlay-opacity":"","overlay-gradient":""},"tablet":{"background-color":"var(--ast-global-color-5)","background-image":"","background-repeat":"repeat","background-position":"center center","background-size":"auto","background-attachment":"scroll","background-type":"","background-media":"","overlay-type":"","overlay-color":"","overlay-opacity":"","overlay-gradient":""},"mobile":{"background-color":"var(--ast-global-color-5)","background-image":"","background-repeat":"repeat","background-position":"center center","background-size":"auto","background-attachment":"scroll","background-type":"","background-media":"","overlay-type":"","overlay-color":"","overlay-opacity":"","overlay-gradient":""}},"footnotes":""},"class_list":["post-19822","page","type-page","status-publish","hentry"],"post_mailing_queue_ids":[],"_links":{"self":[{"href":"https:\/\/agora.xtec.cat\/ceip-timbaler\/wp-json\/wp\/v2\/pages\/19822","targetHints":{"allow":["GET"]}}],"collection":[{"href":"https:\/\/agora.xtec.cat\/ceip-timbaler\/wp-json\/wp\/v2\/pages"}],"about":[{"href":"https:\/\/agora.xtec.cat\/ceip-timbaler\/wp-json\/wp\/v2\/types\/page"}],"author":[{"embeddable":true,"href":"https:\/\/agora.xtec.cat\/ceip-timbaler\/wp-json\/wp\/v2\/users\/4"}],"replies":[{"embeddable":true,"href":"https:\/\/agora.xtec.cat\/ceip-timbaler\/wp-json\/wp\/v2\/comments?post=19822"}],"version-history":[{"count":3,"href":"https:\/\/agora.xtec.cat\/ceip-timbaler\/wp-json\/wp\/v2\/pages\/19822\/revisions"}],"predecessor-version":[{"id":19880,"href":"https:\/\/agora.xtec.cat\/ceip-timbaler\/wp-json\/wp\/v2\/pages\/19822\/revisions\/19880"}],"up":[{"embeddable":true,"href":"https:\/\/agora.xtec.cat\/ceip-timbaler\/wp-json\/wp\/v2\/pages\/19820"}],"wp:attachment":[{"href":"https:\/\/agora.xtec.cat\/ceip-timbaler\/wp-json\/wp\/v2\/media?parent=19822"}],"curies":[{"name":"wp","href":"https:\/\/api.w.org\/{rel}","templated":true}]}}